V/Λ SELECT: Month and Year
OR > Month
Monthly Climatological Summary for Jul 2023
Name: Camberley Weather City: Camberley State: Surrey
Elevation: 268 ft Lat: N 51° 19' 54" Lon: W 000° 45' 11"
Temperature (°C), Rain (mm), Wind Speed (mph)
Heat Cool Avg
Mean Deg Deg Wind Dom
Day Temp High Time Low Time Days Days Rain Speed High Time Dir
----------------------------------------------------------------------------------
01 18.5 22.4 16:50 15.4 23:58 0.8 1.0 0.0 2.9 21.0 13:39 WSW
02 16.6 21.6 16:11 10.5 05:21 2.5 0.7 0.0 2.9 27.0 15:01 WSW
03 15.6 21.4 13:14 11.1 04:03 2.9 0.2 0.2 3.8 21.0 19:10 WSW
04 14.5 18.9 10:35 11.7 23:34 3.8 0.0 8.8 1.7 13.0 01:23 WSW
05 15.2 21.8 15:24 9.2 04:23 3.6 0.5 2.0 2.4 19.0 15:51 WSW
06 16.4 23.4 14:51 8.8 05:05 3.0 1.0 0.0 2.0 21.0 13:40 SW
07 21.0 29.5 14:27 9.3 05:40 2.3 5.0 0.0 1.1 18.0 15:47 SW
08 21.7 25.1 17:37 18.1 23:59 0.0 3.4 1.4 1.0 11.0 12:02 SW
09 18.7 23.5 15:33 15.3 05:07 0.9 1.3 0.0 1.7 16.0 19:00 SW
10 18.5 23.9 14:10 11.8 05:09 1.5 1.7 0.0 3.0 23.0 13:42 SW
11 18.9 23.0 12:37 15.7 06:45 0.6 1.2 0.6 3.5 19.0 15:25 SW
12 17.5 22.9 15:03 12.6 05:11 1.8 1.0 0.2 2.9 18.0 14:19 WSW
13 16.8 22.1 13:20 11.6 05:19 2.3 0.8 0.0 2.0 18.0 18:40 WSW
14 15.7 18.1 19:52 13.2 01:02 2.6 0.0 1.0 1.1 16.0 19:34 WSW
15 17.1 21.5 13:56 14.9 01:03 1.6 0.4 0.6 5.6 30.0 11:29 SW
16 17.2 22.1 12:08 13.1 23:53 2.0 0.8 0.4 4.6 23.0 14:41 WSW
17 17.4 23.2 14:24 12.2 05:01 2.3 1.3 0.4 2.0 15.0 14:29 WSW
18 17.3 23.4 14:59 10.5 05:41 2.6 1.6 0.4 1.4 13.0 14:41 WSW
19 18.9 24.7 14:05 14.4 00:25 1.2 1.8 0.4 1.3 14.0 12:46 W
20 18.0 25.3 15:18 10.3 06:01 2.2 1.9 0.2 0.7 10.0 12:26 NNW
21 16.2 21.3 13:14 10.2 05:46 2.7 0.6 0.0 1.0 15.0 14:57 W
22 14.9 18.3 11:18 11.9 02:09 3.4 0.0 0.0 3.5 20.0 16:40 SW
23 18.7 23.2 14:17 15.2 23:29 1.1 1.5 1.0 3.7 19.0 01:42 WSW
24 15.3 17.5 17:04 13.1 23:59 3.0 0.0 1.0 0.8 12.0 17:25 NE
25 16.0 21.5 14:11 11.0 06:05 2.8 0.5 0.2 0.9 11.0 14:06 NNW
26 15.8 23.6 12:16 8.1 05:29 3.5 1.0 6.4 1.5 17.0 23:25 SW
27 18.8 22.7 14:34 15.4 00:04 0.8 1.3 3.0 3.1 18.0 03:53 WSW
28 18.9 22.8 14:32 16.3 05:29 0.6 1.2 0.0 2.0 14.0 18:05 WSW
29 18.7 23.9 14:27 15.0 23:56 1.1 1.5 0.0 2.9 18.0 13:40 WSW
30 17.0 21.0 09:48 14.0 05:00 1.5 0.3 3.4 4.0 17.0 08:13 WSW
31 17.4 20.7 10:52 14.3 23:52 1.1 0.2 1.6 3.5 18.0 11:35 WSW
----------------------------------------------------------------------------------
17.4 29.5 7 8.1 26 62.0 33.6 33.2 2.4 30.0 15 WSW
Max >= 27.0 1
Max <= 0.0 0
Min <= 0.0 0
Min <= -18.0 0
Max Rain: 8.8 on day 4
Days of Rain: 20 (>= 0.2 mm) 5 (>= 2.0 mm) 0 (>= 20.0 mm)
Heat Base: 18.3 Cool Base: 18.3 Method: Integration