V/Λ SELECT: Month and Year
OR > Month
Monthly Climatological Summary for Feb 2022
Name: Camberley Weather City: Camberley State: Surrey
Elevation: 268 ft Lat: N 51° 19' 54" Lon: W 000° 45' 11"
Temperature (°C), Rain (mm), Wind Speed (mph)
Heat Cool Avg
Mean Deg Deg Wind Dom
Day Temp High Time Low Time Days Days Rain Speed High Time Dir
----------------------------------------------------------------------------------
01 9.9 14.6 14:29 5.7 00:00 8.4 0.0 0.0 3.2 16.0 12:27 W
02 9.6 13.3 15:47 7.2 07:15 8.7 0.0 0.0 1.5 11.0 08:48 W
03 8.7 10.1 16:46 6.7 07:47 9.6 0.0 0.0 3.1 16.0 22:45 WSW
04 6.5 9.7 07:39 3.0 23:28 11.8 0.0 2.8 3.6 22.0 07:25 W
05 6.3 10.6 14:24 0.8 05:52 12.0 0.0 0.0 4.8 29.0 23:53 WSW
06 8.7 12.1 14:20 4.6 23:54 9.6 0.0 2.6 5.8 28.0 12:42 W
07 6.2 10.4 22:28 -0.4 07:38 12.1 0.0 0.0 2.3 16.0 15:18 WSW
08 10.6 12.0 14:13 9.2 23:47 7.7 0.0 0.0 4.5 20.0 13:21 WSW
09 9.8 13.4 13:21 6.8 23:58 8.5 0.0 1.0 2.6 13.0 00:51 WSW
10 5.2 8.2 15:22 -0.1 23:55 13.1 0.0 0.2 0.9 14.0 15:15 W
11 3.0 9.7 13:54 -1.9 06:43 15.3 0.0 0.0 0.5 8.0 14:06 SW
12 5.4 8.8 14:15 1.1 00:00 12.9 0.0 0.0 3.8 25.0 11:27 SW
13 8.1 9.6 20:03 6.7 07:51 10.2 0.0 13.8 5.0 23.0 16:41 SW
14 6.9 9.3 13:43 3.6 23:51 11.4 0.0 1.0 3.7 21.0 13:44 W
15 7.1 9.8 15:21 2.3 03:22 11.2 0.0 3.6 3.1 20.0 12:32 WSW
16 12.3 14.7 11:54 8.9 00:10 6.0 0.0 1.8 7.6 30.0 22:15 WSW
17 9.3 11.7 12:29 7.7 07:41 9.0 0.0 0.2 5.6 28.0 00:42 W
18 7.7 11.1 06:42 3.0 19:26 10.6 0.0 0.2 8.6 45.0 11:40 WSW
19 6.0 10.2 15:40 2.6 05:07 12.4 0.0 4.2 5.8 30.0 13:36 WSW
20 9.6 12.0 14:34 4.7 23:55 8.7 0.0 3.0 8.0 40.0 19:52 WSW
21 7.6 11.6 15:49 4.3 03:04 10.7 0.0 0.0 5.3 30.0 07:57 W
22 8.8 13.6 15:15 4.5 23:24 9.5 0.0 0.0 3.4 25.0 11:49 W
23 6.5 10.8 14:33 0.3 07:22 11.8 0.0 0.0 3.3 20.0 12:06 WSW
24 6.0 8.8 04:49 2.7 22:30 12.3 0.0 2.4 5.0 23.0 08:24 WSW
25 5.6 11.8 14:23 0.5 23:54 12.7 0.0 0.0 2.3 18.0 01:00 W
26 4.6 11.2 14:41 -1.1 06:47 13.7 0.0 0.0 1.4 17.0 12:17 WSW
27 5.7 11.2 14:46 2.4 05:55 12.6 0.0 0.0 1.8 15.0 10:22 N
28 8.7 10.7 15:23 4.7 01:36 9.6 0.0 1.6 2.0 15.0 09:56 SW
----------------------------------------------------------------------------------
7.5 14.7 16 -1.9 11 302.1 0.0 38.4 3.9 45.0 18 WSW
Max >= 27.0 0
Max <= 0.0 0
Min <= 0.0 4
Min <= -18.0 0
Max Rain: 13.8 on day 13
Days of Rain: 14 (>= 0.2 mm) 7 (>= 2.0 mm) 0 (>= 20.0 mm)
Heat Base: 18.3 Cool Base: 18.3 Method: Integration