V/Λ SELECT: Month and Year
OR > Month
Monthly Climatological Summary for Apr 2021
Name: Camberley Weather City: Camberley State: Surrey
Elevation: 268 ft Lat: N 51° 19' 54" Lon: W 000° 45' 11"
Temperature (°C), Rain (mm), Wind Speed (mph)
Heat Cool Avg
Mean Deg Deg Wind Dom
Day Temp High Time Low Time Days Days Rain Speed High Time Dir
----------------------------------------------------------------------------------
01 10.6 15.3 15:29 5.7 23:57 7.7 0.0 0.0 3.3 21.0 12:38 E
02 7.0 11.6 16:12 4.5 05:28 11.3 0.0 0.0 3.8 20.0 15:21 ENE
03 6.6 9.7 15:11 4.7 02:17 11.7 0.0 0.0 2.6 18.0 08:12 ENE
04 7.3 16.2 17:56 -1.4 06:24 11.0 0.0 0.0 1.4 12.0 17:19 W
05 5.7 7.9 16:50 1.2 23:58 12.6 0.0 0.0 2.5 16.0 07:00 NNE
06 2.0 7.8 14:07 -2.6 03:29 16.3 0.0 0.0 1.7 18.0 15:57 N
07 2.2 6.0 17:36 -3.8 06:36 16.2 0.0 0.0 1.1 12.0 11:01 NNW
08 7.1 11.6 14:29 2.5 04:42 11.2 0.0 0.0 2.6 17.0 11:18 WSW
09 8.1 13.9 15:40 3.3 06:52 10.2 0.0 0.0 1.7 12.0 10:15 W
10 5.9 8.2 14:35 3.9 23:57 12.4 0.0 0.2 1.5 15.0 09:38 E
11 3.9 8.6 14:13 0.1 23:56 14.4 0.0 0.8 1.4 14.0 10:32 NNE
12 3.0 10.3 16:46 -1.7 03:39 15.3 0.0 2.0 0.4 8.0 13:34 N
13 4.8 11.4 12:57 -2.3 06:38 13.5 0.0 0.2 0.8 12.0 15:30 WSW
14 6.4 12.3 13:08 1.3 01:06 11.9 0.0 0.0 1.2 13.0 15:58 ENE
15 5.2 10.8 14:37 0.4 06:27 13.1 0.0 0.0 1.5 14.0 17:10 E
16 6.1 12.2 18:10 -1.1 06:13 12.2 0.0 0.0 1.0 13.0 16:02 ENE
17 7.1 14.6 15:50 -2.2 06:48 11.2 0.0 0.0 1.4 12.0 09:53 E
18 8.6 16.8 15:39 -0.7 06:29 9.7 0.0 0.0 0.8 11.0 15:39 E
19 9.9 19.3 15:45 0.3 06:36 8.4 0.0 0.0 0.8 11.0 17:18 SE
20 10.5 18.4 15:27 1.7 06:05 7.8 0.0 0.0 0.9 11.0 12:19 E
21 9.8 14.6 12:45 5.1 05:28 8.5 0.0 0.0 2.8 18.0 12:07 E
22 8.0 15.0 17:31 0.6 06:16 10.3 0.0 0.0 2.7 19.0 16:30 E
23 10.0 19.1 15:26 2.6 04:26 8.3 0.0 0.0 2.8 16.0 11:07 E
24 10.6 22.6 13:00 4.7 06:27 7.3 0.0 0.0 3.5 26.0 14:30 E
25 8.8 15.3 16:16 3.0 05:16 9.5 0.0 0.0 3.9 21.0 09:34 E
26 8.0 14.8 17:10 2.1 04:54 10.3 0.0 0.0 2.9 15.0 07:44 E
27 9.2 17.3 14:44 -0.6 05:52 9.1 0.0 0.0 0.7 9.0 14:35 W
28 7.3 10.5 11:46 5.0 23:42 11.0 0.0 5.0 1.7 15.0 13:57 ENE
29 7.3 11.9 15:02 2.3 06:20 11.0 0.0 0.0 0.8 13.0 09:57 NNE
30 7.6 13.6 15:34 3.3 23:59 10.7 0.0 0.0 0.8 12.0 14:24 SE
----------------------------------------------------------------------------------
7.2 22.6 24 -3.8 7 334.1 0.0 8.2 1.8 26.0 24 ENE
Max >= 27.0 0
Max <= 0.0 0
Min <= 0.0 9
Min <= -18.0 0
Max Rain: 5.0 on day 28
Days of Rain: 5 (>= 0.2 mm) 2 (>= 2.0 mm) 0 (>= 20.0 mm)
Heat Base: 18.3 Cool Base: 18.3 Method: Integration