NOAA-style Climate Reports

   V/Λ SELECT: Month and Year   OR  >   Month
V/Λ2021 > Jan Feb Mar Apr May Jun Jul Aug Sep Oct Nov Dec
V/Λ2020 > Jan Feb Mar Apr May Jun Jul Aug Sep Oct Nov Dec
V/Λ2019 > Jan Feb Mar Apr May Jun Jul Aug Sep Oct Nov Dec
V/Λ2018 > Jan Feb Mar Apr May Jun Jul Aug Sep Oct Nov Dec
V/Λ2017 > Jan Feb Mar Apr May Jun Jul Aug Sep Oct Nov Dec
V/Λ2016 > Jan Feb Mar Apr May Jun Jul Aug Sep Oct Nov Dec
V/Λ2015 > Jan Feb Mar Apr May Jun Jul Aug Sep Oct Nov Dec
V/Λ2014 > Jan Feb Mar Apr May Jun Jul Aug Sep Oct Nov Dec
V/Λ2013 > Jan Feb Mar Apr May Jun Jul Aug Sep Oct Nov Dec
V/Λ2012 > Jan Feb Mar Apr May Jun Jul Aug Sep Oct Nov Dec
V/Λ2011 > Jan Feb Mar Apr May Jun Jul Aug Sep Oct Nov Dec
                   Monthly Climatological Summary for Feb 2021

Name: Camberley Weather   City: Camberley   State: Surrey
Elevation: 268 ft  Lat: N 51° 19' 54"   Lon: W 000° 45' 11"

                  Temperature (°C), Rain (mm), Wind Speed (mph)

                                      Heat  Cool        Avg
    Mean                              Deg   Deg         Wind                 Dom
Day Temp  High   Time   Low    Time   Days  Days  Rain  Speed High   Time    Dir
----------------------------------------------------------------------------------
01   2.9   3.3   23:53   2.5   07:53  15.4   0.0   0.6   0.1  11.0   21:44   ESE
02   9.5  12.9   13:45   3.3   00:00   8.9   0.0   3.6   3.9  23.0   17:10   WSW
03   7.6  10.1   13:19   3.1   23:58  10.7   0.0   2.0   1.6  17.0   01:24   WSW
04   6.2   8.9   15:28   2.6   01:47  12.1   0.0   4.6   0.5   8.0   09:36   SSE
05   6.7   9.3   12:34   3.5   08:10  11.6   0.0   4.0   0.7  11.0   11:46    SW
06   4.2   8.2   14:40   0.4   08:18  14.1   0.0   3.0   0.9  15.0   22:18    NE
07   1.4   3.1   01:37  -1.0   23:56  16.9   0.0   0.0   4.2  26.0   23:02    NE
08  -1.5  -0.9   00:01  -2.1   03:46  19.8   0.0   0.0   3.4  20.0   00:38   ENE
09  -1.0   0.1   13:03  -1.8   01:32  19.3   0.0   0.0   3.3  22.0   15:45     E
10  -0.6   2.8   15:26  -2.9   22:14  18.9   0.0   0.4   2.0  16.0   10:44     E
11  -1.6   0.6   15:14  -3.3   01:10  19.9   0.0   0.0   3.0  20.0   10:05   ESE
12  -1.0   1.9   12:37  -3.3   23:57  19.3   0.0   0.0   4.9  24.0   10:45   ESE
13  -1.3   1.6   22:12  -4.4   07:24  19.6   0.0   0.0   3.0  20.0   13:05     E
14   2.6   4.3   23:50   0.8   00:46  15.7   0.0   0.6   2.5  16.0   05:15    NW
15   8.6  12.6   14:02   4.3   00:00   9.7   0.0   2.2   2.3  15.0   23:26   WSW
16   9.1  11.4   15:45   7.8   23:49   9.2   0.0   1.8   3.3  17.0   04:58   WSW
17   9.5  10.9   11:50   7.8   00:00   8.8   0.0   3.2   5.4  26.0   19:59   WSW
18   7.9  10.6   14:28   4.3   23:54  10.4   0.0   1.0   3.6  20.0   14:58   WSW
19   8.4  11.7   22:06   4.3   00:00   9.9   0.0   0.2   3.7  23.0   12:03    SW
20  12.6  14.1   16:05  10.5   08:23   5.7   0.0   0.0   3.2  26.0   19:07   WSW
21  10.8  13.1   13:00   8.6   23:57   7.5   0.0   0.6   1.0  14.0   00:03    SW
22   8.7   9.7   14:22   6.3   23:59   9.6   0.0   0.4   0.1   6.0   22:49    SW
23   9.6  13.6   14:13   4.3   03:16   8.6   0.0   0.0   4.7  28.0   20:36   WSW
24  13.2  14.9   13:07  11.6   07:53   5.1   0.0   0.0   4.8  26.0   05:45   WSW
25   9.3  12.3   00:00   3.1   23:57   9.1   0.0   0.0   1.3  17.0   02:20     W
----------------------------------------------------------------------------------
     5.7  14.9    24    -4.4    13   315.8   0.0  28.2   2.7  28.0    23      SW

Max >=  27.0  0
Max <=   0.0  1
Min <=   0.0  7
Min <= -18.0  0
Max Rain: 4.6 on day 4
Days of Rain: 15 (>= 0.2 mm)  7 (>= 2.0 mm)  0 (>= 20.0 mm)
Heat Base: 18.3  Cool Base: 18.3  Method: Integration

Powered by Davis Vantage Pro2 and  CumulusMX  v3.9.7 (b3107)    Template by  Silver Acorn   MXUI v 2.1.6      Valid HTML5