NOAA Style Reports for Camberley

camberley weather

Select a Year or Month report
V/Λ2020 > Jan Feb Mar Apr May Jun Jul Aug Sep Oct Nov Dec
V/Λ2019 > Jan Feb Mar Apr May Jun Jul Aug Sep Oct Nov Dec
V/Λ2018 > Jan Feb Mar Apr May Jun Jul Aug Sep Oct Nov Dec
V/Λ2017 > Jan Feb Mar Apr May Jun Jul Aug Sep Oct Nov Dec
V/Λ2016 > Jan Feb Mar Apr May Jun Jul Aug Sep Oct Nov Dec
V/Λ2015 > Jan Feb Mar Apr May Jun Jul Aug Sep Oct Nov Dec
V/Λ2014 > Jan Feb Mar Apr May Jun Jul Aug Sep Oct Nov Dec
V/Λ2013 > Jan Feb Mar Apr May Jun Jul Aug Sep Oct Nov Dec
V/Λ2012 > Jan Feb Mar Apr May Jun Jul Aug Sep Oct Nov Dec
V/Λ2011 > Jan Feb Mar Apr May Jun Jul Aug Sep Oct Nov Dec

Report for 2019 Dec
                   Monthly Climatological Summary for Dec 2019

Name: camberley weather   City: Camberley   County: Surrey   Country: UK, England
Elevation: 268 ft  Lat: N 51 19 54   Lon: W 000 45 11

                  Temperature (°C), Rain (mm), Wind Speed (kts)

                                      Heat  Cool        Avg
    Mean                              Deg   Deg         Wind                 Dom
Day Temp  High   Time   Low    Time   Days  Days  Rain  Speed High   Time    Dir
----------------------------------------------------------------------------------
01   3.5   7.4   12:57   0.3   23:57  14.7   0.0   0.0   1.4  12.0   12:26    NE
02   1.0   7.7   14:53  -2.6   06:40  17.3   0.0   0.0   0.3   5.0   12:17   WNW
03   3.7   9.6   14:31   0.7   00:00  14.5   0.0   0.0   0.5   8.0   13:09   WSW
04   1.8   8.3   14:23  -1.5   08:04  16.5   0.0   0.2   0.1   7.0   11:47   SSE
05   4.2   9.9   22:47  -2.1   03:33  14.0   0.0   0.0   1.9  15.0   14:00   WSW
06  10.7  12.8   13:02   7.8   22:21   7.6   0.0   2.4   4.3  19.0   12:09   WSW
07   9.3  10.9   13:20   7.1   06:34   9.0   0.0   0.0   3.1  22.0   23:15   WSW
08   8.7  11.6   04:45   5.8   15:16   9.6   0.0   5.2   5.4  21.0   00:25   WSW
09   6.4   9.2   12:08   0.1   23:24  11.9   0.0   0.0   2.5  20.0   04:08    NW
10   6.6  11.7   19:14  -0.7   00:44  11.7   0.0   5.0   3.6  28.0   18:49   WSW
11   4.4   7.2   12:35   0.8   23:06  13.9   0.0   0.0   1.6  12.0   13:35   WSW
12   5.4   8.8   13:44   0.2   03:35  12.9   0.0   9.6   1.9  16.0   13:43   WSW
13   6.6   8.2   12:33   5.1   23:45  11.7   0.0   3.0   3.3  19.0   13:32     W
14   6.1   8.4   20:36   3.9   02:19  12.2   0.0  13.6   3.9  26.0   10:00   WSW
15   6.9   9.7   14:39   4.8   04:39  11.4   0.0   5.6   4.3  23.0   12:58   WSW
16   7.0   8.4   13:57   5.6   00:00  11.3   0.0   1.0   0.8  10.0   00:48    SW
17   5.9   7.1   12:59   3.4   21:52  12.4   0.0   2.6   0.3   5.0   12:35   WSW
18   6.2   9.6   23:40   1.9   05:13  12.1   0.0   4.8   1.4  10.0   16:11    NW
19  10.8  12.4   12:08   8.6   23:59   7.5   0.0  10.2   2.5  21.0   15:13     W
20   7.5   9.6   13:19   4.1   22:00  10.8   0.0   7.4   1.7  14.0   12:01   WSW
21   7.8   9.8   13:30   5.9   00:00  10.5   0.0  12.0   1.9  14.0   05:15    SW
22   7.5   8.8   13:57   6.4   21:40  10.8   0.0   2.2   2.3  12.0   11:54     W
23   8.0  10.0   12:28   6.3   00:43  10.3   0.0   0.0   2.7  16.0   11:58   WSW
24   9.1  11.4   12:42   7.4   02:18   9.2   0.0   1.8   3.2  20.0   14:21     W
25   4.3   9.6   14:58   0.3   20:52  14.0   0.0   0.0   0.4   7.0   00:59   NNW
26   7.2  10.2   14:47   2.8   01:01  11.1   0.0   2.8   2.5  23.0   13:40     W
27   6.5   7.4   00:25   5.8   03:53  11.8   0.0   0.0   0.4   7.0   01:18     N
28   7.9   9.2   13:50   6.8   00:37  10.4   0.0   0.0   0.9  10.0   23:24   WSW
29   6.8   9.1   13:52   4.1   23:53  11.5   0.0   0.0   1.5  10.0   14:15    SW
30   6.3  11.8   14:19   1.9   02:29  11.7   0.0   0.0   0.8   9.0   11:55   WSW
31   6.8   9.0   17:05   4.2   23:59  11.5   0.0   0.2   1.8  12.0   16:53   ESE
----------------------------------------------------------------------------------
     6.5  12.8     6    -2.6     2   365.8   0.0  89.6   2.0  28.0    10     WSW

Max >=  27.0  0
Max <=   0.0  0
Min <=   0.0  4
Min <= -18.0  0
Max Rain: 13.6 on day 14
Days of Rain: 18 (>= 0.2 mm)  14 (>= 2.0 mm)  0 (>= 20.0 mm)
Heat Base: 18.3  Cool Base: 18.3  Method: Integration