NOAA Style Reports for Camberley

camberley weather

Select a Year or Month report

Report for 2019 Nov
                   Monthly Climatological Summary for Nov 2019

Name: camberley weather   City: Camberley   County: Surrey   Country: UK, England
Elevation: 268 ft  Lat: N 51 19 54   Lon: W 000 45 11

                  Temperature (°C), Rain (mm), Wind Speed (kts)

                                      Heat  Cool        Avg
    Mean                              Deg   Deg         Wind                 Dom
Day Temp  High   Time   Low    Time   Days  Days  Rain  Speed High   Time    Dir
----------------------------------------------------------------------------------
01  13.1  15.4   13:20   9.1   00:00   5.2   0.0   1.8   1.9  17.0   22:08   WSW
02  11.2  13.8   00:04   8.6   23:58   7.0   0.0   6.0   4.6  25.0   11:11   WSW
03   8.3  11.9   12:04   4.2   07:19  10.0   0.0   0.4   1.0  13.0   21:28   WSW
04   8.3  12.1   13:32   5.9   06:54  10.0   0.0   3.2   0.3   7.0   13:47     E
05   9.1  11.8   14:02   7.3   02:21   9.1   0.0   0.4   1.2   8.0   02:56   NNE
06   6.1   9.6   12:51   1.8   07:11  12.2   0.0   1.0   0.4  10.0   23:38   SSE
07   6.5  10.4   13:29   0.9   23:46  11.8   0.0   6.2   1.9  13.0   10:34   WSW
08   3.1   7.2   14:08  -1.2   04:10  15.2   0.0   0.2   0.3   4.0   14:18     N
09   3.8   6.7   20:17  -1.4   06:29  14.5   0.0   7.4   1.0  10.0   13:30   ESE
10   6.4  10.4   15:14   3.8   20:59  11.6   0.0   1.4   1.3  12.0   05:14     E
11   6.7   9.8   13:25   3.9   21:53  11.5   0.0   1.8   2.3  14.0   12:36     W
12   5.8   8.5   12:01   2.7   07:19  12.4   0.0   1.0   2.9  19.0   12:40     W
13   5.3   8.7   14:06   1.3   07:55  13.0   0.0   8.0   1.2  12.0   19:23     S
14   4.7   8.2   14:48   2.7   06:51  13.6   0.0   6.4   0.6   7.0   01:57   ESE
15   5.6   8.1   13:53   3.3   01:53  12.7   0.0   2.0   1.7  13.0   18:14   NNE
16   5.3   7.4   12:15   1.7   23:58  13.0   0.0   1.8   0.6  11.0   00:08     E
17   3.2   8.3   13:11  -0.3   07:27  15.1   0.0   0.0   0.0   3.0   12:01   NNE
18   4.9   9.3   14:37  -0.8   23:56  13.4   0.0   0.2   0.9  10.0   02:43     N
19   2.5   6.7   14:50  -2.6   04:16  15.8   0.0   0.0   0.2   8.0   23:17    SE
20   5.3   7.4   13:29   3.1   20:57  13.0   0.0   0.0   2.2  17.0   13:45   ESE
21   4.7   6.2   23:56   3.6   10:22  13.5   0.0   1.8   3.0  14.0   07:47   ESE
22   7.3   8.9   13:34   5.9   03:46  11.0   0.0   4.4   2.0  12.0   18:57   ESE
23   8.7  10.2   17:56   6.7   23:32   9.6   0.0   6.2   2.4  13.0   18:09     E
24   9.2  10.8   13:49   6.7   00:07   9.1   0.0   0.4   0.5   8.0   21:08    SW
25  10.5  11.4   15:26   9.1   02:16   7.8   0.0   2.2   1.2  10.0   21:33   WSW
26  10.8  12.9   14:24   9.4   04:10   7.5   0.0   2.8   1.8  16.0   09:43   WSW
27   9.7  11.1   13:44   8.4   23:58   8.6   0.0   3.0   1.1  10.0   18:36   WSW
28   8.2  10.1   12:05   6.0   23:50  10.1   0.0   1.2   1.4  11.0   20:42   WNW
29   3.6   7.9   14:21  -0.9   23:55  14.7   0.0   0.4   0.3   5.0   10:26    NE
30   2.7   6.1   13:16  -1.2   00:36  15.6   0.0   0.2   2.0  10.0   13:18     E
----------------------------------------------------------------------------------
     6.7  15.4     1    -2.6    19   347.6   0.0  71.8   1.4  25.0     2     SSW

Max >=  27.0  0
Max <=   0.0  0
Min <=   0.0  7
Min <= -18.0  0
Max Rain: 8.0 on day 13
Days of Rain: 27 (>= 0.2 mm)  12 (>= 2.0 mm)  0 (>= 20.0 mm)
Heat Base: 18.3  Cool Base: 18.3  Method: Integration