NOAA Style Reports for Camberley

camberley weather

Select a Year or Month report

Report for 2019 Sep
                   Monthly Climatological Summary for Sep 2019

Name: camberley weather   City: Camberley   County: Surrey   Country: UK, England
Elevation: 268 ft  Lat: N 51 19 54   Lon: W 000 45 11

                  Temperature (°C), Rain (mm), Wind Speed (kts)

                                      Heat  Cool        Avg
    Mean                              Deg   Deg         Wind                 Dom
Day Temp  High   Time   Low    Time   Days  Days  Rain  Speed High   Time    Dir
----------------------------------------------------------------------------------
01  14.6  21.0   16:44   9.4   05:56   4.0   0.3   0.0   1.1  10.0   11:45    NW
02  14.5  21.6   13:55   7.0   05:32   4.2   0.4   0.0   1.7  15.0   16:38   WSW
03  16.7  19.3   18:07  14.5   07:33   1.7   0.1   0.0   2.6  13.0   12:39   WSW
04  16.3  20.0   15:27  12.8   23:56   2.1   0.1   6.2   3.1  20.0   16:08     W
05  13.8  17.9   15:27   9.2   23:58   4.5   0.0   0.0   1.3  12.0   10:13     N
06  12.3  18.0   16:27   7.4   03:02   6.0   0.0   1.4   1.6  16.0   16:27   WSW
07  13.0  18.2   15:55   9.1   23:58   5.3   0.0   0.2   0.8  12.0   16:52   NNE
08  11.6  19.1   17:06   4.3   06:33   6.7   0.0   0.0   0.6  10.0   12:08   NNE
09  12.8  15.2   10:29  11.1   23:57   5.5   0.0   2.8   0.6  10.0   16:14    SW
10  13.8  20.6   13:53   8.8   08:07   4.6   0.1   0.0   0.8   9.0   14:12     W
11  16.6  20.3   17:29  13.0   03:12   2.2   0.4   0.0   3.0  16.0   13:11   WSW
12  17.5  23.3   13:44  12.7   06:05   1.9   1.1   0.0   2.2  15.0   12:43   WSW
13  17.0  22.8   16:40  12.2   07:33   2.1   0.8   0.2   1.5   9.0   11:50   ENE
14  15.4  25.6   16:39   6.6   07:11   4.4   1.6   0.0   0.4   6.0   10:34    SE
15  16.7  26.7   15:52   7.6   07:08   3.8   2.3   0.0   0.7  10.0   13:20   WNW
16  16.6  19.9   14:46  14.1   23:56   1.9   0.2   0.0   0.7  10.0   10:21    NW
17  13.1  20.2   17:00   8.2   07:11   4.1   0.1   0.0   0.9  10.0   18:22   ENE
18  12.7  20.4   17:26   5.2   06:34   5.9   0.2   0.0   0.9  10.0   13:08     E
19  13.7  22.3   16:36   5.3   06:48   5.4   0.7   0.0   0.9   9.0   14:38   ESE
20  15.1  23.1   16:13   9.8   06:51   3.9   0.7   0.0   2.4  16.0   11:39   ESE
21  18.0  26.8   16:09  11.3   06:50   2.4   2.1   0.0   2.4  13.0   13:22   ESE
22  17.0  21.6   10:47  12.9   23:18   1.5   0.2   7.4   1.2  12.0   18:58    SW
23  15.0  19.4   13:10  12.2   07:19   3.3   0.0   2.4   2.2  15.0   13:35   WSW
24  16.6  20.2   14:50  14.6   21:31   1.8   0.1  23.2   2.3  17.0   15:32   WSW
25  16.3  20.5   14:51  14.5   03:57   2.2   0.2   3.6   2.9  17.0   16:13   WSW
26  16.5  20.0   15:14  13.4   22:46   1.9   0.1   4.8   3.0  15.0   18:13   WSW
27  14.6  17.7   16:04  12.2   23:56   3.7   0.0   1.2   3.4  18.0   14:51   WSW
28  14.8  18.8   13:51  11.7   02:22   3.5   0.0   3.0   3.5  20.0   11:51   WSW
29  15.7  18.6   12:49  12.4   23:58   2.6   0.0   4.2   3.5  18.0   02:11   WSW
30  13.7  17.4   14:20   8.7   04:43   4.6   0.0   4.8   1.5  11.0   17:38   WSW
----------------------------------------------------------------------------------
    15.1  26.8    21     4.3     8   107.7  11.8  65.4   1.8  20.0     4     WSW

Max >=  27.0  0
Max <=   0.0  0
Min <=   0.0  0
Min <= -18.0  0
Max Rain: 23.2 on day 24
Days of Rain: 14 (>= 0.2 mm)  10 (>= 2.0 mm)  1 (>= 20.0 mm)
Heat Base: 18.3  Cool Base: 18.3  Method: Integration