NOAA Style Reports for Camberley

camberley weather

Select a Year or Month report

Report for 2019 Aug
                   Monthly Climatological Summary for Aug 2019

Name: camberley weather   City: Camberley   County: Surrey   Country: UK, England
Elevation: 268 ft  Lat: N 51 19 54   Lon: W 000 45 11

                  Temperature (°C), Rain (mm), Wind Speed (kts)

                                      Heat  Cool        Avg
    Mean                              Deg   Deg         Wind                 Dom
Day Temp  High   Time   Low    Time   Days  Days  Rain  Speed High   Time    Dir
----------------------------------------------------------------------------------
01  18.5  25.6   17:18  11.4   05:38   1.9   2.1   0.2   0.7   9.0   20:31   NNW
02  20.1  27.1   16:25  14.6   06:06   0.7   2.5   0.0   1.0   9.0   08:48   ENE
03  19.9  25.1   15:47  14.9   05:26   0.7   2.2   0.0   0.9   7.0   00:11     S
04  19.6  26.9   15:23  13.9   04:08   1.1   2.4   0.0   1.5  11.0   15:13   WSW
05  19.3  25.3   14:11  15.9   23:57   0.9   1.9   0.4   2.5  13.0   16:20   WSW
06  18.8  23.4   15:32  15.2   05:14   1.0   1.5   0.0   3.0  17.0   12:22   WSW
07  18.2  22.6   15:18  14.4   05:08   1.2   1.2   0.0   2.7  16.0   15:18   WSW
08  18.4  23.8   18:26  12.7   05:01   1.5   1.6   1.0   1.0   9.0   18:26    SW
09  19.5  23.1   12:47  16.9   01:41   0.2   1.4   3.0   3.4  21.0   17:51   WSW
10  18.2  21.4   16:59  15.8   23:58   0.8   0.7   1.2   6.0  27.0   11:51   WSW
11  17.6  21.8   16:13  14.3   23:59   1.5   0.8   0.0   3.2  21.0   14:24   WSW
12  15.2  18.8   18:11  12.4   23:56   3.1   0.0   0.8   0.8   8.0   11:41   WNW
13  15.7  22.3   16:56  10.0   06:20   3.3   0.7   0.0   1.6  11.0   14:40     W
14  15.4  17.1   18:56  13.5   12:14   2.9   0.0   9.4   1.8  13.0   13:31   WSW
15  17.7  22.3   15:15  13.5   23:59   1.4   0.8   0.0   2.6  15.0   11:13     W
16  15.2  17.7   10:32  11.5   03:40   3.1   0.0   4.8   2.3  18.0   12:40   WSW
17  17.8  22.9   16:21  14.2   06:28   1.3   0.7   0.6   2.8  15.0   13:46   WSW
18  16.1  21.4   16:21  13.3   23:52   2.5   0.4   4.4   2.2  15.0   16:23   WSW
19  15.8  20.8   17:36  12.6   02:53   2.8   0.3   1.6   2.6  15.0   07:37   WSW
20  15.7  21.7   16:19   9.9   04:57   3.3   0.6   0.0   1.5  13.0   14:42     W
21  15.9  23.1   15:15   8.6   05:55   3.5   1.1   0.0   1.3  10.0   13:57   WSW
22  17.6  23.5   17:42  11.8   06:08   2.2   1.5   0.0   1.9  11.0   09:19   WSW
23  19.6  28.4   17:15  12.1   06:22   1.9   3.2   0.0   0.3  10.0   14:52   WSW
24  20.3  30.9   16:50  10.2   06:19   2.4   4.4   0.0   0.5  10.0   12:25    SW
25  23.6  33.4   16:00  15.1   06:48   0.8   6.1   0.0   0.7   9.0   12:30   WSW
26  23.0  32.2   15:34  14.2   06:30   0.8   5.5   0.0   0.6  12.0   14:19    SW
27  22.9  33.2   15:17  14.9   06:06   0.8   5.4   0.0   0.6  12.0   17:22   WSW
28  19.7  24.7   14:27  16.8   23:59   0.2   1.6   0.4   1.7  13.0   12:30   WSW
29  16.6  22.9   15:20  10.5   06:43   2.7   1.0   0.0   1.9  14.0   14:42   WSW
30  17.4  23.9   15:00  12.0   04:09   2.2   1.4   0.0   1.9  13.0   17:16   WSW
31  16.0  22.3   13:08  11.7   04:59   2.8   0.5   0.2   1.7  15.0   14:23   WSW
----------------------------------------------------------------------------------
    18.2  33.4    25     8.6    21    55.5  53.5  28.0   1.8  27.0    10     WSW

Max >=  27.0  6
Max <=   0.0  0
Min <=   0.0  0
Min <= -18.0  0
Max Rain: 9.4 on day 14
Days of Rain: 13 (>= 0.2 mm)  4 (>= 2.0 mm)  0 (>= 20.0 mm)
Heat Base: 18.3  Cool Base: 18.3  Method: Integration