NOAA Style Reports for Camberley

camberley weather

Select a Year or Month report
V/Λ2020 > Jan Feb Mar Apr May Jun Jul Aug Sep Oct Nov Dec
V/Λ2019 > Jan Feb Mar Apr May Jun Jul Aug Sep Oct Nov Dec
V/Λ2018 > Jan Feb Mar Apr May Jun Jul Aug Sep Oct Nov Dec
V/Λ2017 > Jan Feb Mar Apr May Jun Jul Aug Sep Oct Nov Dec
V/Λ2016 > Jan Feb Mar Apr May Jun Jul Aug Sep Oct Nov Dec
V/Λ2015 > Jan Feb Mar Apr May Jun Jul Aug Sep Oct Nov Dec
V/Λ2014 > Jan Feb Mar Apr May Jun Jul Aug Sep Oct Nov Dec
V/Λ2013 > Jan Feb Mar Apr May Jun Jul Aug Sep Oct Nov Dec
V/Λ2012 > Jan Feb Mar Apr May Jun Jul Aug Sep Oct Nov Dec
V/Λ2011 > Jan Feb Mar Apr May Jun Jul Aug Sep Oct Nov Dec

Report for 2019 Jul
                   Monthly Climatological Summary for Jul 2019

Name: camberley weather   City: Camberley   County: Surrey   Country: UK, England
Elevation: 268 ft  Lat: N 51 19 54   Lon: W 000 45 11

                  Temperature (°C), Rain (mm), Wind Speed (kts)

                                      Heat  Cool        Avg
    Mean                              Deg   Deg         Wind                 Dom
Day Temp  High   Time   Low    Time   Days  Days  Rain  Speed High   Time    Dir
----------------------------------------------------------------------------------
01  17.5  22.6   15:15  12.8   03:00   1.7   0.9   0.0   1.9  11.0   06:18   WNW
02  16.6  21.9   18:04   9.7   05:13   2.6   0.9   0.0   1.0  10.0   09:56    NE
03  18.0  25.2   17:02  11.4   05:34   2.1   1.8   0.0   1.5  11.0   15:33     E
04  19.6  27.6   16:29   9.8   05:25   1.9   3.2   0.0   0.9   8.0   10:19   ENE
05  20.8  27.3   16:58  13.6   05:41   0.8   3.3   0.0   0.7   9.0   13:26   WNW
06  19.6  25.3   13:42  12.9   05:08   1.0   2.3   0.0   1.0   9.0   14:47    NE
07  17.5  23.3   18:19  15.3   10:41   1.5   0.7   1.2   1.3   9.0   14:12    SE
08  18.4  24.2   16:58  13.2   06:01   1.4   1.5   0.0   1.2   9.0   15:04    SW
09  19.7  26.2   16:51  15.1   04:57   0.9   2.4   0.0   1.4  10.0   11:43   WSW
10  20.2  24.6   16:10  15.7   05:52   0.5   2.3   0.0   1.4  10.0   16:35   WSW
11  20.2  26.1   17:10  15.6   05:45   0.6   2.5   0.0   1.4  11.0   18:12     W
12  20.4  26.0   15:49  16.2   05:38   0.4   2.5   0.0   1.8  11.0   14:42   NNW
13  18.7  24.3   17:44  13.6   05:32   1.3   1.6   0.0   1.1  10.0   18:15   NNE
14  17.0  22.2   17:53  13.2   05:00   1.9   0.6   0.0   1.4  11.0   12:47     E
15  16.7  23.5   17:17   9.9   04:42   2.8   1.2   0.0   1.1  10.0   09:30     E
16  18.8  28.1   16:23   9.9   05:13   2.2   2.8   0.0   1.1  10.0   19:15   WSW
17  19.3  25.3   13:37  12.1   05:40   1.5   2.4   0.0   1.4  10.0   18:51   WSW
18  18.6  23.3   18:01  15.2   23:58   1.0   1.3   0.6   2.0  16.0   18:52   WSW
19  15.6  18.3   16:14  11.1   04:16   2.7   0.0   6.0   1.6  13.0   14:36   WSW
20  19.2  24.5   15:58  15.0   23:58   0.8   1.7   6.8   2.9  15.0   11:52   WSW
21  17.8  23.1   16:01  11.1   05:37   2.0   1.5   0.0   1.9  14.0   11:02   WSW
22  21.1  27.3   16:42  15.8   00:09   0.4   3.3   0.0   2.4  10.0   01:53   WSW
23  25.0  34.2   16:55  14.7   05:58   0.6   7.4   0.0   1.4  11.0   14:21    SE
24  24.8  31.7   16:06  18.8   05:08   0.0   6.5   4.4   1.8  12.0   00:03   WSW
25  27.5  37.7   15:45  18.9   04:06   0.0   9.2   0.0   1.1  15.0   14:10   WSW
26  21.6  25.3   15:45  17.8   23:59   0.0   3.3   2.6   1.6  10.0   07:23   WSW
27  17.5  19.8   15:44  15.7   23:57   1.1   0.2   4.2   0.9   9.0   18:39   NNW
28  18.5  24.3   17:36  14.1   05:40   1.4   1.6   0.0   1.9  12.0   10:33     W
29  19.7  26.6   17:24  11.7   05:45   1.6   2.9   0.0   1.4  13.0   13:11    SW
30  17.6  19.4   00:00  16.3   23:52   0.8   0.1   4.0   2.5  17.0   17:15     W
31  18.8  23.9   16:40  15.3   23:58   1.0   1.5   0.0   3.2  18.0   12:55   WSW
----------------------------------------------------------------------------------
    19.4  37.7    25     9.7     2    38.5  73.4  29.8   1.5  18.0    31     WSW

Max >=  27.0  7
Max <=   0.0  0
Min <=   0.0  0
Min <= -18.0  0
Max Rain: 6.8 on day 20
Days of Rain: 8 (>= 0.2 mm)  6 (>= 2.0 mm)  0 (>= 20.0 mm)
Heat Base: 18.3  Cool Base: 18.3  Method: Integration