NOAA Style Reports for Camberley

camberley weather

Select a Year or Month report
V/Λ2019 > Jan Feb Mar Apr May Jun Jul Aug Sep Oct Nov Dec
V/Λ2018 > Jan Feb Mar Apr May Jun Jul Aug Sep Oct Nov Dec
V/Λ2017 > Jan Feb Mar Apr May Jun Jul Aug Sep Oct Nov Dec
V/Λ2016 > Jan Feb Mar Apr May Jun Jul Aug Sep Oct Nov Dec
V/Λ2015 > Jan Feb Mar Apr May Jun Jul Aug Sep Oct Nov Dec
V/Λ2014 > Jan Feb Mar Apr May Jun Jul Aug Sep Oct Nov Dec
V/Λ2013 > Jan Feb Mar Apr May Jun Jul Aug Sep Oct Nov Dec
V/Λ2012 > Jan Feb Mar Apr May Jun Jul Aug Sep Oct Nov Dec
V/Λ2011 > Jan Feb Mar Apr May Jun Jul Aug Sep Oct Nov Dec

Report for 2019 Jun
                   Monthly Climatological Summary for Jun 2019

Name: camberley weather   City: Camberley   County: Surrey   Country: UK, England
Elevation: 268 ft  Lat: N 51 19 54   Lon: W 000 45 11

                  Temperature (°C), Rain (mm), Wind Speed (kts)

                                      Heat  Cool        Avg
    Mean                              Deg   Deg         Wind                 Dom
Day Temp  High   Time   Low    Time   Days  Days  Rain  Speed High   Time    Dir
----------------------------------------------------------------------------------
01  18.9  26.9   16:47   9.1   05:30   2.5   3.1   0.0   1.3  12.0   15:30   WSW
02  18.9  25.2   13:53  13.4   23:56   1.0   1.7   0.0   2.1  17.0   16:39   WSW
03  14.8  20.8   13:49   9.8   04:51   3.6   0.2   0.0   2.4  14.0   11:29   WSW
04  13.9  17.6   13:28  10.4   02:29   4.4   0.0   1.2   1.6  15.0   11:20     S
05  14.6  18.3   14:18  11.0   05:53   3.7   0.0   0.0   2.4  13.0   10:40   WSW
06  14.1  19.8   16:53   8.8   05:47   4.3   0.1   0.0   1.9  16.0   13:33   WSW
07  13.1  19.5   16:32  11.6   00:51   5.2   0.0   7.4   2.1  13.0   10:49     E
08  13.6  18.1   17:27  10.4   04:19   4.7   0.0   1.2   4.0  20.0   12:59   WSW
09  13.2  20.0   13:56   6.5   05:39   5.2   0.1   2.8   1.0  11.0   18:57   WSW
10  10.4  12.4   11:06   9.0   18:16   7.9   0.0  26.4   0.8  10.0   16:12    NE
11  12.7  17.6   12:56  10.1   00:19   5.6   0.0   2.6   1.7  11.0   00:47    NE
12  12.2  15.6   12:54  10.3   04:03   6.0   0.0   6.0   1.0  10.0   04:29    NE
13  11.9  13.4   18:00  10.9   04:03   6.4   0.0   6.6   2.3  17.0   14:30   WSW
14  14.7  19.1   16:22  11.7   00:00   3.6   0.0   1.0   2.8  17.0   13:16   WSW
15  14.1  18.1   17:11  10.1   05:38   4.2   0.0   0.2   2.0  16.0   14:30   WSW
16  14.6  19.6   13:54   8.8   04:44   3.8   0.1   0.4   2.7  21.0   15:53   WSW
17  16.1  20.7   14:46  11.4   05:19   2.6   0.4   0.0   2.3  14.0   10:11   WSW
18  14.6  18.7   10:16   9.6   05:06   3.7   0.0   3.4   0.5   7.0   12:32   ESE
19  16.1  19.2   12:28  13.6   05:06   2.3   0.1   2.4   0.5   6.0   18:17    NW
20  15.0  19.7   16:21  11.0   05:38   3.3   0.0   0.2   2.2  13.0   15:12   WSW
21  15.3  21.3   13:32   7.9   05:22   3.5   0.5   0.0   1.4  10.0   13:07     W
22  16.7  23.8   15:52   8.8   05:23   3.1   1.5   0.0   1.3  10.0   13:02    SW
23  18.2  24.5   14:43  12.4   03:25   1.8   1.6   0.0   2.3  13.0   15:25     E
24  20.7  26.2   16:01  16.2   05:24   0.3   2.7   0.0   0.9   8.0   14:44   WSW
25  19.5  22.8   14:42  16.7   05:40   0.4   1.5   3.6   0.7   8.0   20:52    NE
26  17.5  22.6   16:01  14.4   23:56   1.5   0.7   0.0   2.6  18.0   14:22     E
27  17.6  24.3   16:24  12.7   06:22   2.2   1.5   0.0   3.7  18.0   14:48     E
28  18.4  25.4   15:47  13.1   02:46   1.8   1.9   0.0   3.0  16.0   06:28     E
29  24.3  34.7   15:23  13.9   04:47   1.1   7.1   0.0   1.8  12.0   12:50   WSW
30  18.9  24.0   15:24  13.8   05:18   1.0   1.6   0.0   2.4  13.0   10:03     W
----------------------------------------------------------------------------------
    15.8  34.7    29     6.5     9   100.7  26.4  65.4   1.9  21.0    16      SW

Max >=  27.0  1
Max <=   0.0  0
Min <=   0.0  0
Min <= -18.0  0
Max Rain: 26.4 on day 10
Days of Rain: 15 (>= 0.2 mm)  9 (>= 2.0 mm)  1 (>= 20.0 mm)
Heat Base: 18.3  Cool Base: 18.3  Method: Integration