NOAA Style Reports for Camberley

camberley weather

Select a Year or Month report

Report for 2019 May
                   Monthly Climatological Summary for May 2019

Name: camberley weather   City: Camberley   County: Surrey   Country: UK, England
Elevation: 268 ft  Lat: N 51 19 54   Lon: W 000 45 11

                  Temperature (°C), Rain (mm), Wind Speed (kts)

                                      Heat  Cool        Avg
    Mean                              Deg   Deg         Wind                 Dom
Day Temp  High   Time   Low    Time   Days  Days  Rain  Speed High   Time    Dir
----------------------------------------------------------------------------------
01  11.8  17.8   15:42   6.5   06:18   6.5   0.0   0.0   0.8   8.0   14:53     W
02  10.5  15.3   12:45   6.9   23:00   7.8   0.0   5.2   1.1  11.0   10:33    NW
03   8.9  15.2   16:54   5.2   03:23   9.3   0.0   0.0   0.9  10.0   21:24   NNW
04   7.3  11.7   14:32   3.9   04:54  11.0   0.0   0.2   1.9  19.0   13:17   NNE
05   7.7  12.3   16:55   1.2   05:57  10.6   0.0   0.0   0.8   9.0   10:10   NNE
06   9.1  11.9   15:02   4.1   06:12   9.2   0.0   0.0   0.9  10.0   13:28    NW
07  10.9  16.4   16:23   4.6   05:53   7.4   0.0   0.0   1.3  13.0   16:46    SW
08  10.5  14.7   13:19   7.9   04:40   7.8   0.0   9.8   2.4  20.0   13:42    SW
09   9.2  13.8   12:45   4.4   05:45   9.1   0.0  11.0   1.0  11.0   14:12     W
10  10.5  17.4   16:48   4.2   03:55   7.8   0.0   0.0   0.7   8.0   13:54   WSW
11  10.9  17.1   16:35   6.3   03:45   7.4   0.0   0.6   1.1   9.0   14:54     N
12  11.3  20.0   15:29   2.8   05:30   7.0   0.1   0.0   0.9  10.0   16:47    SE
13  11.7  18.7   17:31   3.1   05:31   6.7   0.0   0.0   1.7  13.0   16:50   ESE
14  13.0  19.8   17:00   5.9   05:20   5.4   0.1   0.0   2.1  16.0   15:41   ESE
15  14.0  22.2   16:50   6.0   05:10   4.9   0.6   0.0   1.8  11.0   21:57   ESE
16  12.9  19.1   13:41   6.7   05:27   5.5   0.0   0.0   2.1  17.0   15:07     E
17  11.1  14.6   14:02   7.8   02:55   7.1   0.0   1.2   1.4  11.0   08:34   ENE
18  12.7  16.7   13:05   9.2   23:56   5.6   0.0   0.2   0.4   3.0   03:13    NE
19  13.3  20.3   15:47   6.3   05:04   5.2   0.2   4.0   0.8   8.0   10:24     E
20  15.1  19.8   15:15  11.2   05:24   3.4   0.2   0.0   0.7  10.0   14:34     N
21  14.7  21.8   18:08   7.3   05:31   4.1   0.5   0.0   1.0   9.0   15:02     N
22  14.9  21.5   16:16   7.6   05:29   4.0   0.7   0.0   1.2  11.0   17:57   WSW
23  16.3  24.7   16:14   7.0   05:07   3.7   1.6   0.0   1.2  16.0   13:15   WSW
24  15.9  22.3   14:05   8.3   05:33   3.1   0.7   0.0   0.9  10.0   13:55   NNW
25  18.2  24.3   16:16  13.3   05:19   1.7   1.5   0.0   1.3  10.0   10:11   WNW
26  16.0  18.9   14:40  12.1   05:05   2.3   0.0   0.0   2.4  16.0   16:02   WSW
27  13.5  18.9   14:33   7.1   05:24   4.8   0.0   1.6   2.1  16.0   13:20     W
28  12.3  17.7   17:10   8.3   04:58   6.0   0.0   0.8   1.0   9.0   11:31    NW
29  11.5  14.6   22:47   8.1   04:21   6.8   0.0   3.0   1.7  12.0   15:50   WSW
30  17.8  23.1   14:30  13.8   05:14   1.6   1.1   0.0   2.9  17.0   15:38   WSW
31  16.1  18.7   14:15  12.8   23:58   2.2   0.0   0.0   2.2  10.0   11:49   WSW
----------------------------------------------------------------------------------
    12.6  24.7    23     1.2     5   185.0   7.3  37.6   1.4  20.0     8       W

Max >=  27.0  0
Max <=   0.0  0
Min <=   0.0  0
Min <= -18.0  0
Max Rain: 11.0 on day 9
Days of Rain: 11 (>= 0.2 mm)  5 (>= 2.0 mm)  0 (>= 20.0 mm)
Heat Base: 18.3  Cool Base: 18.3  Method: Integration