NOAA Style Reports for Camberley

camberley weather

Select a Year or Month report
V/Λ2019 > Jan Feb Mar Apr May Jun Jul Aug Sep Oct Nov Dec
V/Λ2018 > Jan Feb Mar Apr May Jun Jul Aug Sep Oct Nov Dec
V/Λ2017 > Jan Feb Mar Apr May Jun Jul Aug Sep Oct Nov Dec
V/Λ2016 > Jan Feb Mar Apr May Jun Jul Aug Sep Oct Nov Dec
V/Λ2015 > Jan Feb Mar Apr May Jun Jul Aug Sep Oct Nov Dec
V/Λ2014 > Jan Feb Mar Apr May Jun Jul Aug Sep Oct Nov Dec
V/Λ2013 > Jan Feb Mar Apr May Jun Jul Aug Sep Oct Nov Dec
V/Λ2012 > Jan Feb Mar Apr May Jun Jul Aug Sep Oct Nov Dec
V/Λ2011 > Jan Feb Mar Apr May Jun Jul Aug Sep Oct Nov Dec

Report for 2019 Apr
                   Monthly Climatological Summary for Apr 2019

Name: camberley weather   City: Camberley   County: Surrey   Country: UK, England
Elevation: 268 ft  Lat: N 51 19 54   Lon: W 000 45 11

                  Temperature (°C), Rain (mm), Wind Speed (kts)

                                      Heat  Cool        Avg
    Mean                              Deg   Deg         Wind                 Dom
Day Temp  High   Time   Low    Time   Days  Days  Rain  Speed High   Time    Dir
----------------------------------------------------------------------------------
01   8.6  15.7   16:37   2.3   06:40   9.7   0.0   0.0   2.0  16.0   11:08     E
02   5.0   9.8   17:39   1.5   05:10  13.3   0.0   2.0   0.9  14.0   15:42   WNW
03   2.9  10.1   14:23  -1.1   04:03  15.4   0.0   0.0   0.7  11.0   16:50     W
04   4.9   8.2   16:13   1.2   04:13  13.4   0.0   5.6   1.8  15.0   15:53   WNW
05   9.2  13.3   14:37   5.8   04:07   9.1   0.0   0.0   2.7  18.0   06:06     E
06   8.3  11.1   12:12   6.7   03:15  10.0   0.0   0.0   3.1  14.0   04:36     E
07   8.9  13.2   16:03   5.8   03:44   9.4   0.0   0.0   1.5  11.0   04:33     E
08   9.9  13.6   17:28   7.1   06:22   8.4   0.0   0.0   0.6   5.0   01:24   ENE
09   8.6  10.0   17:48   6.2   23:48   9.7   0.0   4.0   1.6  14.0   20:50   ENE
10   8.3  13.8   15:57   4.1   23:59  10.0   0.0   0.0   2.8  15.0   10:51     E
11   6.4  13.7   16:50  -0.7   05:07  11.9   0.0   0.0   1.6  11.0   10:42     E
12   6.0  11.3   12:54  -0.3   06:39  12.3   0.0   0.0   1.9  14.0   16:07     E
13   5.4  10.4   15:11   0.8   06:25  12.9   0.0   0.0   2.3  16.0   14:48     E
14   4.7  10.1   13:56  -0.7   03:30  13.6   0.0   0.0   2.1  12.0   13:09     E
15   9.0  15.3   14:22   3.3   01:46   9.2   0.0   0.0   2.9  20.0   13:30     E
16  10.7  14.9   17:06   6.8   06:20   7.6   0.0   0.0   0.8   8.0   01:17    NE
17  12.6  20.2   15:45   5.1   06:38   5.9   0.2   0.0   1.0  10.0   23:25     E
18  14.3  21.6   14:40   8.4   05:32   4.6   0.6   0.0   3.0  14.0   12:11     E
19  16.2  24.8   16:11   7.6   06:18   3.7   1.6   0.0   1.6  13.0   12:55     E
20  16.5  26.3   16:45   6.0   06:27   4.0   2.1   0.0   1.4  11.0   10:48     E
21  16.6  26.9   17:46   4.8   06:20   3.9   2.3   0.0   1.2  10.0   18:49   ESE
22  16.7  26.2   15:36   6.9   06:05   3.5   1.9   0.0   0.9  11.0   13:35   ESE
23  15.8  22.6   13:50  10.5   03:49   3.3   0.7   0.0   1.2  12.0   14:49     E
24  12.6  18.3   10:36   7.9   23:47   5.7   0.0   0.0   1.6  15.0   16:51    SW
25  11.8  16.3   14:04   7.8   23:56   6.5   0.0   0.2   2.5  19.0   14:08    SW
26  10.4  16.1   13:25   5.3   06:05   7.9   0.0   0.6   2.3  17.0   18:57   WSW
27   9.3  12.2   13:48   6.9   07:43   9.0   0.0   0.2   5.2  26.0   13:17     W
28  10.3  15.2   15:39   6.8   01:34   8.0   0.0   0.0   1.8  10.0   00:03   NNW
29  10.9  17.4   15:29   4.5   05:01   7.4   0.0   0.0   1.3  10.0   13:52     E
30  12.4  21.2   17:34   4.1   05:44   6.2   0.3   0.0   1.0   7.0   13:43   SSW
----------------------------------------------------------------------------------
    10.1  26.9    21    -1.1     3   255.5   9.7  12.6   1.8  26.0    27       E

Max >=  27.0  0
Max <=   0.0  0
Min <=   0.0  4
Min <= -18.0  0
Max Rain: 5.6 on day 4
Days of Rain: 6 (>= 0.2 mm)  3 (>= 2.0 mm)  0 (>= 20.0 mm)
Heat Base: 18.3  Cool Base: 18.3  Method: Integration