NOAA Style Reports for Camberley

camberley weather

Select a Year or Month report

Report for 2019 Mar
                   Monthly Climatological Summary for Mar 2019

Name: camberley weather   City: Camberley   County: Surrey   Country: UK, England
Elevation: 268 ft  Lat: N 51 19 54   Lon: W 000 45 11

                  Temperature (°C), Rain (mm), Wind Speed (kts)

                                      Heat  Cool        Avg
    Mean                              Deg   Deg         Wind                 Dom
Day Temp  High   Time   Low    Time   Days  Days  Rain  Speed High   Time    Dir
----------------------------------------------------------------------------------
01   9.2  11.7   13:03   7.4   22:45   9.1   0.0   0.0   1.2   9.0   10:57     W
02  10.5  14.4   13:32   8.0   00:09   7.7   0.0   0.4   3.3  20.0   15:47   WSW
03  10.3  11.9   13:55   8.3   23:40   8.0   0.0   6.4   4.9  26.0   16:43   WSW
04   5.9  10.1   12:40   3.2   21:44  12.4   0.0   4.0   3.5  23.0   13:10     W
05   7.3  11.8   13:53   2.5   04:27  11.0   0.0   1.4   2.7  15.0   10:30   WSW
06  10.0  12.4   11:53   7.5   23:52   8.3   0.0   5.0   3.6  19.0   19:16   WSW
07   7.7  11.1   14:00   5.3   05:33  10.6   0.0   0.2   5.3  26.0   12:48     W
08   6.8  10.2   13:50   1.2   07:00  11.5   0.0   1.2   2.2  16.0   20:02   WSW
09   9.0  12.9   11:36   6.1   23:58   9.3   0.0   2.4   4.0  23.0   10:20     W
10   7.5  10.7   13:43   3.2   23:19  10.8   0.0   3.8   4.8  28.0   08:14     W
11   7.0  11.4   15:25   2.9   01:00  11.3   0.0   0.0   3.3  15.0   03:03     W
12   6.7   9.8   12:19   3.7   14:39  11.6   0.0   7.4   5.1  23.0   09:16   WSW
13   8.2  11.2   13:23   5.6   00:00  10.1   0.0   0.0   4.8  23.0   01:53     W
14  10.2  15.1   14:58   6.8   03:29   8.1   0.0   3.0   4.5  24.0   09:27     W
15  11.6  13.7   12:38   9.4   00:00   6.7   0.0   0.4   6.3  27.0   10:25     W
16  10.2  11.7   11:40   6.7   23:52   8.1   0.0   2.6   6.7  28.0   16:51   WSW
17   6.1  10.5   14:01   3.3   06:36  12.2   0.0   0.4   2.9  20.0   14:15     W
18   6.8  11.8   13:30   2.7   05:51  11.5   0.0   0.0   0.9  11.0   14:40   WNW
19   9.0  12.8   13:23   5.8   03:14   9.3   0.0   0.2   1.5  10.0   14:39   WSW
20  10.3  12.7   16:07   8.3   02:07   8.0   0.0   0.0   1.8  13.0   11:13   WSW
21  11.1  13.4   12:48   8.7   05:51   7.2   0.0   0.0   1.0   9.0   10:20     W
22   9.6  10.9   00:00   8.1   23:59   8.7   0.0   0.0   1.8  10.0   14:59   WSW
23  10.1  14.3   14:07   6.3   23:59   8.2   0.0   0.0   1.4  12.0   14:29     E
24   8.1  15.1   14:27   2.6   03:47  10.1   0.0   0.0   1.1  10.0   15:04    NW
25   8.2  14.1   15:00   2.7   23:02  10.1   0.0   0.0   1.7  15.0   11:53   NNE
26   6.9  14.4   16:10  -0.9   06:05  11.4   0.0   0.0   0.7   9.0   11:19     N
27   8.3  14.7   14:56   3.4   04:46  10.0   0.0   0.0   0.6   9.0   15:26    NE
28   9.6  17.1   16:27   3.2   04:12   8.7   0.0   0.0   0.5   7.0   11:48     S
29  10.0  19.3   15:28   1.8   05:53   8.3   0.0   0.0   0.6  10.0   14:37   WSW
30  11.5  21.1   15:02   2.9   06:04   7.0   0.2   0.0   0.8   8.0   12:14   WNW
31   9.2  13.0   16:48   5.1   23:57   8.8   0.0   0.0   3.1  17.0   15:31     E
----------------------------------------------------------------------------------
     8.8  21.1    30    -0.9    26   294.1   0.2  38.8   2.8  28.0    10       W

Max >=  27.0  0
Max <=   0.0  0
Min <=   0.0  1
Min <= -18.0  0
Max Rain: 7.4 on day 12
Days of Rain: 15 (>= 0.2 mm)  8 (>= 2.0 mm)  0 (>= 20.0 mm)
Heat Base: 18.3  Cool Base: 18.3  Method: Integration