NOAA Style Reports for Camberley

camberley weather

Select a Year or Month report

Report for 2019 Feb
                   Monthly Climatological Summary for Feb 2019

Name: camberley weather   City: Camberley   County: Surrey   Country: UK, England
Elevation: 268 ft  Lat: N 51 19 54   Lon: W 000 45 11

                  Temperature (°C), Rain (mm), Wind Speed (kts)

                                      Heat  Cool        Avg
    Mean                              Deg   Deg         Wind                 Dom
Day Temp  High   Time   Low    Time   Days  Days  Rain  Speed High   Time    Dir
----------------------------------------------------------------------------------
01   0.6   1.6   14:05  -0.1   01:42  17.7   0.0   5.8   2.7  18.0   04:28   ENE
02   1.1   4.7   15:11  -1.2   23:59  17.2   0.0   9.2   1.5  11.0   02:58     N
03   0.7   6.2   15:31  -5.5   07:24  17.6   0.0   2.8   1.0   9.0   13:33   WSW
04   6.6   9.2   14:39   3.5   22:46  11.7   0.0   3.4   2.4  20.0   08:18   WSW
05   5.9   8.2   23:58   3.6   00:00  12.4   0.0   1.6   1.4  15.0   13:19   WSW
06   8.7  11.1   14:41   6.7   08:09   9.6   0.0   4.2   1.5  15.0   23:56   WSW
07   7.2   9.3   00:36   5.8   07:11  11.0   0.0   0.0   5.2  32.0   03:23   WSW
08   8.9  10.5   12:41   6.9   23:54   9.4   0.0  11.8   5.5  26.0   12:54   WSW
09   7.7  10.1   13:28   6.3   03:18  10.6   0.0   0.8   5.2  30.0   05:02   WSW
10   5.4   8.1   14:28   2.9   23:25  12.9   0.0   2.6   2.0  17.0   14:46     W
11   5.5   9.7   15:09   1.6   23:54  12.8   0.0   0.0   0.7  10.0   00:48    NW
12   5.8  11.4   13:41   0.4   05:27  12.5   0.0   0.0   1.3  12.0   11:27   WSW
13   7.2  12.1   13:49   3.3   23:27  11.1   0.0   0.0   1.3  13.0   13:28    SW
14   5.4  13.9   15:08  -0.8   07:09  12.9   0.0   0.0   0.5   6.0   11:38   WSW
15   6.0  14.8   15:49   0.0   06:38  12.3   0.0   0.0   0.5   7.0   12:30   WSW
16   8.2  12.1   14:39   3.3   02:57   9.6   0.0   0.0   0.9   9.0   13:08    SW
17   9.3  14.6   12:42   5.2   05:10   9.0   0.0   0.0   1.9  14.0   11:17   WSW
18   7.3   9.3   09:14   2.8   22:23  11.0   0.0   4.2   1.7  12.0   16:04   WSW
19   6.5  11.6   13:40   1.8   06:51  11.8   0.0   0.0   2.0  16.0   13:24   WSW
20   8.6  12.7   14:59   6.2   01:03   9.7   0.0   0.0   2.4  15.0   15:10   WSW
21  10.1  15.3   14:46   7.4   23:54   8.2   0.0   0.0   2.2  17.0   07:16   WSW
22   8.5  15.6   14:30   5.3   22:58   9.8   0.0   0.0   0.6   8.0   14:54   SSW
23  10.0  17.3   14:51   5.3   23:42   8.3   0.0   0.0   0.9   8.0   04:37   SSE
24   7.5  18.9   15:28   1.3   07:18  10.1   0.0   0.0   0.3   7.0   12:06   ESE
25   8.8  21.3   15:48  -0.4   06:21   9.8   0.3   0.0   0.5   8.0   11:04   ESE
26   9.4  20.8   14:50   0.4   06:43   9.2   0.3   0.0   0.5   7.0   12:36   ESE
27   9.1  19.3   14:25   1.1   07:12   9.3   0.1   0.0   0.6   9.0   16:04   WSW
28   9.1  13.2   13:33   3.8   02:26   9.2   0.0   0.4   2.5  16.0   13:33   WSW
----------------------------------------------------------------------------------
     7.0  21.3    25    -5.5     3   316.7   0.7  46.8   1.8  32.0     7     WSW

Max >=  27.0  0
Max <=   0.0  0
Min <=   0.0  6
Min <= -18.0  0
Max Rain: 11.8 on day 8
Days of Rain: 11 (>= 0.2 mm)  8 (>= 2.0 mm)  0 (>= 20.0 mm)
Heat Base: 18.3  Cool Base: 18.3  Method: Integration