NOAA Style Reports for Camberley

camberley weather

Select a Year or Month report
V/Λ2019 > Jan Feb Mar Apr May Jun Jul Aug Sep Oct Nov Dec
V/Λ2018 > Jan Feb Mar Apr May Jun Jul Aug Sep Oct Nov Dec
V/Λ2017 > Jan Feb Mar Apr May Jun Jul Aug Sep Oct Nov Dec
V/Λ2016 > Jan Feb Mar Apr May Jun Jul Aug Sep Oct Nov Dec
V/Λ2015 > Jan Feb Mar Apr May Jun Jul Aug Sep Oct Nov Dec
V/Λ2014 > Jan Feb Mar Apr May Jun Jul Aug Sep Oct Nov Dec
V/Λ2013 > Jan Feb Mar Apr May Jun Jul Aug Sep Oct Nov Dec
V/Λ2012 > Jan Feb Mar Apr May Jun Jul Aug Sep Oct Nov Dec
V/Λ2011 > Jan Feb Mar Apr May Jun Jul Aug Sep Oct Nov Dec

Report for 2019 Jan
                   Monthly Climatological Summary for Jan 2019

Name: camberley weather   City: Camberley   County: Surrey   Country: UK, England
Elevation: 268 ft  Lat: N 51 19 54   Lon: W 000 45 11

                  Temperature (°C), Rain (mm), Wind Speed (kts)

                                      Heat  Cool        Avg
    Mean                              Deg   Deg         Wind                 Dom
Day Temp  High   Time   Low    Time   Days  Days  Rain  Speed High   Time    Dir
----------------------------------------------------------------------------------
01   7.8  10.6   11:53   3.9   23:58  10.5   0.0   0.0   0.8  10.0   21:53     N
02   4.0   5.8   13:18   1.8   03:09  14.3   0.0   0.0   0.3   6.0   14:08   NNE
03   3.5   4.4   13:35   2.7   18:13  14.8   0.0   0.0   0.1   7.0   12:29   ENE
04   1.4   4.5   13:53  -1.7   08:59  16.9   0.0   0.0   0.2   4.0   13:07   NNW
05   3.4   5.0   23:49   1.2   00:00  14.9   0.0   0.0   0.3   5.0   10:35   NNW
06   6.7   9.3   13:57   4.8   02:09  11.6   0.0   0.0   0.3   6.0   14:40   NNW
07   8.8  10.8   17:07   6.7   00:00   9.5   0.0   0.0   2.5  18.0   18:38     W
08   6.1   9.4   13:43   0.8   23:57  12.2   0.0   0.0   1.4   9.0   06:31     N
09   2.2   5.2   13:20  -0.4   02:28  16.1   0.0   0.0   1.1  11.0   13:05     N
10   2.0   6.1   23:49  -1.8   04:43  16.1   0.0   0.0   0.4   3.0   00:25    NW
11   6.2   8.3   13:38   5.0   17:12  12.1   0.0   0.0   0.2   5.0   23:22   NNW
12   8.6   9.9   13:17   6.9   00:00   9.7   0.0   0.0   2.3  11.0   08:44     W
13   9.8  11.2   12:47   8.4   22:18   8.5   0.0   0.0   2.9  18.0   11:48     W
14   6.9   8.8   12:51   2.3   23:58  11.4   0.0   0.0   0.9  10.0   11:18   NNW
15   6.2   9.6   14:26   0.8   03:43  12.1   0.0   0.0   2.1  14.0   11:04   WSW
16   7.0   9.5   14:28   2.7   23:33  11.3   0.0   4.0   2.4  14.0   11:22   WSW
17   2.0   5.3   14:09  -1.9   23:26  16.3   0.0   0.4   1.0  15.0   08:18     N
18   1.8   6.8   13:25  -2.2   00:43  16.5   0.0   0.0   1.1  14.0   13:28   WNW
19   4.1   5.3   12:40   2.9   23:52  14.2   0.0   0.4   1.9  12.0   07:11     E
20   1.6   5.9   14:27  -1.7   23:56  16.7   0.0   0.0   0.5   8.0   06:20     E
21   1.7   5.9   23:54  -2.6   01:29  16.6   0.0   0.0   1.0  10.0   22:21   WSW
22   2.3   5.9   00:00  -0.2   23:54  16.0   0.0   7.2   1.1  13.0   01:35   WSW
23  -0.3   2.7   13:28  -2.6   23:31  18.6   0.0   1.4   0.5  10.0   08:08     N
24   0.5   4.6   15:42  -3.3   05:53  17.8   0.0   2.0   0.0   3.0   11:06   WNW
25   6.9  12.1   14:11   1.6   00:00  11.4   0.0   0.2   0.8  10.0   14:37     W
26   8.0  10.2   13:14   6.3   00:15  10.3   0.0   6.4   3.5  17.0   16:09   WSW
27   5.0   7.6   00:00   2.3   23:59  13.3   0.0   1.8   2.9  21.0   07:12    NW
28   1.6   6.5   14:24  -3.2   23:52  16.7   0.0   0.0   1.2  11.0   13:34     N
29   1.4   6.2   13:43  -3.2   00:00  16.9   0.0   3.6   0.5   9.0   18:18    NW
30   0.1   5.6   15:24  -3.3   23:00  18.2   0.0   0.2   0.4   7.0   13:01   WNW
31  -1.1   3.7   12:15  -5.7   07:31  19.4   0.0   0.0   2.1  17.0   18:27     E
----------------------------------------------------------------------------------
     4.1  12.1    25    -5.7    31   440.9   0.0  27.6   1.2  21.0    27     WNW

Max >=  27.0  0
Max <=   0.0  0
Min <=   0.0 14
Min <= -18.0  0
Max Rain: 7.2 on day 22
Days of Rain: 11 (>= 0.2 mm)  5 (>= 2.0 mm)  0 (>= 20.0 mm)
Heat Base: 18.3  Cool Base: 18.3  Method: Integration