NOAA Style Reports for Camberley

camberley weather

Select a Year or Month report
V/Λ2019 > Jan Feb Mar Apr May Jun Jul Aug Sep Oct Nov Dec
V/Λ2018 > Jan Feb Mar Apr May Jun Jul Aug Sep Oct Nov Dec
V/Λ2017 > Jan Feb Mar Apr May Jun Jul Aug Sep Oct Nov Dec
V/Λ2016 > Jan Feb Mar Apr May Jun Jul Aug Sep Oct Nov Dec
V/Λ2015 > Jan Feb Mar Apr May Jun Jul Aug Sep Oct Nov Dec
V/Λ2014 > Jan Feb Mar Apr May Jun Jul Aug Sep Oct Nov Dec
V/Λ2013 > Jan Feb Mar Apr May Jun Jul Aug Sep Oct Nov Dec
V/Λ2012 > Jan Feb Mar Apr May Jun Jul Aug Sep Oct Nov Dec
V/Λ2011 > Jan Feb Mar Apr May Jun Jul Aug Sep Oct Nov Dec

Report for 2018 Dec
                   Monthly Climatological Summary for Dec 2018

Name: camberley weather   City: Camberley   County: Surrey   Country: UK, England
Elevation: 268 ft  Lat: N 51 19 54   Lon: W 000 45 11

                  Temperature (°C), Rain (mm), Wind Speed (kts)

                                      Heat  Cool        Avg
    Mean                              Deg   Deg         Wind                 Dom
Day Temp  High   Time   Low    Time   Days  Days  Rain  Speed High   Time    Dir
----------------------------------------------------------------------------------
01  10.0  13.0   14:23   5.9   01:08   8.3   0.0   4.8   2.1  14.0   10:24   WSW
02  13.3  14.2   12:23  11.8   00:00   5.0   0.0   1.0   3.7  17.0   18:22   WSW
03  10.7  13.6   10:25   5.6   23:57   7.6   0.0   2.6   2.8  17.0   13:54     W
04   4.3   7.9   13:42  -0.1   08:02  14.0   0.0   1.8   0.4   9.0   23:06   ESE
05   9.9  12.6   12:08   5.3   00:00   8.3   0.0   1.8   2.2  13.0   14:56   SSW
06  11.6  12.8   23:02   9.7   01:05   6.7   0.0   0.2   2.8  14.0   14:43   WSW
07   9.6  12.7   01:28   6.3   20:48   8.7   0.0  10.2   4.5  22.0   09:34   WSW
08   9.4  12.0   14:07   7.3   00:20   8.9   0.0   3.0   5.8  22.0   06:30     W
09   8.9  10.8   13:18   5.4   22:40   9.4   0.0   0.0   3.3  21.0   01:13     W
10   7.4   9.7   13:24   3.7   23:59  10.9   0.0   0.0   0.9  10.0   12:40   WNW
11   4.8   9.7   13:50   1.1   04:54  13.5   0.0   0.0   0.4   5.0   12:59    SE
12   5.0   7.8   11:36   1.5   23:59  13.3   0.0   0.0   2.2  13.0   14:08   ESE
13   1.9   5.7   13:43  -1.9   22:29  16.4   0.0   0.0   2.6  16.0   10:55   ESE
14   0.0   3.7   13:46  -3.3   06:30  18.3   0.0   0.0   0.8   9.0   01:19   ESE
15   3.4   8.2   21:18   0.8   00:01  14.9   0.0   7.2   2.7  18.0   16:44   NNW
16   6.5   8.3   16:29   2.9   08:15  11.6   0.0   4.6   1.7  11.0   23:46   WSW
17   7.1  10.8   14:04   2.6   06:59  11.2   0.0   0.0   1.8  12.0   23:24   WSW
18   8.9  10.2   04:55   5.8   22:58   9.4   0.0   8.2   2.7  16.0   02:23     W
19   7.2   9.2   14:05   5.7   00:16  11.1   0.0   4.0   1.8  13.0   19:42    SW
20   7.9  10.1   13:23   5.9   02:47  10.4   0.0   0.8   2.8  14.0   11:51   WSW
21  11.1  12.4   05:52   9.3   00:00   7.2   0.0   4.4   4.5  24.0   10:12   WSW
22   9.5  11.5   13:21   6.1   23:58   8.7   0.0   0.0   3.0  16.0   00:52     W
23   9.2  13.1   14:32   6.0   00:02   9.1   0.0   4.4   1.5  14.0   16:20     W
24   4.8   8.1   14:11   0.3   23:58  13.5   0.0   0.2   0.6   6.0   07:39     E
25   5.7   8.1   12:56   0.3   00:04  12.6   0.0   0.0   0.2   5.0   11:51    SW
26   7.4   9.3   12:01   3.6   23:58  10.9   0.0   0.0   0.2   5.0   12:39    SW
27   3.1   6.7   15:26   1.4   19:26  15.2   0.0   0.0   0.1   3.0   03:07   WSW
28   7.1   9.8   13:21   3.7   00:00  11.2   0.0   0.0   0.3   8.0   11:59     W
29   9.4  11.8   14:36   6.9   22:11   8.9   0.0   0.0   2.1  15.0   12:19     W
30   9.3  10.2   17:56   7.8   00:00   9.0   0.0   0.0   1.2  10.0   16:16     W
31   9.0   9.9   09:46   8.1   23:15   9.3   0.0   0.0   1.1   8.0   16:52     W
----------------------------------------------------------------------------------
     7.5  14.2     2    -3.3    14   333.5   0.0  59.2   2.0  24.0    21     WSW

Max >=  27.0  0
Max <=   0.0  0
Min <=   0.0  3
Min <= -18.0  0
Max Rain: 10.2 on day 7
Days of Rain: 16 (>= 0.2 mm)  10 (>= 2.0 mm)  0 (>= 20.0 mm)
Heat Base: 18.3  Cool Base: 18.3  Method: Integration