NOAA Style Reports for Camberley

camberley weather

Select a Year or Month report

Report for 2018 Nov
                   Monthly Climatological Summary for Nov 2018

Name: camberley weather   City: Camberley   County: Surrey   Country: UK, England
Elevation: 268 ft  Lat: N 51 19 54   Lon: W 000 45 11

                  Temperature (°C), Rain (mm), Wind Speed (kts)

                                      Heat  Cool        Avg
    Mean                              Deg   Deg         Wind                 Dom
Day Temp  High   Time   Low    Time   Days  Days  Rain  Speed High   Time    Dir
----------------------------------------------------------------------------------
01   8.1  10.9   10:18   1.3   23:59  10.0   0.0   5.0   0.4   6.0   11:08   NNW
02   3.7  12.3   14:42  -1.6   06:44  14.6   0.0   0.0   0.4   7.0   12:45     W
03   8.4  14.1   12:08   2.9   03:21   9.9   0.0   0.0   1.8  17.0   12:33    SW
04  10.5  12.9   13:00   8.6   23:46   7.8   0.0   0.0   1.7  11.0   10:57    SW
05  11.5  16.4   13:40   7.7   02:35   6.8   0.0   0.0   1.2   8.0   12:40   ESE
06  12.7  15.7   13:46  10.6   02:10   5.6   0.0   0.0   1.4  11.0   21:54   WNW
07  11.1  13.1   12:27   6.6   23:52   7.2   0.0  12.4   2.7  17.0   12:14     W
08   9.1  13.9   13:01   4.7   03:23   9.2   0.0   0.0   1.8  20.0   11:02    SW
09  10.5  13.7   13:39   7.9   03:40   7.8   0.0  10.2   2.3  19.0   13:36     W
10  10.2  14.2   12:49   7.9   06:37   8.1   0.0  26.2   1.5  15.0   12:52    SW
11   9.7  13.4   14:25   7.7   03:40   8.6   0.0   5.4   1.8  16.0   13:29   WSW
12  10.4  14.5   13:01   8.6   02:59   7.9   0.0   4.8   1.7  15.0   13:50    SW
13  10.3  14.1   14:08   8.1   06:07   8.0   0.0   0.0   2.1  13.0   14:50   WSW
14  11.2  15.1   13:20   8.1   21:52   7.1   0.0   0.0   1.9  13.0   11:08    SW
15  12.1  14.7   13:43  10.6   00:00   6.2   0.0   0.0   0.8   9.0   03:10     W
16  10.2  11.3   00:00   8.1   23:31   8.1   0.0   0.2   1.3   9.0   13:33   ESE
17   8.0  11.7   14:16   6.2   08:46  10.3   0.0   0.2   2.8  15.0   17:12   ESE
18   6.6  11.4   14:02   1.8   05:28  11.7   0.0   0.0   2.3  20.0   14:51     E
19   6.2   8.2   13:05   3.4   23:57  12.1   0.0   1.8   3.0  18.0   12:06     E
20   3.3   4.9   09:59   1.4   16:07  15.0   0.0   7.2   2.3  20.0   06:11     E
21   3.1   7.7   14:26   0.6   07:19  15.2   0.0   0.8   1.6  10.0   08:54   ESE
22   2.4   5.8   13:08  -1.2   07:59  15.9   0.0   0.0   1.4   9.0   11:44     E
23   6.0   7.8   14:16   3.7   00:00  12.3   0.0   0.0   2.3  12.0   20:47     E
24   7.7   8.4   11:09   6.8   23:45  10.6   0.0   1.2   2.5  15.0   13:05     E
25   6.4   7.8   13:27   3.2   23:28  11.9   0.0   0.0   1.8  11.0   06:20     E
26   5.1   7.6   12:13   1.7   20:55  13.2   0.0   0.0   0.6   8.0   10:21   NNE
27   5.7  10.3   18:21   2.1   08:08  12.6   0.0   5.6   1.2  12.0   14:39    NW
28  11.9  13.4   19:04   7.9   00:23   6.4   0.0   3.6   3.7  22.0   13:36   WSW
29  11.5  13.3   11:35   8.8   23:27   6.4   0.0   5.0   4.4  30.0   10:12   WSW
30   8.7  11.7   13:39   5.9   23:11   9.6   0.0   0.0   2.8  13.0   00:35   WSW
----------------------------------------------------------------------------------
     8.4  16.4     5    -1.6     2   296.1   0.0  89.6   1.9  30.0    29     SSW

Max >=  27.0  0
Max <=   0.0  0
Min <=   0.0  2
Min <= -18.0  0
Max Rain: 26.2 on day 10
Days of Rain: 15 (>= 0.2 mm)  10 (>= 2.0 mm)  1 (>= 20.0 mm)
Heat Base: 18.3  Cool Base: 18.3  Method: Integration