NOAA Style Reports for Camberley

camberley weather

Select a Year or Month report

Report for 2018 Oct
                   Monthly Climatological Summary for Oct 2018

Name: camberley weather   City: Camberley   County: Surrey   Country: UK, England
Elevation: 268 ft  Lat: N 51 19 54   Lon: W 000 45 11

                  Temperature (°C), Rain (mm), Wind Speed (kts)

                                      Heat  Cool        Avg
    Mean                              Deg   Deg         Wind                 Dom
Day Temp  High   Time   Low    Time   Days  Days  Rain  Speed High   Time    Dir
----------------------------------------------------------------------------------
01  10.3  16.0   15:53   4.2   06:05   8.0   0.0   0.0   1.4  10.0   11:28   NNW
02  14.9  20.2   13:35   9.4   02:27   3.6   0.2   0.0   2.1  12.0   15:05     W
03  14.7  20.4   16:46  10.1   07:07   3.9   0.3   0.0   0.8   8.0   11:29   WNW
04  13.5  17.1   14:03   9.8   00:48   4.8   0.0   0.0   1.6  10.0   12:25   WSW
05  15.4  22.2   14:56  11.4   23:55   3.4   0.5   0.0   0.5   9.0   16:17    SW
06   9.2  11.6   08:39   7.0   23:57   9.1   0.0   8.8   1.5  12.0   17:23   NNE
07   8.4  14.7   14:57   3.4   07:10   9.9   0.0   0.0   0.8  14.0   00:35   NNE
08  10.7  16.4   15:08   4.9   01:50   7.6   0.0   0.0   1.3  11.0   12:36   WSW
09  13.7  21.4   15:14   7.5   05:41   5.1   0.5   0.0   1.0  10.0   11:57    SW
10  15.9  24.8   15:27   8.8   05:44   3.7   1.3   0.0   1.6  11.0   20:46   ESE
11  16.1  20.1   12:55  12.8   21:59   2.3   0.1   7.0   1.8  19.0   18:18     W
12  17.3  20.5   15:19  12.8   02:12   1.7   0.7   0.0   4.9  29.0   13:49    SW
13  19.9  23.2   15:42  16.6   09:17   0.1   1.7   3.8   3.2  17.0   04:16   WSW
14  12.2  18.6   00:00   9.2   21:13   6.2   0.0  25.4   1.6  13.0   00:43   NNE
15  11.9  13.4   15:11   9.4   00:00   6.4   0.0   5.2   1.4  11.0   04:11   ENE
16  14.9  18.9   13:30  12.3   23:37   3.4   0.0   0.0   1.3  11.0   13:23   WSW
17  13.1  15.4   14:16  11.1   03:25   5.2   0.0   1.8   0.2   6.0   00:43   WSW
18  11.7  16.6   15:57   7.2   23:58   6.6   0.0   0.0   1.2  10.0   14:23   ENE
19   8.5  16.9   16:13   2.5   07:39   9.8   0.0   0.0   0.3   6.0   11:16    NE
20  10.0  18.9   15:23   3.4   06:42   8.4   0.0   0.0   0.5   8.0   14:05   WSW
21  11.7  20.1   15:10   5.4   06:38   6.7   0.2   0.0   0.7  10.0   23:02   WNW
22   9.1  14.3   15:16   3.3   23:58   9.2   0.0   0.0   1.1  10.0   03:23   NNE
23   9.7  15.9   15:00   2.9   01:40   8.6   0.0   0.0   0.9   9.0   12:15   WNW
24  11.9  18.3   15:17   6.4   23:58   6.4   0.0   0.0   0.7   8.0   09:44    NW
25   8.5  13.6   15:13   2.8   04:18   9.8   0.0   0.0   0.7  10.0   14:35   WNW
26   8.3  11.9   13:04   3.2   23:52  10.0   0.0   0.4   1.5  12.0   13:05    NW
27   3.6   6.8   12:23   0.1   07:46  14.7   0.0   0.2   1.5  13.0   11:35   NNE
28   5.3   9.9   13:27   2.2   23:48  13.5   0.0   1.0   1.9  14.0   15:02    NE
29   3.9   9.7   13:33  -0.7   05:13  14.4   0.0   0.0   1.1  11.0   12:21    NE
30   5.1   8.4   14:32   1.2   23:58  13.2   0.0   0.0   1.5  10.0   13:12   NNW
31   6.4  13.9   14:36  -1.6   03:59  11.9   0.0   0.0   1.1  10.0   11:52   ENE
----------------------------------------------------------------------------------
    11.2  24.8    10    -1.6    31   227.6   5.5  53.6   1.3  29.0    12      NW

Max >=  27.0  0
Max <=   0.0  0
Min <=   0.0  2
Min <= -18.0  0
Max Rain: 25.4 on day 14
Days of Rain: 9 (>= 0.2 mm)  5 (>= 2.0 mm)  1 (>= 20.0 mm)
Heat Base: 18.3  Cool Base: 18.3  Method: Integration