NOAA Style Reports for Camberley

camberley weather

Select a Year or Month report

Report for 2018 Sep
                   Monthly Climatological Summary for Sep 2018

Name: camberley weather   City: Camberley   County: Surrey   Country: UK, England
Elevation: 268 ft  Lat: N 51 19 54   Lon: W 000 45 11

                  Temperature (°C), Rain (mm), Wind Speed (kts)

                                      Heat  Cool        Avg
    Mean                              Deg   Deg         Wind                 Dom
Day Temp  High   Time   Low    Time   Days  Days  Rain  Speed High   Time    Dir
----------------------------------------------------------------------------------
01  14.6  17.6   00:00   8.7   07:03   3.7   0.0   0.0   0.7   3.0   08:59    SW
02  14.6  16.4   09:12   9.9   02:02   3.7   0.0   0.0   0.1   2.0   00:00    SW
03  12.7  16.4   00:00   8.4   06:40   5.6   0.0   0.0   0.0   0.0   00:00     N
04  14.7  23.0   15:10  10.6   07:01   4.0   0.4   0.0   0.4   9.0   16:27    NE
05  16.8  22.3   15:26  12.1   06:31   2.2   0.7   0.0   0.9  11.0   10:27    NE
06  15.1  21.4   13:25   9.2   06:33   3.6   0.4   0.4   0.8  10.0   17:32     W
07  12.9  19.9   15:45   6.7   06:24   5.5   0.1   0.0   1.0  11.0   12:56     W
08  14.3  19.8   16:01   7.3   02:58   4.2   0.1   0.0   1.5  12.0   15:06   WSW
09  17.8  23.9   15:57  13.8   05:32   1.8   1.3   0.0   1.6  14.0   15:09   WSW
10  16.8  22.1   14:54  12.4   06:46   2.2   0.7   0.0   2.0  17.0   15:40   WSW
11  18.7  23.4   15:58  16.0   23:53   0.6   1.0   0.8   2.7  14.0   08:22   WSW
12  12.9  16.0   00:00   7.5   23:57   5.4   0.0   3.0   0.4   6.0   03:08    NE
13  11.9  20.4   15:30   3.9   06:40   6.7   0.3   0.0   0.8  10.0   14:04     W
14  13.2  18.1   17:05   7.6   03:32   5.1   0.0   0.0   1.5  12.0   13:59   WSW
15  15.2  21.8   15:19   9.4   06:41   3.6   0.5   0.0   1.3  10.0   14:02   WSW
16  17.4  23.3   15:01  12.6   04:55   2.1   1.2   0.0   2.1  15.0   15:29   WSW
17  19.7  25.1   15:30  15.9   23:58   0.5   1.9   0.0   2.2  15.0   13:00   WSW
18  18.5  21.8   13:33  15.7   00:30   0.5   0.7   0.0   3.5  21.0   05:54   WSW
19  18.5  22.3   15:55  15.3   23:01   0.7   0.8   0.8   3.9  30.0   14:40   WSW
20  18.1  20.4   15:35  15.5   00:00   0.6   0.4   0.8   4.4  25.0   16:38   WSW
21  13.4  17.9   00:07   9.8   07:28   4.9   0.0   3.4   4.9  23.0   15:21   WSW
22  11.0  13.0   10:26  10.1   19:27   7.3   0.0   7.4   1.9  11.0   23:36     S
23   9.8  14.1   17:23   4.7   23:56   8.5   0.0  12.6   1.6  11.0   06:38   NNE
24   8.4  16.5   16:02   1.9   07:12   9.9   0.0   0.0   0.7  10.0   11:21     N
25   9.0  18.4   15:27   0.4   07:01   9.3   0.0   0.0   0.7  10.0   14:18   WSW
26  12.6  23.6   17:04   3.6   07:17   6.7   0.9   0.0   0.9  10.0   10:58   WSW
27  13.8  23.4   15:19   5.7   07:20   5.5   1.1   0.0   0.9  10.0   15:51   WSW
28  12.6  17.6   15:59   8.0   23:58   5.7   0.0   0.0   1.6  14.0   09:52   ENE
29  10.0  19.2   16:55   2.2   07:20   8.3   0.1   0.0   0.5   7.0   15:53   WSW
30   9.4  15.4   14:54   3.1   06:53   8.9   0.0   0.0   0.8   9.0   11:17     N
----------------------------------------------------------------------------------
    14.1  25.1    17     0.4    25   137.3  12.6  29.2   1.5  30.0    19     WSW

Max >=  27.0  0
Max <=   0.0  0
Min <=   0.0  0
Min <= -18.0  0
Max Rain: 12.6 on day 23
Days of Rain: 8 (>= 0.2 mm)  4 (>= 2.0 mm)  0 (>= 20.0 mm)
Heat Base: 18.3  Cool Base: 18.3  Method: Integration