NOAA Style Reports for Camberley

camberley weather

Select a Year or Month report

Report for 2018 Aug
                   Monthly Climatological Summary for Aug 2018

Name: camberley weather   City: Camberley   County: Surrey   Country: UK, England
Elevation: 268 ft  Lat: N 51 19 54   Lon: W 000 45 11

                  Temperature (°C), Rain (mm), Wind Speed (kts)

                                      Heat  Cool        Avg
    Mean                              Deg   Deg         Wind                 Dom
Day Temp  High   Time   Low    Time   Days  Days  Rain  Speed High   Time    Dir
----------------------------------------------------------------------------------
01  18.7  26.1   15:50  11.6   05:33   2.0   2.4   0.0   0.8  11.0   16:34   WSW
02  21.3  30.9   17:32  12.4   04:37   1.6   4.6   0.0   0.6   8.0   08:09   WSW
03  24.0  32.3   17:00  15.4   05:38   0.3   6.0   0.0   0.4   8.0   15:33    NW
04  23.0  29.0   17:00  17.5   05:46   0.1   4.7   0.0   0.5   8.0   12:20    NE
05  23.1  31.4   17:32  14.1   05:56   0.5   5.3   0.0   0.3   7.0   13:36    SW
06  23.2  32.2   16:45  12.9   05:45   0.8   5.7   0.0   0.4   9.0   17:16   WSW
07  21.9  29.4   13:17  14.4   05:51   0.6   4.2   0.0   0.6  13.0   13:55   WSW
08  18.3  23.3   16:48  12.4   06:07   1.4   1.4   0.0   1.4  13.0   11:30   WSW
09  15.6  21.6   18:13  10.2   23:59   2.8   0.1   2.4   0.1   7.0   18:15   ESE
10  14.6  20.5   17:39   9.1   02:52   3.9   0.1   8.6   1.2  17.0   13:46   WSW
11  14.9  21.4   12:56   6.8   05:57   3.7   0.3   0.6   0.6  10.0   13:30   WSW
12  17.4  20.8   11:19  15.2   23:57   1.2   0.3   0.4   1.0  16.0   11:56   WSW
13  18.7  24.8   17:40  13.7   04:32   1.4   1.8   0.0   0.6  10.0   14:34   WNW
14  18.8  25.6   15:45  11.8   05:44   1.7   2.2   0.0   1.1  12.0   18:02     W
15  19.3  23.6   15:02  15.0   01:47   0.7   1.7   0.0   1.8  12.0   04:26   WSW
16  17.1  20.9   17:42  11.7   23:55   1.4   0.3  11.8   1.4  13.0   06:39   WSW
17  15.9  22.2   17:17   8.4   05:02   3.2   0.9   0.0   0.9  12.0   17:01   WSW
18  18.1  22.1   16:21  14.6   01:58   1.1   0.9   0.0   1.4  10.0   13:32   WSW
19  20.3  27.2   16:17  16.6   05:15   0.4   2.4   0.0   2.0  14.0   16:41   WSW
20  20.6  24.6   18:24  15.9   06:13   0.4   2.7   0.0   0.6   9.0   17:40   WSW
21  21.2  28.0   16:38  15.8   05:44   0.3   3.2   0.0   0.5   9.0   19:24   WSW
22  18.3  22.8   15:07  14.0   03:48   1.3   1.3   0.0   0.7   8.0   14:50   WSW
23  18.3  22.1   15:44  13.9   23:52   0.8   0.7   0.6   1.2  14.0   19:18     W
24  13.6  19.1   13:55   8.4   23:54   4.7   0.0   2.6   1.5  15.0   14:46   WSW
25  12.4  20.4   16:36   5.9   05:14   6.0   0.1   0.2   0.5  11.0   14:24     W
26  13.6  17.6   18:42   9.1   00:07   4.7   0.0  12.6   1.2  12.0   15:53     W
27  16.0  19.7   17:34  13.2   05:15   2.4   0.1   0.0   1.6  12.0   06:27   WSW
28  16.7  22.3   15:49  13.8   23:47   2.2   0.6   0.0   0.3   6.0   11:16   WSW
29  13.2  13.8   00:07  12.8   01:56   5.1   0.0   6.6   0.0   3.0   06:56     N
30  10.9  13.3   00:00   7.2   06:37   7.4   0.0   0.0   0.0   1.0   07:29     N
31  15.1  17.6   10:08  10.2   02:11   3.2   0.0   0.0   0.6   5.0   08:44   ESE
----------------------------------------------------------------------------------
    17.9  32.3     3     5.9    25    67.3  54.0  46.4   0.8  17.0    10     WSW

Max >=  27.0  8
Max <=   0.0  0
Min <=   0.0  0
Min <= -18.0  0
Max Rain: 12.6 on day 26
Days of Rain: 10 (>= 0.2 mm)  6 (>= 2.0 mm)  0 (>= 20.0 mm)
Heat Base: 18.3  Cool Base: 18.3  Method: Integration