NOAA Style Reports for Camberley

camberley weather

Select a Year or Month report

Report for 2018 Jul
                   Monthly Climatological Summary for Jul 2018

Name: camberley weather   City: Camberley   County: Surrey   Country: UK, England
Elevation: 268 ft  Lat: N 51 19 54   Lon: W 000 45 11

                  Temperature (°C), Rain (mm), Wind Speed (kts)

                                      Heat  Cool        Avg
    Mean                              Deg   Deg         Wind                 Dom
Day Temp  High   Time   Low    Time   Days  Days  Rain  Speed High   Time    Dir
----------------------------------------------------------------------------------
01  23.0  30.8   14:39  14.4   05:15   0.7   5.4   0.0   1.2  11.0   11:14     E
02  23.2  29.1   15:45  17.4   05:52   0.0   5.0   0.0   2.0  16.0   17:23     E
03  20.7  26.7   16:27  15.0   05:03   0.7   3.2   0.0   2.5  17.0   07:28     E
04  19.8  26.0   14:52  14.0   03:12   1.3   2.7   0.2   0.5   8.0   11:11   ESE
05  22.5  30.5   16:14  15.1   05:40   0.6   4.8   0.0   0.4   8.0   12:32   WNW
06  23.4  30.9   18:01  15.0   05:11   0.5   5.6   0.0   0.4  10.0   13:12     N
07  23.6  30.8   17:48  15.6   04:38   0.3   5.7   0.0   0.5   9.0   12:25    NW
08  24.1  31.3   16:51  14.7   05:19   0.4   6.2   0.0   0.6   9.0   18:04   ENE
09  22.8  30.7   16:10  14.6   05:17   0.5   5.0   0.0   0.9  15.0   20:52     E
10  18.8  23.6   18:52  13.9   05:35   0.9   1.4   0.0   1.1  14.0   16:19     E
11  18.6  24.6   16:35  12.3   03:45   1.7   2.0   0.0   0.7  10.0   16:42     E
12  19.2  25.0   15:21  12.5   04:39   1.4   2.2   0.0   0.5   8.0   14:38     E
13  19.8  26.8   14:31  15.3   05:26   0.8   2.3   0.0   0.5   8.0   15:10    SW
14  21.5  28.8   15:57  13.8   05:07   0.8   4.0   0.0   0.6   9.0   16:13   WSW
15  21.9  30.6   16:32  11.9   05:45   1.2   4.8   0.0   0.5   8.0   18:15     W
16  21.8  29.2   12:53  12.9   05:31   1.0   4.4   0.0   1.0  12.0   20:08   WSW
17  18.3  23.3   14:50  12.3   05:30   1.4   1.4   0.0   1.3  13.0   15:39   WSW
18  19.6  25.4   16:50  14.2   05:28   1.1   2.5   0.0   0.2   7.0   12:40   WSW
19  20.8  29.1   15:33  11.3   05:25   1.7   4.2   0.0   0.2   6.0   14:23    SW
20  20.7  25.3   14:00  16.8   05:37   0.2   2.6   1.8   0.3  10.0   14:22   WNW
21  20.7  28.1   15:42  15.8   04:07   0.8   3.1   1.4   0.4   8.0   18:05     W
22  21.9  29.4   15:24  14.0   05:30   0.8   4.4   0.0   0.5   9.0   13:17     W
23  24.5  31.1   14:05  17.3   05:55   0.0   6.2   0.0   1.1  10.0   15:19   WSW
24  22.9  29.6   16:14  15.7   05:31   0.4   5.0   0.0   1.0  12.0   13:21   WSW
25  23.3  32.3   17:24  15.1   05:36   0.4   5.5   0.0   0.4   7.0   16:17     W
26  25.0  33.8   15:55  15.7   04:23   0.4   7.1   0.0   0.9  11.0   16:42     W
27  22.5  30.6   13:32  17.5   23:51   0.0   4.2   2.6   0.7  10.0   15:28   WSW
28  18.0  21.5   14:56  14.2   07:09   1.0   0.7   1.6   2.9  22.0   15:12   WSW
29  17.2  19.2   16:47  15.1   07:22   1.3   0.2  11.6   2.3  17.0   17:48   WSW
30  19.0  22.5   15:43  16.3   02:21   0.6   1.2   0.4   1.6  16.0   14:25   WSW
31  19.2  25.3   16:13  14.6   06:18   1.0   1.9   0.8   1.3  11.0   17:58   WSW
----------------------------------------------------------------------------------
    21.2  33.8    26    11.3    19    23.9 114.9  20.4   0.9  22.0    28     WSW

Max >=  27.0 18
Max <=   0.0  0
Min <=   0.0  0
Min <= -18.0  0
Max Rain: 11.6 on day 29
Days of Rain: 8 (>= 0.2 mm)  2 (>= 2.0 mm)  0 (>= 20.0 mm)
Heat Base: 18.3  Cool Base: 18.3  Method: Integration