NOAA Style Reports for Camberley

camberley weather

Select a Year or Month report

Report for 2018 Jun
                   Monthly Climatological Summary for Jun 2018

Name: camberley weather   City: Camberley   County: Surrey   Country: UK, England
Elevation: 268 ft  Lat: N 51 19 54   Lon: W 000 45 11

                  Temperature (°C), Rain (mm), Wind Speed (kts)

                                      Heat  Cool        Avg
    Mean                              Deg   Deg         Wind                 Dom
Day Temp  High   Time   Low    Time   Days  Days  Rain  Speed High   Time    Dir
----------------------------------------------------------------------------------
01  18.6  23.5   14:18  14.9   05:51   1.2   1.4   0.0   0.5  10.0   18:20   WSW
02  18.8  24.6   17:36  14.7   04:20   1.2   1.8   0.0   0.7   9.0   15:35     W
03  19.7  27.8   18:28  11.3   04:28   1.8   3.2   0.6   0.2   8.0   16:04     E
04  16.3  19.7   15:51  13.2   23:52   2.1   0.0   0.2   0.8  10.0   15:45     E
05  14.1  19.1   16:50  11.3   23:54   4.2   0.0   0.0   0.9  10.0   12:44     E
06  15.7  23.4   17:03   7.8   04:53   3.8   1.2   0.0   1.1  10.0   10:32     E
07  16.3  20.1   16:40  13.0   03:21   2.3   0.3   0.2   0.5   8.0   00:19     E
08  17.9  22.2   13:32  14.2   05:06   1.5   1.1   0.0   0.6   7.0   13:16     E
09  16.9  21.8   14:44  12.4   02:15   2.1   0.7   0.0   0.6   9.0   10:52     E
10  18.2  24.6   16:28  12.9   04:45   1.6   1.5   0.0   0.8   9.0   00:00     E
11  18.6  26.0   17:40  12.1   04:48   1.9   2.1   0.0   1.1  11.0   15:40     E
12  15.4  19.3   13:06  10.5   23:59   2.9   0.0   0.0   0.7  12.0   12:06     E
13  15.4  21.9   13:55   7.2   04:40   3.6   0.8   0.0   1.3  14.0   19:42   WSW
14  17.3  23.6   16:56  13.5   23:58   2.1   1.0   0.0   2.2  16.0   07:27   WSW
15  16.3  22.1   13:51   8.6   04:45   3.0   1.0   0.0   0.8  10.0   15:19     W
16  15.6  19.1   12:15  13.1   04:15   2.7   0.0   0.0   1.7  12.0   10:58   WSW
17  15.0  18.3   12:09  12.8   07:12   3.3   0.0   0.2   2.1  12.0   13:33   WSW
18  18.4  24.9   16:22  14.0   05:16   1.5   1.5   0.6   2.1  13.0   14:08   WSW
19  19.7  23.9   17:42  16.2   23:55   0.4   1.8   0.0   1.7  10.0   09:27   WSW
20  18.4  24.6   16:35  14.7   02:16   1.4   1.5   0.0   1.5  11.0   15:21   WSW
21  15.4  20.7   18:10  10.1   04:57   3.2   0.3   0.0   1.2  11.0   13:06    NE
22  16.1  23.8   16:46   7.2   05:01   3.5   1.3   0.0   0.5   8.0   11:42    NE
23  17.7  23.9   14:54  10.3   04:37   2.3   1.7   0.0   0.5  10.0   11:42   WNW
24  19.1  27.2   16:48  11.0   05:01   2.0   2.7   0.0   0.4   7.0   16:29   ENE
25  21.4  30.4   18:23  11.0   05:37   1.6   4.7   0.0   0.5   7.0   14:17   ENE
26  21.7  30.3   16:15  12.0   05:16   1.2   4.5   0.0   0.9  10.0   18:10     E
27  19.4  28.1   17:09  10.9   03:50   1.8   2.9   0.0   1.5  11.0   13:19     E
28  19.1  28.2   17:30  12.2   04:31   1.9   2.7   0.0   1.5  16.0   18:00     E
29  20.6  28.5   16:42  13.0   05:55   1.1   3.4   0.0   1.7  13.0   13:28     E
30  19.8  28.4   16:00  12.4   03:40   1.7   3.2   0.0   1.9  16.0   16:42     E
----------------------------------------------------------------------------------
    17.8  30.4    25     7.2    13    64.9  48.3   1.8   1.1  16.0    14      SE

Max >=  27.0  8
Max <=   0.0  0
Min <=   0.0  0
Min <= -18.0  0
Max Rain: 0.6 on day 3
Days of Rain: 5 (>= 0.2 mm)  0 (>= 2.0 mm)  0 (>= 20.0 mm)
Heat Base: 18.3  Cool Base: 18.3  Method: Integration