NOAA Style Reports for Camberley

camberley weather

Select a Year or Month report

Report for 2018 May
                   Monthly Climatological Summary for May 2018

Name: camberley weather   City: Camberley   County: Surrey   Country: UK, England
Elevation: 268 ft  Lat: N 51 19 54   Lon: W 000 45 11

                  Temperature (°C), Rain (mm), Wind Speed (kts)

                                      Heat  Cool        Avg
    Mean                              Deg   Deg         Wind                 Dom
Day Temp  High   Time   Low    Time   Days  Days  Rain  Speed High   Time    Dir
----------------------------------------------------------------------------------
01   7.9  14.7   13:23  -0.3   05:28  10.4   0.0   0.6   1.6  19.0   14:41   WSW
02  10.0  14.5   14:16   4.4   23:57   8.3   0.0   4.0   2.1  16.0   02:38   WSW
03  10.5  18.2   16:13   1.7   05:44   7.8   0.0   0.0   0.7   9.0   14:08   WSW
04  13.6  19.7   18:19   5.9   05:09   4.8   0.1   0.0   0.3   7.0   11:37     W
05  15.7  24.4   16:55   5.9   04:46   4.1   1.5   0.0   0.8   8.0   11:45     E
06  18.0  28.8   17:10   6.3   05:59   3.4   3.0   0.0   0.5   8.0   10:16   ESE
07  20.1  30.1   17:10   9.7   05:27   2.2   4.0   0.0   0.5   8.0   12:20     E
08  17.8  25.6   14:33  10.2   23:58   2.6   2.2   0.0   1.1  14.0   17:43   WSW
09  13.5  20.1   15:17   6.6   05:31   4.9   0.1   0.0   1.0  11.0   17:04   WSW
10  12.8  17.9   15:42   8.3   23:11   5.5   0.0   1.0   1.1  12.0   09:22     W
11  12.6  17.4   12:46   6.2   03:50   5.7   0.0   0.0   1.0  11.0   10:09    NW
12  11.9  15.6   12:37   9.3   05:10   6.4   0.0   5.4   0.1   7.0   14:25    SW
13  12.5  19.2   16:24   6.9   04:21   5.8   0.0   0.0   0.4   8.0   16:55    NW
14  14.4  21.7   16:10   5.7   05:28   4.6   0.7   0.0   1.1  12.0   15:06    NE
15  16.8  24.0   16:41   7.9   05:28   3.0   1.5   0.0   0.9  11.0   15:49    NE
16  12.8  16.3   11:05   8.8   23:57   5.5   0.0   0.0   1.6  15.0   11:55   ENE
17  11.8  18.7   16:56   6.3   05:40   6.5   0.0   0.0   1.3  14.0   08:37     E
18  12.1  19.4   17:01   3.9   05:34   6.3   0.1   0.0   0.4   7.0   12:27     E
19  14.9  24.2   17:19   5.3   04:56   4.5   1.0   0.0   0.5   8.0   13:47     E
20  15.9  23.7   15:26   7.4   05:44   3.6   1.2   0.0   0.6  10.0   17:17     E
21  16.5  23.1   15:53   7.7   05:04   3.1   1.4   0.0   0.6   9.0   14:24     E
22  17.1  23.6   15:20  11.3   04:09   2.5   1.3   0.0   1.3  13.0   17:00   ENE
23  14.0  19.8   14:46  10.2   06:01   4.4   0.2   0.0   1.5  13.0   13:46   ENE
24  13.0  15.5   14:45  10.4   03:52   5.3   0.0   5.8   0.4   9.0   07:55   ENE
25  14.6  18.3   17:33  12.5   04:43   3.7   0.0   0.6   0.0   4.0   16:40     E
26  19.4  26.4   16:20  13.9   01:09   1.6   2.7   0.2   2.2  21.0   14:38     E
27  20.9  28.6   15:57  15.2   04:11   0.7   3.3   0.6   1.0  12.0   01:01   ESE
28  19.4  25.5   15:47  13.9   05:24   1.0   2.1   0.0   0.6   9.0   17:21   ENE
29  15.7  18.1   16:06  14.2   05:54   2.6   0.0   2.0   0.9  11.0   18:41   ENE
30  15.4  18.7   17:24  12.9   05:04   3.0   0.0   2.2   0.1   6.0   01:21     E
31  17.8  23.9   13:06  13.7   01:35   1.4   0.9   1.4   0.2   7.0   13:15     E
----------------------------------------------------------------------------------
    14.8  30.1     7    -0.3     1   135.2  27.3  23.8   0.8  21.0    26     ENE

Max >=  27.0  3
Max <=   0.0  0
Min <=   0.0  1
Min <= -18.0  0
Max Rain: 5.8 on day 24
Days of Rain: 11 (>= 0.2 mm)  5 (>= 2.0 mm)  0 (>= 20.0 mm)
Heat Base: 18.3  Cool Base: 18.3  Method: Integration