NOAA style

NOAA Style Reports for Camberley

camberley weather

Select a Year or Month report
V/Λ2018 > Jan Feb Mar Apr May Jun Jul Aug Sep Oct Nov Dec
V/Λ2017 > Jan Feb Mar Apr May Jun Jul Aug Sep Oct Nov Dec
V/Λ2016 > Jan Feb Mar Apr May Jun Jul Aug Sep Oct Nov Dec
V/Λ2015 > Jan Feb Mar Apr May Jun Jul Aug Sep Oct Nov Dec
V/Λ2014 > Jan Feb Mar Apr May Jun Jul Aug Sep Oct Nov Dec
V/Λ2013 > Jan Feb Mar Apr May Jun Jul Aug Sep Oct Nov Dec
V/Λ2012 > Jan Feb Mar Apr May Jun Jul Aug Sep Oct Nov Dec
V/Λ2011 > Jan Feb Mar Apr May Jun Jul Aug Sep Oct Nov Dec

Report for 2018 Apr
                   Monthly Climatological Summary for Apr 2018

Name: camberley weather   City: Camberley   County: Surrey   Country: UK, England
Elevation: 268 ft  Lat: N 51 19 54   Lon: W 000 45 11

                  Temperature (°C), Rain (mm), Wind Speed (kts)

                                      Heat  Cool        Avg
    Mean                              Deg   Deg         Wind                 Dom
Day Temp  High   Time   Low    Time   Days  Days  Rain  Speed High   Time    Dir
----------------------------------------------------------------------------------
01   5.6   8.6   15:47   3.5   23:27  12.7   0.0   4.0   0.3   7.0   00:17    NE
02   8.3  10.6   18:23   3.6   00:00  10.0   0.0   7.0   1.2  11.0   16:13     W
03  10.5  13.0   14:11   7.6   23:04   7.8   0.0   4.6   2.4  16.0   14:31   WSW
04   9.0  11.1   11:18   6.3   23:57   9.3   0.0   5.8   2.5  19.0   12:47     W
05   7.3  13.3   15:46   3.5   06:58  11.0   0.0   0.0   1.0  11.0   00:00   WNW
06  10.1  16.9   15:25   4.1   00:14   8.2   0.0   0.0   1.3  14.0   10:52     N
07  11.4  16.7   11:44   6.3   03:21   6.9   0.0   0.0   1.1  14.0   14:00   WSW
08   9.8  11.1   16:26   8.8   05:53   8.5   0.0   5.2   0.1   5.0   16:41     E
09   9.0  10.2   17:37   8.0   07:29   9.3   0.0   9.0   1.0   8.0   10:30     E
10  10.3  13.2   16:19   8.3   03:56   8.0   0.0   3.4   1.9  11.0   19:09     E
11   9.2  11.2   00:00   7.3   10:50   9.1   0.0   9.4   0.9  11.0   18:17     E
12   8.1  10.7   16:39   6.4   22:31  10.2   0.0   0.0   0.4   7.0   11:33    NE
13   8.6  12.3   16:37   6.2   05:54   9.7   0.0   0.2   0.3   5.0   11:02   WSW
14  12.4  20.0   16:31   5.6   06:47   6.0   0.1   0.0   0.3   8.0   12:37     W
15  11.0  14.8   13:46   8.1   05:21   7.3   0.0   1.0   0.9  12.0   23:31     W
16  11.1  14.7   15:06   7.6   06:34   7.2   0.0   0.0   2.1  14.0   17:08   WSW
17  13.7  17.2   13:51   9.8   00:37   4.6   0.0   0.0   3.1  17.0   19:02   WSW
18  17.8  25.1   16:02  10.7   05:25   2.3   1.8   0.0   1.1  11.0   12:59   WNW
19  20.3  29.1   15:33  10.9   06:12   1.7   3.7   0.0   0.6  10.0   17:39   WSW
20  18.1  25.9   18:22   9.8   06:08   2.5   2.3   0.0   0.5   9.0   15:08     W
21  17.3  23.4   12:25  11.5   06:28   2.3   1.2   5.6   0.6  13.0   23:32     E
22  16.1  22.4   14:20   9.9   23:57   2.9   0.7   0.8   1.6  12.0   14:46   WSW
23  11.7  16.1   16:51   7.2   05:37   6.6   0.0   0.0   2.2  13.0   11:31   WSW
24  12.7  16.8   13:33  10.8   06:08   5.6   0.0   0.2   2.7  17.0   15:30   WSW
25  10.7  14.3   13:19   6.7   05:55   7.6   0.0   0.4   2.6  17.0   13:54   WSW
26  10.3  15.5   16:53   6.2   06:10   8.0   0.0   0.2   2.4  19.0   13:48   WSW
27   9.1  12.5   12:57   6.8   01:58   9.2   0.0   6.2   0.5  10.0   11:32     E
28   8.1   9.7   00:00   7.2   06:34  10.2   0.0   1.0   0.1   8.0   06:29    NE
29   6.9   7.8   10:23   6.2   05:35  11.3   0.0   0.0   1.7  19.0   22:13   ENE
30   7.0   9.3   16:29   4.3   23:55  11.3   0.0   0.2   2.1  17.0   00:48    NE
----------------------------------------------------------------------------------
    11.1  29.1    19     3.5     1   227.3   9.8  64.2   1.3  19.0     4       W

Max >=  27.0  1
Max <=   0.0  0
Min <=   0.0  0
Min <= -18.0  0
Max Rain: 9.4 on day 11
Days of Rain: 18 (>= 0.2 mm)  10 (>= 2.0 mm)  0 (>= 20.0 mm)
Heat Base: 18.3  Cool Base: 18.3  Method: Integration