NOAA style

NOAA Style Reports for Camberley

camberley weather

Select a Year or Month report
V/Λ2018 > Jan Feb Mar Apr May Jun Jul Aug Sep Oct Nov Dec
V/Λ2017 > Jan Feb Mar Apr May Jun Jul Aug Sep Oct Nov Dec
V/Λ2016 > Jan Feb Mar Apr May Jun Jul Aug Sep Oct Nov Dec
V/Λ2015 > Jan Feb Mar Apr May Jun Jul Aug Sep Oct Nov Dec
V/Λ2014 > Jan Feb Mar Apr May Jun Jul Aug Sep Oct Nov Dec
V/Λ2013 > Jan Feb Mar Apr May Jun Jul Aug Sep Oct Nov Dec
V/Λ2012 > Jan Feb Mar Apr May Jun Jul Aug Sep Oct Nov Dec
V/Λ2011 > Jan Feb Mar Apr May Jun Jul Aug Sep Oct Nov Dec

Report for 2018 Mar
                   Monthly Climatological Summary for Mar 2018

Name: camberley weather   City: Camberley   County: Surrey   Country: UK, England
Elevation: 268 ft  Lat: N 51 19 54   Lon: W 000 45 11

                  Temperature (°C), Rain (mm), Wind Speed (kts)

                                      Heat  Cool        Avg
    Mean                              Deg   Deg         Wind                 Dom
Day Temp  High   Time   Low    Time   Days  Days  Rain  Speed High   Time    Dir
----------------------------------------------------------------------------------
01  -3.1  -0.9   19:31  -4.9   00:00  21.1   0.0   0.0   5.5  23.0   20:01     E
02  -1.2  -0.3   23:49  -1.8   12:07  19.5   0.0   0.0   5.9  24.0   04:00     E
03   2.2   4.3   12:04  -0.3   00:00  16.1   0.0   5.6   3.3  17.0   15:47     E
04   6.3   8.7   12:43   4.1   00:00  12.0   0.0   0.4   0.7  10.0   13:44    NW
05   6.6   9.0   13:52   4.3   05:35  11.7   0.0   3.6   1.1  13.0   13:17     E
06   6.5  10.3   15:13   3.7   23:07  11.8   0.0   0.6   0.7   8.0   00:03   WSW
07   5.8  10.8   15:10   3.9   21:25  12.4   0.0   1.8   1.0  16.0   15:11   WSW
08   6.7  10.8   15:18   3.9   01:22  11.6   0.0   2.6   2.9  22.0   10:59     W
09   6.4  10.1   22:09   1.5   03:52  11.9   0.0   4.2   0.6  11.0   22:10    SE
10  10.2  13.5   13:56   5.8   23:43   8.1   0.0   0.8   1.3  12.0   15:01   WSW
11   8.7  11.9   14:50   5.6   00:34   9.5   0.0   4.0   0.9  14.0   17:04     E
12   8.5  11.1   13:50   6.6   23:53   9.8   0.0   3.4   1.0   9.0   12:11    NE
13   7.0  12.1   17:05   2.3   23:58  11.3   0.0   0.8   0.4   8.0   11:20   WNW
14   8.0  12.6   15:40   1.8   02:00  10.3   0.0   0.4   1.8  18.0   17:08   NNE
15   9.3  13.1   16:35   7.4   01:35   9.0   0.0   8.8   0.9  12.0   00:08   ENE
16   9.0  14.2   15:50   4.3   22:43   9.3   0.0   0.2   1.1  11.0   03:02   WSW
17   1.1   6.8   00:38  -1.6   22:21  17.2   0.0   0.0   4.0  21.0   06:09     E
18  -0.8   0.4   11:27  -1.7   19:13  19.1   0.0   0.0   3.4  21.0   11:34     E
19   0.9   3.9   15:23  -0.9   06:22  17.4   0.0   1.4   3.1  21.0   13:51     E
20   3.7   8.2   15:12  -0.3   02:25  14.6   0.0   0.4   1.1  13.0   16:10   ENE
21   4.2  10.7   14:00  -3.0   05:02  14.1   0.0   0.0   1.1  14.0   12:34     W
22   7.0  10.8   14:57   3.5   03:31  11.3   0.0   0.0   2.0  12.0   14:40     W
23   8.5  12.4   14:06   6.0   04:07   9.8   0.0   0.4   2.4  17.0   02:53   WSW
24   7.3   9.5   14:21   6.2   00:43  11.0   0.0   3.0   0.5   6.0   00:49     E
25   8.2  12.3   17:06   3.3   23:59   9.7   0.0   0.0   0.3   6.0   13:20   ENE
26   7.3  12.9   16:17   1.6   07:16  11.0   0.0   0.0   0.5   9.0   19:18     W
27   8.9  14.7   15:29   4.9   04:37   9.4   0.0   3.6   1.4  13.0   17:11     W
28   5.3   9.3   16:50   2.7   23:59  13.0   0.0  14.4   0.4  10.0   18:03   NNW
29   4.1   8.3   12:24   0.1   06:38  14.2   0.0   6.6   0.6  15.0   18:20   NNW
30   5.1   7.3   12:01   3.4   00:13  13.2   0.0  14.8   1.0  11.0   11:46     E
31   5.3   9.2   15:48   2.9   01:59  13.0   0.0   2.4   0.7  10.0   23:41    NW
----------------------------------------------------------------------------------
     5.6  14.7    27    -4.9     1   393.4   0.0  84.2   1.7  24.0     2       E

Max >=  27.0  0
Max <=   0.0  2
Min <=   0.0  8
Min <= -18.0  0
Max Rain: 14.8 on day 30
Days of Rain: 23 (>= 0.2 mm)  13 (>= 2.0 mm)  0 (>= 20.0 mm)
Heat Base: 18.3  Cool Base: 18.3  Method: Integration