NOAA style

NOAA Style Reports for Camberley

camberley weather

Select a Year or Month report
V/Λ2018 > Jan Feb Mar Apr May Jun Jul Aug Sep Oct Nov Dec
V/Λ2017 > Jan Feb Mar Apr May Jun Jul Aug Sep Oct Nov Dec
V/Λ2016 > Jan Feb Mar Apr May Jun Jul Aug Sep Oct Nov Dec
V/Λ2015 > Jan Feb Mar Apr May Jun Jul Aug Sep Oct Nov Dec
V/Λ2014 > Jan Feb Mar Apr May Jun Jul Aug Sep Oct Nov Dec
V/Λ2013 > Jan Feb Mar Apr May Jun Jul Aug Sep Oct Nov Dec
V/Λ2012 > Jan Feb Mar Apr May Jun Jul Aug Sep Oct Nov Dec
V/Λ2011 > Jan Feb Mar Apr May Jun Jul Aug Sep Oct Nov Dec

Report for 2018 Feb
                   Monthly Climatological Summary for Feb 2018

Name: camberley weather   City: Camberley   County: Surrey   Country: UK, England
Elevation: 268 ft  Lat: N 51 19 54   Lon: W 000 45 11

                  Temperature (°C), Rain (mm), Wind Speed (kts)

                                      Heat  Cool        Avg
    Mean                              Deg   Deg         Wind                 Dom
Day Temp  High   Time   Low    Time   Days  Days  Rain  Speed High   Time    Dir
----------------------------------------------------------------------------------
01   4.2   7.2   13:06   0.5   07:26  14.1   0.0   0.0   1.4  13.0   12:50   NNW
02   4.1   7.3   12:20   1.9   01:30  14.2   0.0   0.0   0.6  11.0   12:22   NNE
03   3.1   4.3   14:39   2.4   03:36  15.2   0.0   2.6   0.1   6.0   23:52     E
04   2.7   5.2   12:51   0.2   22:38  15.6   0.0   0.2   1.5  18.0   12:58   ENE
05   1.7   3.8   13:53  -1.1   07:11  16.6   0.0   0.0   1.0  14.0   10:50     E
06   1.2   3.4   14:08   0.3   06:38  17.1   0.0   0.0   0.5  10.0   10:14    NE
07   1.0   5.3   14:36  -2.9   23:57  17.0   0.0   0.0   0.4   7.0   10:20   NNE
08   2.4   7.1   13:07  -3.9   05:06  15.7   0.0   0.0   1.6  12.0   15:07   WSW
09   3.8   6.3   05:47  -1.8   23:59  14.4   0.0   5.8   1.7  15.0   06:41   WNW
10   3.8   9.7   23:55  -3.2   04:44  14.5   0.0   2.8   1.8  17.0   15:36   WSW
11   4.4   9.9   00:14   0.1   23:22  14.0   0.0   1.6   2.7  19.0   00:20     W
12   2.0   7.3   14:52  -2.8   07:16  16.3   0.0   0.2   0.8  12.0   15:08   WSW
13   3.5   5.1   08:17   0.2   23:58  14.7   0.0   5.4   1.6  17.0   05:12    NW
14   2.6   7.4   23:59  -2.6   03:16  15.7   0.0   4.8   1.6  19.0   12:00    NW
15   6.8   9.3   13:26   3.1   23:15  11.5   0.0   0.4   1.9  19.0   11:01     W
16   3.9   9.9   14:23  -1.6   07:44  14.4   0.0   0.0   0.3   8.0   12:31   WSW
17   4.6  10.2   15:33  -1.6   07:59  13.7   0.0   0.2   0.4   9.0   13:09   WSW
18   6.4  10.1   14:52   2.4   03:16  11.9   0.0   0.0   0.2   7.0   11:43   WNW
19   8.3  10.4   14:51   6.3   00:00  10.0   0.0   2.8   0.1   6.0   20:33   NNE
20   8.0   9.7   15:57   4.8   23:55  10.3   0.0   0.4   1.7  16.0   18:35    NE
21   4.0   6.8   15:26   0.0   06:07  14.3   0.0   0.0   0.5   8.0   10:20     E
22   2.5   5.6   14:47  -2.7   22:32  15.8   0.0   0.0   1.4  15.0   11:19     E
23   0.8   5.1   12:09  -3.1   04:16  17.5   0.0   0.0   1.7  17.0   16:26     E
24   1.6   6.0   14:27  -2.3   06:46  16.6   0.0   0.0   1.3  18.0   16:11     E
25   1.1   4.8   14:45  -1.9   07:08  17.2   0.0   0.0   2.7  17.0   11:48     E
26  -0.8   1.6   14:32  -2.8   23:41  19.1   0.0   0.0   2.7  19.0   15:24     E
27  -3.2   0.3   12:03  -6.6   22:10  21.5   0.0   0.0   0.9  11.0   11:32     E
28  -4.0  -0.9   12:14  -6.5   02:31  22.3   0.0   0.0   3.0  23.0   14:47     E
----------------------------------------------------------------------------------
     2.9  10.4    19    -6.6    27   431.2   0.0  27.2   1.1  23.0    28      NE

Max >=  27.0  0
Max <=   0.0  1
Min <=   0.0 17
Min <= -18.0  0
Max Rain: 5.8 on day 9
Days of Rain: 12 (>= 0.2 mm)  6 (>= 2.0 mm)  0 (>= 20.0 mm)
Heat Base: 18.3  Cool Base: 18.3  Method: Integration