NOAA Style Reports for Camberley

camberley weather

Select a Year or Month report
V/Λ2018 > Jan Feb Mar Apr May Jun Jul Aug Sep Oct Nov Dec
V/Λ2017 > Jan Feb Mar Apr May Jun Jul Aug Sep Oct Nov Dec
V/Λ2016 > Jan Feb Mar Apr May Jun Jul Aug Sep Oct Nov Dec
V/Λ2015 > Jan Feb Mar Apr May Jun Jul Aug Sep Oct Nov Dec
V/Λ2014 > Jan Feb Mar Apr May Jun Jul Aug Sep Oct Nov Dec
V/Λ2013 > Jan Feb Mar Apr May Jun Jul Aug Sep Oct Nov Dec
V/Λ2012 > Jan Feb Mar Apr May Jun Jul Aug Sep Oct Nov Dec
V/Λ2011 > Jan Feb Mar Apr May Jun Jul Aug Sep Oct Nov Dec

Report for 2018 Jan
                   Monthly Climatological Summary for Jan 2018

Name: camberley weather   City: Camberley   County: Surrey   Country: UK, England
Elevation: 268 ft  Lat: N 51° 19' 55"   Lon: W 000° 45' 12"

                  Temperature (°C), Rain (mm), Wind Speed (kts)

                                      Heat  Cool        Avg
    Mean                              Deg   Deg         Wind                 Dom
Day Temp  High   Time   Low    Time   Days  Days  Rain  Speed High   Time    Dir
----------------------------------------------------------------------------------
 1   6.2   7.6   14:13   4.8   04:30  12.1   0.0   0.0   2.2  17.0   02:01     W
 2   7.4  12.2   23:10   3.4   05:18  10.9   0.0   9.4   2.1  26.0   23:13     W
 3   8.5  10.3   13:20   7.1   04:16   9.8   0.0   0.6   5.5  31.0   02:12     W
 4   8.0  12.4   12:14   5.7   23:35  10.3   0.0   9.4   2.9  30.0   14:31     W
 5   5.6   8.4   13:34   2.1   22:05  12.7   0.0   0.0   1.6  21.0   11:55     W
 6   3.3   5.2   16:57   1.3   08:52  15.0   0.0   1.2   1.5  15.0   19:21     E
 7   2.8   5.5   14:07   1.5   21:07  15.5   0.0   0.0   3.3  21.0   13:34     E
 8   3.7   4.3   13:40   2.4   00:00  14.6   0.0   0.0   2.6  16.0   03:00     E
 9   4.8   7.8   23:11   3.0   05:30  13.5   0.0   0.0   0.3   7.0   05:28     E
10   6.1   9.8   13:44   1.3   22:54  12.2   0.0   0.4   0.5  10.0   04:07     W
11   3.8   6.2   14:04   0.8   06:03  14.5   0.0   0.2   0.0   4.0   18:23   NNE
12   5.6   6.6   11:24   4.9   06:13  12.7   0.0   0.4   0.1   7.0   22:17    NE
13   5.5   7.1   12:08   4.2   22:51  12.8   0.0   0.0   1.0  12.0   19:16    NE
14   4.4   5.9   13:14   3.3   07:05  13.9   0.0   0.0   0.5   7.0   03:39    SE
15   7.7  10.2   12:11   4.8   00:00  10.6   0.0   6.0   3.0  17.0   05:37   WSW
16   4.7   7.3   13:40   2.2   17:47  13.6   0.0   1.2   3.5  18.0   11:56     W
17   4.7   8.0   23:59   2.1   00:42  13.6   0.0   0.8   3.4  19.0   01:57     W
18   7.1  11.3   03:23   2.2   23:18  11.2   0.0   0.2   3.2  31.0   04:22     W
19   3.1   6.9   13:43   0.5   04:35  15.2   0.0   0.2   1.2  16.0   14:19     W
20   3.2   4.8   13:40   1.1   22:04  15.1   0.0   4.0   0.3   8.0   11:53     E
21   4.2  10.9   22:07   0.7   03:57  14.1   0.0  13.0   0.8  10.0   11:23     W
22   8.3  10.4   00:00   6.8   08:42  10.0   0.0   0.2   1.0  11.0   01:10     W
23  10.3  12.4   14:03   7.5   02:27   8.0   0.0   0.2   2.5  14.0   11:05   WSW
24   9.2  12.2   06:08   5.8   16:18   9.0   0.0  13.2   4.1  30.0   09:44   WSW
25   6.8   9.7   12:52   3.0   23:45  11.5   0.0   1.8   1.8  15.0   11:12   WSW
26   4.4   7.6   14:17   1.2   03:38  13.9   0.0   0.2   0.1   7.0   12:17   ENE
27   6.8  10.8   21:08   0.9   04:04  11.5   0.0   1.2   1.9  17.0   12:49   WSW
28  10.9  12.8   12:11   9.2   04:29   7.4   0.0   0.0   3.2  16.0   16:11     W
29   8.8  12.0   12:25   1.3   23:56   9.5   0.0   0.2   2.8  19.0   10:10     W
30   3.9   9.6   23:05  -2.1   06:16  14.4   0.0   0.4   0.8  12.0   23:47   WSW
31   6.1   9.8   00:10   2.1   22:28  12.2   0.0   2.0   3.3  17.0   00:47     W
----------------------------------------------------------------------------------
     6.0  12.8    28    -2.1    30   381.3   0.0  66.4   2.0  31.0     3       W

Max >=  27.0:  0
Max <=   0.0:  0
Min <=   0.0:  1
Min <= -18.0:  0
Max Rain: 13.2 on day 24
Days of Rain: 23 (>= 0.2 mm)  7 (>= 2.0 mm)  0 (>= 20.0 mm)
Heat Base: 18.3  Cool Base: 18.3  Method: Integration