NOAA style

NOAA Style Reports for Camberley

camberley weather

Select a Year or Month report
V/Λ2018 > Jan Feb Mar Apr May Jun Jul Aug Sep Oct Nov Dec
V/Λ2017 > Jan Feb Mar Apr May Jun Jul Aug Sep Oct Nov Dec
V/Λ2016 > Jan Feb Mar Apr May Jun Jul Aug Sep Oct Nov Dec
V/Λ2015 > Jan Feb Mar Apr May Jun Jul Aug Sep Oct Nov Dec
V/Λ2014 > Jan Feb Mar Apr May Jun Jul Aug Sep Oct Nov Dec
V/Λ2013 > Jan Feb Mar Apr May Jun Jul Aug Sep Oct Nov Dec
V/Λ2012 > Jan Feb Mar Apr May Jun Jul Aug Sep Oct Nov Dec
V/Λ2011 > Jan Feb Mar Apr May Jun Jul Aug Sep Oct Nov Dec

Report for 2018
                   Annual Climatological Summary for 2018

Name: camberley weather   City: Camberley   County: Surrey   Country: UK, England
Elevation: 268 ft  Lat: N 51 19 54   Lon: W 000 45 11

                  Temperature (°C), Heat Base: 18.3  Cool Base: 18.3
                          Dep.  Heat  Cool                       Max  Max  Min  Min
        Mean  Mean        From  Deg   Deg                        >=   <=   <=   <=
 YR MO  Max   Min   Mean  Norm  Days  Days  Hi  Date  Low  Date 27.0  0.0  0.0 -18.0
------------------------------------------------------------------------------------
 18  1   8.9   3.1   6.0   0.0   381     0  12.8  28  -2.1   30    0    0    1    0
 18  2   6.4  -0.9   2.9   0.0   431     0  10.4  19  -6.6   27    0    1   17    0
 18  3   9.3   2.4   5.6   0.0   393     0  14.7  27  -4.9    1    0    2    8    0
 18  4  15.1   7.3  11.1   0.0   227    10  29.1  19   3.5    1    1    0    0    0
 18  5  21.2   8.5  14.8   0.0   135    27  30.1   7  -0.3    1    3    0    1    0
 18  6  24.0  12.0  17.8   0.0    65    48  30.4  25   7.2   13    8    0    0    0
 18  7  27.8  14.7  21.2   0.0    24   115  33.8  26  11.3   19   18    0    0    0
 18  8  25.5  13.0  19.2   0.0    29    48  32.3   3   6.8   11    7    0    0    0
 18  9
 18 10
 18 11
 18 12
------------------------------------------------------------------------------------
        17.3   7.5  12.3   0.0  1686   248  33.8 Jul  -6.6  Feb   37    3   27    0

                                Precipitation (mm)

              Dep.   Max        Days of Rain
              From   Obs.           >=
 YR MO Total  Norm   Day Date  0.2  2.0 20.0
---------------------------------------------
 18  1  66.4   0.0  13.2  24    23    7    0
 18  2  27.2   0.0   5.8   9    12    6    0
 18  3  84.2   0.0  14.8  30    23   13    0
 18  4  64.2   0.0   9.4  11    18   10    0
 18  5  23.8   0.0   5.8  24    11    5    0
 18  6   1.8   0.0   0.6   3     5    0    0
 18  7  20.4   0.0  11.6  29     8    2    0
 18  8  23.8   0.0  11.8  16     5    3    0
---------------------------------------------
       311.8   0.0  14.8  Mar  105   46    0

                                Wind Speed (kts)
                          Dom
 YR MO   Avg.  Hi   Date  Dir
------------------------------
 18  1   2.0  31.0    3   WSW
 18  2   1.1  23.0   28   NNW
 18  3   1.7  24.0    2     E
 18  4   1.3  19.0    4     W
 18  5   0.8  21.0   26   ENE
 18  6   1.1  16.0   14    SE
 18  7   0.9  22.0   28   WSW
 18  8   0.9  17.0   10   WSW
 18  9
 18 10
 18 11
 18 12
------------------------------
         1.2  31.0  Jan   WSW