NOAA Style Reports for Camberley

camberley weather

Select a Year or Month report

Report for 2017 Dec
                   Monthly Climatological Summary for Dec 2017

Name: camberley weather   City: Camberley   County: Surrey   Country: UK, England
Elevation: 268 ft  Lat: N 51° 19' 55"   Lon: W 000° 45' 12"

                  Temperature (°C), Rain (mm), Wind Speed (kts)

                                      Heat  Cool        Avg
    Mean                              Deg   Deg         Wind                 Dom
Day Temp  High   Time   Low    Time   Days  Days  Rain  Speed High   Time    Dir
----------------------------------------------------------------------------------
 1   3.5   6.8   13:28   1.2   23:43  14.8   0.0   0.0   1.6  12.0   02:18   NNE
 2   3.6   6.1   22:03   0.7   02:12  14.7   0.0   0.0   0.1   5.0   14:58   WSW
 3   7.1   9.6   13:43   3.7   23:58  11.2   0.0   0.8   0.0   5.0   03:23   ---
 4   6.3   9.4   13:16   1.2   02:08  12.0   0.0   0.0   0.0   5.0   11:54     N
 5   7.4   8.1   22:06   6.4   06:34  10.9   0.0   0.0   0.9   9.0   20:06   WSW
 6   9.1  10.5   11:43   7.8   04:03   9.2   0.0   0.0   1.6  19.0   23:35   WSW
 7  10.6  12.1   11:29   3.1   23:43   7.7   0.0   3.6   2.8  21.0   05:36   WSW
 8   1.9   3.6   11:28  -0.9   22:48  16.4   0.0   0.0   1.6  11.0   01:52   WNW
 9  -0.3   2.6   14:30  -4.1   06:03  18.6   0.0   0.0   0.3   7.0   11:04     W
10   1.1   3.4   11:40  -0.1   19:52  17.2   0.0  19.8   1.0  19.0   11:30     E
11   0.5   1.7   08:32  -2.8   23:46  17.8   0.0   9.4   1.8  15.0   04:02    NE
12  -0.4   5.8   23:59  -5.7   07:30  18.7   0.0   0.8   0.1   9.0   23:20   WSW
13   6.2   9.0   17:10   2.8   21:08  12.1   0.0   5.2   2.5  17.0   13:33   WSW
14   3.6   7.3   12:19   1.6   20:59  14.7   0.0   0.0   2.5  17.0   03:56   WSW
15   3.3   5.3   14:20   1.2   23:55  15.0   0.0   1.0   1.1  10.0   12:29   NNE
16   2.0   5.6   14:32  -2.7   07:01  16.3   0.0   0.0   0.1   6.0   12:16     W
17   3.7   9.1   21:31  -2.4   07:24  14.6   0.0   2.8   0.9  10.0   15:06     W
18   2.4   8.3   00:00  -1.4   23:58  15.9   0.0   0.0   0.0   6.0   00:34    NE
19   2.9   7.3   23:28  -2.3   04:51  15.4   0.0   0.4   0.1   4.0   13:40     W
20   8.8  10.2   20:59   7.2   01:38   9.5   0.0   0.0   0.1   4.0   05:37     W
21  10.3  11.6   14:15   8.8   23:57   8.0   0.0   0.0   1.0  10.0   11:57     W
22   9.8  10.9   12:56   8.7   00:15   8.5   0.0   0.0   0.1   6.0   01:53     W
23   8.7   9.4   00:00   8.1   08:05   9.6   0.0   0.0   1.7  10.0   08:14     W
24   8.7   9.9   23:42   7.6   04:17   9.6   0.0   0.0   2.5  16.0   12:27     W
25   9.2  10.5   14:50   4.2   23:47   9.1   0.0   4.4   3.8  27.0   19:51     W
26   5.2   7.7   13:04   2.8   08:15  12.7   0.0   0.4   2.0  12.0   10:31     W
27   2.0   6.4   00:00  -0.4   23:58  15.9   0.0   4.6   1.4  14.0   09:14   NNE
28   0.0   5.3   14:34  -2.4   07:39  18.2   0.0   0.2   0.2   5.0   12:04     W
29   4.5   7.6   11:34  -1.6   01:18  13.8   0.0   7.8   2.0  20.0   08:28     W
30  10.9  13.6   13:01   5.2   00:06   7.4   0.0   3.4   3.5  22.0   07:10     W
31   9.8  12.4   04:00   6.7   23:14   8.5   0.0   5.6   3.7  22.0   21:19   WSW
----------------------------------------------------------------------------------
     5.2  13.6    30    -5.7    12   404.0   0.0  70.2   1.3  27.0    25       W

Max >=  27.0:  0
Max <=   0.0:  0
Min <=   0.0: 12
Min <= -18.0:  0
Max Rain: 19.8 on day 10
Days of Rain: 16 (>= 0.2 mm)  10 (>= 2.0 mm)  0 (>= 20.0 mm)
Heat Base: 18.3  Cool Base: 18.3  Method: Integration