NOAA Style Reports for Camberley

camberley weather

Select a Year or Month report
V/Λ2018 > Jan Feb Mar Apr May Jun Jul Aug Sep Oct Nov Dec
V/Λ2017 > Jan Feb Mar Apr May Jun Jul Aug Sep Oct Nov Dec
V/Λ2016 > Jan Feb Mar Apr May Jun Jul Aug Sep Oct Nov Dec
V/Λ2015 > Jan Feb Mar Apr May Jun Jul Aug Sep Oct Nov Dec
V/Λ2014 > Jan Feb Mar Apr May Jun Jul Aug Sep Oct Nov Dec
V/Λ2013 > Jan Feb Mar Apr May Jun Jul Aug Sep Oct Nov Dec
V/Λ2012 > Jan Feb Mar Apr May Jun Jul Aug Sep Oct Nov Dec
V/Λ2011 > Jan Feb Mar Apr May Jun Jul Aug Sep Oct Nov Dec

Report for 2017 Nov
                   Monthly Climatological Summary for Nov 2017

Name: camberley weather   City: Camberley   County: Surrey   Country: UK, England
Elevation: 268 ft  Lat: N 51° 19' 55"   Lon: W 000° 45' 12"

                  Temperature (°C), Rain (mm), Wind Speed (kts)

                                      Heat  Cool        Avg
    Mean                              Deg   Deg         Wind                 Dom
Day Temp  High   Time   Low    Time   Days  Days  Rain  Speed High   Time    Dir
----------------------------------------------------------------------------------
 1   9.4  15.6   15:03   3.8   23:53   8.9   0.0   0.0   0.0   3.0   10:53   ---
 2   7.9  13.4   13:18   1.8   04:36  10.4   0.0   0.2   0.0   3.0   11:18   WSW
 3   9.5  14.2   13:42   5.6   03:53   8.8   0.0   0.2   0.0   3.0   10:26   ---
 4  10.5  13.1   10:19   4.3   23:06   7.8   0.0   4.6   0.3   8.0   10:35    NW
 5   5.2  10.2   14:11   0.8   23:52  13.1   0.0   0.2   0.4  10.0   11:19   NNW
 6   4.4  12.1   14:07  -2.4   06:39  13.9   0.0   0.2   0.2   7.0   12:04   WSW
 7   9.0  11.2   09:09   4.9   23:02   9.3   0.0   9.8   0.8  10.0   09:17   WNW
 8   4.9   9.2   15:15  -0.4   23:58  13.4   0.0   0.2   0.2   8.0   10:53   NNE
 9   7.7  14.1   13:03  -0.7   00:36  10.6   0.0   0.0   0.1   5.0   12:04     W
10   9.5  12.9   10:45   6.9   19:41   8.8   0.0   0.8   1.4  13.0   13:06   WNW
11   9.3  12.2   08:53   7.2   00:33   9.0   0.0   7.0   0.5  10.0   05:12   WSW
12   6.0   7.9   13:40   3.3   23:57  12.3   0.0   2.6   1.3  15.0   11:31     N
13   3.7   7.1   15:01  -0.9   07:45  14.6   0.0   0.0   0.2   6.0   01:34     N
14   8.9  10.6   12:06   4.9   00:00   9.4   0.0   0.0   0.9   9.0   03:20   WSW
15  10.2  11.4   14:19   9.4   23:58   8.1   0.0   0.8   0.0   3.0   00:21   ---
16   9.8  13.4   12:53   3.1   23:56   8.5   0.0   0.0   0.5  10.0   17:25     W
17   3.2   9.8   14:21  -1.7   07:04  15.1   0.0   0.2   0.0   3.0   11:32    NW
18   6.5   9.7   15:48   3.3   03:42  11.8   0.0   3.8   0.7  10.0   10:02   WSW
19   3.7   7.9   13:54  -0.1   06:31  14.6   0.0   0.2   0.0   3.0   11:16     W
20  10.4  12.4   18:42   4.3   00:00   7.9   0.0   1.4   2.2  13.0   09:56   WSW
21  12.5  13.7   22:21  11.1   05:56   5.8   0.0   0.0   2.5  17.0   18:24   WSW
22  13.8  15.1   23:33  13.0   05:50   4.5   0.0   0.0   4.6  25.0   22:43   WSW
23  10.3  14.6   00:00   7.2   23:59   8.0   0.0   1.4   2.8  21.0   00:03   WSW
24   3.8   7.3   00:00  -2.0   22:52  14.5   0.0   0.0   0.0   2.0   00:04   ---
25   1.7   7.3   13:13  -2.8   03:30  16.6   0.0   0.2   0.5  12.0   12:24     W
26   3.8   8.0   13:09  -0.9   07:50  14.5   0.0   0.0   0.7  13.0   11:42   WSW
27   8.3  10.2   12:51   4.1   23:39  10.0   0.0   1.6   2.7  19.0   07:04   WSW
28   3.8   7.0   13:29   1.1   03:51  14.5   0.0   0.0   0.3   9.0   12:17     N
29   2.9   5.5   14:43   0.2   06:13  15.4   0.0   0.2   0.9  10.0   10:33     N
30   1.1   3.8   13:13  -2.0   06:12  17.2   0.0   0.0   1.2  13.0   12:34     N
----------------------------------------------------------------------------------
     7.1  15.6     1    -2.8    25   337.3   0.0  35.6   0.9  25.0    22       W

Max >=  27.0:  0
Max <=   0.0:  0
Min <=   0.0: 10
Min <= -18.0:  0
Max Rain: 9.8 on day 7
Days of Rain: 19 (>= 0.2 mm)  5 (>= 2.0 mm)  0 (>= 20.0 mm)
Heat Base: 18.3  Cool Base: 18.3  Method: Integration