NOAA Style Reports for Camberley

camberley weather

Select a Year or Month report

Report for 2017 Sep
                   Monthly Climatological Summary for Sep 2017

Name: camberley weather   City: Camberley   County: Surrey   Country: UK, England
Elevation: 268 ft  Lat: N 51° 19' 55"   Lon: W 000° 45' 12"

                  Temperature (°C), Rain (mm), Wind Speed (kts)

                                      Heat  Cool        Avg
    Mean                              Deg   Deg         Wind                 Dom
Day Temp  High   Time   Low    Time   Days  Days  Rain  Speed High   Time    Dir
----------------------------------------------------------------------------------
 1  15.5  21.5   14:59   9.7   03:56   3.3   0.6   0.0   0.3   9.0   16:26    NE
 2  14.8  21.6   17:50   8.2   06:25   4.0   0.4   0.0   0.2   6.0   19:01   WSW
 3  13.2  16.7   10:19  10.2   02:55   5.1   0.0   4.8   0.7  14.0   13:03    NW
 4  17.8  22.3   15:26  14.0   00:00   1.3   0.8   1.8   0.8   9.0   16:56   WSW
 5  17.3  19.4   13:38  13.3   23:55   1.1   0.1   1.0   1.5  12.0   11:32   WSW
 6  15.3  19.0   17:20  11.5   02:04   3.1   0.0   0.0   0.8  10.0   08:53     W
 7  15.2  19.8   15:39  10.2   06:01   3.2   0.1   0.2   1.5  13.0   13:25   WSW
 8  15.5  19.3   16:54  10.8   23:57   2.9   0.0   2.0   2.0  13.0   02:31   WSW
 9  12.1  17.8   14:07   7.7   03:16   6.2   0.0   5.2   0.7  12.0   12:38   WSW
10  12.4  17.1   14:18   6.7   06:24   5.9   0.0   1.0   1.9  21.0   15:52   WSW
11  13.8  18.3   15:03  11.0   02:38   4.5   0.0   2.8   2.7  17.0   14:59   WSW
12  13.5  18.7   13:42   9.4   06:33   4.8   0.0   2.8   2.1  17.0   22:53   WSW
13  14.1  17.8   13:50  10.1   23:47   4.2   0.0   3.0   3.7  25.0   03:20   WSW
14  11.1  17.7   13:49   6.8   06:43   7.2   0.0   1.2   0.8  14.0   13:28     W
15  10.2  16.4   14:06   4.9   06:38   8.1   0.0   2.0   0.2   7.0   14:40     N
16  10.9  17.8   17:00   6.4   07:03   7.4   0.0   1.2   0.2   8.0   17:25    NE
17  10.8  16.9   17:09   5.6   04:27   7.5   0.0   0.0   0.0   5.0   13:19   NNE
18  12.8  17.8   14:17   8.5   02:39   5.5   0.0   9.2   0.3   9.0   20:04   NNE
19  11.8  17.9   17:16   7.9   06:34   6.5   0.0   1.0   0.1   6.0   13:08     W
20  13.6  18.6   16:12   9.0   06:16   4.7   0.0   0.2   0.9  13.0   16:02   WSW
21  14.6  17.7   13:03   8.9   23:42   3.7   0.0   2.8   1.1  15.0   10:46   WSW
22  11.3  18.9   16:05   3.6   06:15   7.0   0.0   0.4   0.6  11.0   16:13   WSW
23  15.1  21.2   16:07  11.4   23:58   3.6   0.4   0.0   0.2   7.0   13:07   WNW
24  16.0  22.3   14:25  10.3   06:00   3.0   0.7   0.2   0.6  10.0   11:30   NNE
25  15.7  17.3   14:36  14.4   06:09   2.6   0.0  10.0   0.4   8.0   15:05     E
26  16.0  20.6   15:04  13.5   06:55   2.6   0.3   0.0   0.2   8.0   10:55     E
27  15.5  20.2   14:39  12.5   04:33   3.0   0.2   8.2   0.3   8.0   13:30   WNW
28  16.0  19.8   15:47  12.9   21:46   2.4   0.1   4.8   0.6   8.0   11:29   WSW
29  15.9  18.6   10:13  11.3   23:39   2.4   0.0   2.2   1.0  10.0   08:52   WSW
30  13.3  16.8   15:52  10.1   03:01   5.0   0.0   1.6   1.0  12.0   11:39   WSW
----------------------------------------------------------------------------------
    14.0  22.3     4     3.6    22   131.8   3.7  69.6   0.9  25.0    13     WSW

Max >=  27.0:  0
Max <=   0.0:  0
Min <=   0.0:  0
Min <= -18.0:  0
Max Rain: 10.0 on day 25
Days of Rain: 24 (>= 0.2 mm)  13 (>= 2.0 mm)  0 (>= 20.0 mm)
Heat Base: 18.3  Cool Base: 18.3  Method: Integration