NOAA Style Reports for Camberley

camberley weather

Select a Year or Month report
V/Λ2018 > Jan Feb Mar Apr May Jun Jul Aug Sep Oct Nov Dec
V/Λ2017 > Jan Feb Mar Apr May Jun Jul Aug Sep Oct Nov Dec
V/Λ2016 > Jan Feb Mar Apr May Jun Jul Aug Sep Oct Nov Dec
V/Λ2015 > Jan Feb Mar Apr May Jun Jul Aug Sep Oct Nov Dec
V/Λ2014 > Jan Feb Mar Apr May Jun Jul Aug Sep Oct Nov Dec
V/Λ2013 > Jan Feb Mar Apr May Jun Jul Aug Sep Oct Nov Dec
V/Λ2012 > Jan Feb Mar Apr May Jun Jul Aug Sep Oct Nov Dec
V/Λ2011 > Jan Feb Mar Apr May Jun Jul Aug Sep Oct Nov Dec

Report for 2017 Aug
                   Monthly Climatological Summary for Aug 2017

Name: camberley weather   City: Camberley   County: Surrey   Country: UK, England
Elevation: 268 ft  Lat: N 51° 19' 55"   Lon: W 000° 45' 12"

                  Temperature (°C), Rain (mm), Wind Speed (kts)

                                      Heat  Cool        Avg
    Mean                              Deg   Deg         Wind                 Dom
Day Temp  High   Time   Low    Time   Days  Days  Rain  Speed High   Time    Dir
----------------------------------------------------------------------------------
 1  16.6  21.7   16:33  11.7   05:50   2.4   0.7   1.4   1.3  14.0   16:25   WSW
 2  16.5  18.5   20:39  14.3   03:06   1.8   0.0   9.6   1.9  17.0   10:53   WSW
 3  18.0  21.6   15:39  15.2   03:45   0.9   0.5   0.6   3.4  20.0   11:50   WSW
 4  18.1  22.1   15:07  14.2   05:46   1.1   0.9   0.0   2.2  13.0   11:07   WSW
 5  16.3  20.5   12:15  11.8   23:59   2.2   0.2   8.2   0.5  11.0   12:27     W
 6  15.4  21.5   15:27   7.9   05:44   3.5   0.6   0.0   1.3  11.0   15:32   WSW
 7  16.3  19.4   15:35  12.9   01:58   2.2   0.1   0.8   1.0   9.0   07:48   WSW
 8  15.0  16.8   15:55  13.2   23:15   3.3   0.0   0.0   0.4   7.0   10:24   NNE
 9  13.4  14.8   13:55  12.4   23:40   4.9   0.0  29.0   0.4   8.0   15:11   NNE
10  15.2  21.8   17:28  10.8   06:02   3.6   0.5   0.0   0.8  13.0   16:51    NE
11  15.4  21.9   15:02   8.2   06:05   3.4   0.5   0.2   1.4  10.0   09:24   WSW
12  18.4  22.7   17:45  14.2   23:59   0.8   0.9   0.4   1.4  12.0   11:05   WSW
13  16.6  23.1   16:59  10.7   06:05   2.7   1.1   0.0   0.3   7.0   14:09   WSW
14  16.7  23.3   13:47   8.5   04:52   3.0   1.4   0.0   0.5   9.0   12:15   WSW
15  18.1  24.4   17:07  12.3   23:57   1.7   1.5   0.4   0.6  11.0   17:45     W
16  16.2  22.7   17:00   9.3   06:07   3.1   1.0   0.0   1.2  11.0   13:06   WSW
17  19.2  24.2   16:50  15.8   00:40   0.7   1.6   3.0   2.2  14.0   14:57   WSW
18  15.7  20.0   13:18  12.4   15:38   2.6   0.0  12.0   2.0  17.0   22:45   WSW
19  15.7  20.7   15:22  12.0   23:56   2.9   0.3   0.2   2.2  17.0   12:41   WSW
20  14.4  20.9   14:54   7.4   05:45   4.2   0.4   8.2   0.9  11.0   18:02   WSW
21  17.1  20.5   15:48  13.9   00:00   1.6   0.4   1.6   0.2   8.0   01:44     E
22  19.4  24.1   17:46  16.7   04:54   0.5   1.6   0.2   0.4  10.0   14:08     E
23  18.2  21.9   15:54  15.1   23:58   0.9   0.9   0.0   0.9  11.0   12:40   WSW
24  16.9  21.4   13:08  11.6   04:13   2.2   0.8   0.0   0.7   9.0   11:00   WSW
25  17.5  25.9   17:05  10.1   06:40   2.6   1.9   0.0   0.2   5.0   12:49   SSE
26  18.3  25.2   16:50  12.2   06:50   2.0   2.1   0.0   0.2   7.0   14:38     N
27  19.8  28.1   16:49  13.9   06:25   1.3   2.8   0.0   0.3   7.0   13:12     E
28  21.1  29.2   16:43  13.2   05:48   1.3   4.0   0.0   0.4   7.0   15:47   WSW
29  19.4  25.7   16:44  15.5   03:18   1.0   2.1   0.0   0.4   6.0   19:45   NNW
30  13.6  16.1   00:00   9.7   23:55   4.7   0.0   2.2   0.4  12.0   00:07    NE
31  13.5  20.9   18:14   6.5   06:11   5.0   0.2   1.4   0.3  11.0   14:42     W
----------------------------------------------------------------------------------
    16.8  29.2    28     6.5    31    74.1  29.0  79.4   1.0  20.0     3     WSW

Max >=  27.0:  2
Max <=   0.0:  0
Min <=   0.0:  0
Min <= -18.0:  0
Max Rain: 29.0 on day 9
Days of Rain: 17 (>= 0.2 mm)  7 (>= 2.0 mm)  1 (>= 20.0 mm)
Heat Base: 18.3  Cool Base: 18.3  Method: Integration