NOAA style

NOAA Style Reports for Camberley

camberley weather

Select a Year or Month report
V/Λ2018 > Jan Feb Mar Apr May Jun Jul Aug Sep Oct Nov Dec
V/Λ2017 > Jan Feb Mar Apr May Jun Jul Aug Sep Oct Nov Dec
V/Λ2016 > Jan Feb Mar Apr May Jun Jul Aug Sep Oct Nov Dec
V/Λ2015 > Jan Feb Mar Apr May Jun Jul Aug Sep Oct Nov Dec
V/Λ2014 > Jan Feb Mar Apr May Jun Jul Aug Sep Oct Nov Dec
V/Λ2013 > Jan Feb Mar Apr May Jun Jul Aug Sep Oct Nov Dec
V/Λ2012 > Jan Feb Mar Apr May Jun Jul Aug Sep Oct Nov Dec
V/Λ2011 > Jan Feb Mar Apr May Jun Jul Aug Sep Oct Nov Dec

Report for 2017 Jul
                   Monthly Climatological Summary for Jul 2017

Name: camberley weather   City: Camberley   County: Surrey   Country: UK, England
Elevation: 268 ft  Lat: N 51° 19' 55"   Lon: W 000° 45' 12"

                  Temperature (°C), Rain (mm), Wind Speed (kts)

                                      Heat  Cool        Avg
    Mean                              Deg   Deg         Wind                 Dom
Day Temp  High   Time   Low    Time   Days  Days  Rain  Speed High   Time    Dir
----------------------------------------------------------------------------------
 1  18.1  23.4   17:42  14.0   05:18   1.4   1.2   0.0   1.2  10.0   12:54     W
 2  19.1  24.9   17:46  13.9   06:22   1.1   1.9   0.2   0.9  10.0   06:07    NW
 3  18.7  24.9   16:35  14.1   05:24   1.4   1.7   0.0   1.3  13.0   17:26   WSW
 4  18.8  25.3   18:06  11.8   05:30   1.5   2.0   0.0   0.7   8.0   11:25   WSW
 5  21.8  31.4   16:42  12.5   05:19   1.3   4.8   0.0   0.5   7.0   11:03     E
 6  24.9  32.8   16:20  18.1   05:34   0.0   6.6   0.0   1.1  10.0   17:35   ESE
 7  22.3  29.2   15:29  15.6   05:38   0.4   4.4   0.0   1.0  14.0   16:21     W
 8  21.5  27.9   17:32  16.6   05:46   0.3   3.5   0.0   0.6   8.0   08:34   WNW
 9  22.5  27.6   17:54  17.9   05:56   0.0   4.2   0.0   0.8  10.0   13:49   WSW
10  19.9  25.5   14:26  15.0   04:48   0.8   2.4   0.0   1.5  15.0   18:01   WSW
11  15.7  18.9   10:07  13.3   02:27   2.6   0.0  19.6   1.0  14.0   15:41   WSW
12  16.6  21.6   17:49  13.7   06:31   2.2   0.5  12.2   0.9  11.0   12:44   ENE
13  17.9  22.8   14:48  13.9   05:46   1.6   1.2   0.0   0.4   8.0   14:55   WSW
14  17.5  22.2   15:26  13.1   04:36   1.7   0.9   0.0   0.8  10.0   13:18   NNW
15  17.8  22.1   17:51  14.6   04:21   1.4   0.9   0.2   1.2  11.0   18:07   WSW
16  21.0  25.6   15:22  17.6   05:08   0.1   2.8   0.0   1.2  10.0   00:21   WSW
17  20.7  26.6   17:18  13.7   05:39   0.7   3.1   0.0   0.8  10.0   12:28   ENE
18  21.0  27.9   15:48  16.9   05:48   0.3   3.0   2.2   2.0  18.0   19:12     E
19  19.3  21.2   18:52  17.7   00:00   0.1   1.1   4.2   1.9  17.0   14:43    SW
20  17.8  20.8   15:54  14.1   23:59   0.9   0.4   0.2   1.8  16.0   13:41   WSW
21  17.1  21.5   17:21  12.7   04:31   2.0   0.8  10.6   1.7  14.0   08:25   WNW
22  14.4  19.1   12:32  11.7   23:59   3.9   0.0   7.6   0.5  10.0   11:20   WSW
23  14.4  19.2   15:11   8.8   05:37   3.9   0.0   0.2   0.9  11.0   14:04   WSW
24  16.0  20.6   15:49  13.2   23:57   2.5   0.3   1.2   0.5  10.0   10:23   NNE
25  17.6  24.9   18:32  11.3   05:38   2.2   1.6   0.0   0.3   6.0   11:45   NNE
26  17.3  21.3   14:07  14.2   03:59   1.4   0.4   3.0   1.5  14.0   14:05   WSW
27  16.5  21.7   13:34  13.7   05:42   2.2   0.4   3.2   1.8  14.0   15:49   WSW
28  16.7  20.6   11:32  13.8   04:07   1.9   0.2   0.6   2.7  19.0   20:21   WSW
29  16.7  19.8   11:02  14.2   05:55   1.7   0.1   7.0   1.2  13.0   00:05   WSW
30  16.9  20.7   16:33  14.2   06:44   1.7   0.3  12.0   1.6  17.0   16:24   WSW
31  17.4  22.8   17:17  12.4   05:43   2.1   1.2   0.0   1.6  14.0   16:08   WSW
----------------------------------------------------------------------------------
    18.5  32.8     6     8.8    23    45.3  51.9  84.2   1.2  19.0    28     WSW

Max >=  27.0:  6
Max <=   0.0:  0
Min <=   0.0:  0
Min <= -18.0:  0
Max Rain: 19.6 on day 11
Days of Rain: 16 (>= 0.2 mm)  10 (>= 2.0 mm)  0 (>= 20.0 mm)
Heat Base: 18.3  Cool Base: 18.3  Method: Integration