NOAA Style Reports for Camberley

camberley weather

Select a Year or Month report

Report for 2017 Jun
                   Monthly Climatological Summary for Jun 2017

Name: camberley weather   City: Camberley   County: Surrey   Country: UK, England
Elevation: 268 ft  Lat: N 51° 19' 55"   Lon: W 000° 45' 12"

                  Temperature (°C), Rain (mm), Wind Speed (kts)

                                      Heat  Cool        Avg
    Mean                              Deg   Deg         Wind                 Dom
Day Temp  High   Time   Low    Time   Days  Days  Rain  Speed High   Time    Dir
----------------------------------------------------------------------------------
 1  18.9  26.1   15:23  10.7   05:01   2.1   2.7   0.0   0.8  11.0   17:59   WSW
 2  18.8  24.8   12:27  11.7   04:56   1.8   2.3   0.0   0.3   8.0   16:31    NW
 3  17.0  21.7   15:46  12.8   23:56   1.9   0.6   0.0   1.5  11.0   19:39     W
 4  14.3  19.6   15:21   8.5   04:42   4.1   0.0   0.0   1.8  17.0   16:45   WSW
 5  14.0  16.9   15:19  10.5   05:13   4.3   0.0   5.0   2.7  19.0   10:59   WSW
 6  12.7  15.8   15:50   9.7   07:33   5.6   0.0  17.4   4.3  24.0   16:55   WSW
 7  14.7  20.0   15:17  10.3   05:09   3.8   0.1   0.0   3.2  17.0   08:28   WSW
 8  15.2  17.8   17:12  13.7   05:24   3.1   0.0   1.0   2.7  17.0   13:18   WSW
 9  16.0  20.8   17:39  11.5   05:39   2.7   0.3   0.0   1.9  14.0   12:25   WSW
10  17.9  22.4   13:13  13.2   01:51   1.5   1.2   0.0   2.5  18.0   13:46   WSW
11  18.3  22.3   13:00  13.6   23:52   0.9   1.0   0.2   2.7  18.0   15:22   WSW
12  15.5  20.8   17:39  11.8   02:44   3.1   0.3   0.0   2.3  14.0   14:55   WSW
13  17.1  24.6   18:07   8.3   04:31   2.8   1.7   0.0   0.3   6.0   14:29     W
14  20.5  27.8   16:04  11.3   05:18   1.4   3.6   0.0   0.6  10.0   16:42   WNW
15  18.3  23.4   13:28  12.7   05:19   1.6   1.5   0.0   1.9  14.0   13:55   WSW
16  17.8  24.8   17:45  11.1   04:37   2.1   1.7   0.0   1.3  12.0   11:14     W
17  22.3  29.8   17:19  13.2   04:36   1.1   5.1   0.0   0.5   8.0   14:16     W
18  24.5  33.2   18:13  15.5   05:08   0.4   6.5   0.0   0.4   9.0   19:19   WSW
19  25.8  34.1   15:47  16.7   04:50   0.1   7.7   0.0   0.4   7.0   11:15   ESE
20  24.5  32.6   15:24  17.6   04:55   0.0   6.2   0.0   1.1  13.0   20:43     E
21  25.0  34.5   15:42  16.3   04:35   0.3   7.0   0.0   1.2  10.0   15:45   SSW
22  20.1  23.1   17:33  15.8   23:57   0.2   2.0   0.0   1.7  17.0   12:20   WSW
23  18.0  22.8   13:40  12.6   05:07   1.6   1.3   0.0   2.4  17.0   16:22   WSW
24  18.5  22.2   15:21  15.0   23:56   0.8   1.0   2.0   2.2  15.0   14:05   WSW
25  17.7  22.3   13:46  14.1   03:31   1.6   1.0   0.0   2.0  17.0   18:16   WSW
26  18.8  26.5   16:52  11.6   05:26   1.6   2.0   0.0   0.6  10.0   20:12     E
27  17.6  23.7   13:05  14.0   03:09   1.6   0.9  14.5   0.8   9.0   00:02     E
28  15.1  17.6   11:44  12.3   23:58   3.2   0.0   0.0   0.3   8.0   13:30    NE
29  14.5  17.1   19:29  11.2   05:31   3.8   0.0   0.2   0.4   6.0   09:37   WSW
30  17.4  22.3   16:33  13.4   04:55   1.7   0.8   0.0   0.4   9.0   20:24   NNE
----------------------------------------------------------------------------------
    18.2  34.5    21     8.3    13    60.8  58.5  40.3   1.5  24.0     6     WSW

Max >=  27.0:  6
Max <=   0.0:  0
Min <=   0.0:  0
Min <= -18.0:  0
Max Rain: 17.4 on day 6
Days of Rain: 7 (>= 0.2 mm)  4 (>= 2.0 mm)  0 (>= 20.0 mm)
Heat Base: 18.3  Cool Base: 18.3  Method: Integration