NOAA Style Reports for Camberley

camberley weather

Select a Year or Month report
V/Λ2018 > Jan Feb Mar Apr May Jun Jul Aug Sep Oct Nov Dec
V/Λ2017 > Jan Feb Mar Apr May Jun Jul Aug Sep Oct Nov Dec
V/Λ2016 > Jan Feb Mar Apr May Jun Jul Aug Sep Oct Nov Dec
V/Λ2015 > Jan Feb Mar Apr May Jun Jul Aug Sep Oct Nov Dec
V/Λ2014 > Jan Feb Mar Apr May Jun Jul Aug Sep Oct Nov Dec
V/Λ2013 > Jan Feb Mar Apr May Jun Jul Aug Sep Oct Nov Dec
V/Λ2012 > Jan Feb Mar Apr May Jun Jul Aug Sep Oct Nov Dec
V/Λ2011 > Jan Feb Mar Apr May Jun Jul Aug Sep Oct Nov Dec

Report for 2017 May
                   Monthly Climatological Summary for May 2017

Name: camberley weather   City: Camberley   County: Surrey   Country: UK, England
Elevation: 268 ft  Lat: N 51° 19' 55"   Lon: W 000° 45' 12"

                  Temperature (°C), Rain (mm), Wind Speed (kts)

                                      Heat  Cool        Avg
    Mean                              Deg   Deg         Wind                 Dom
Day Temp  High   Time   Low    Time   Days  Days  Rain  Speed High   Time    Dir
----------------------------------------------------------------------------------
 1  10.3  15.0   16:36   8.2   05:44   8.0   0.0   0.8   1.2  10.0   21:59     E
 2  11.1  17.2   12:33   5.2   05:50   7.2   0.0   0.0   0.9  10.0   11:54   ENE
 3   9.2  12.4   13:44   6.7   05:43   9.1   0.0   0.6   1.3  13.0   10:26    NE
 4  11.1  15.1   13:52   8.8   00:16   7.2   0.0   0.0   1.9  14.0   16:07   ENE
 5  11.4  16.1   15:23   7.8   05:37   6.9   0.0   0.0   3.5  22.0   13:24     E
 6  12.0  15.9   14:44   9.2   05:13   6.3   0.0   0.0   2.5  16.0   03:46   ENE
 7  12.4  19.4   16:22   7.0   04:51   6.0   0.1   0.0   0.8  11.0   14:54    NE
 8   9.3  12.1   15:31   5.7   04:33   9.0   0.0   0.0   1.4  14.0   10:08    NE
 9   9.4  15.7   16:50   3.8   04:39   8.9   0.0   0.0   0.9  10.0   14:47   ENE
10  11.6  20.7   16:54   1.2   05:52   7.0   0.2   0.0   1.0  10.0   13:17     E
11  13.5  22.2   13:31   7.2   04:37   5.2   0.4   8.2   1.0  10.0   14:19     E
12  14.4  18.2   17:35  11.7   23:32   3.9   0.0   1.8   1.5  14.0   17:35   WSW
13  13.9  18.2   15:39  11.7   00:00   4.3   0.0   0.6   2.0  15.0   15:32   WSW
14  14.4  19.7   14:23  10.2   23:53   3.9   0.0   2.2   1.6  12.0   17:19   WSW
15  13.8  17.8   16:27   9.1   02:32   4.5   0.0   0.6   1.8  16.0   16:42   WSW
16  17.8  21.9   14:06  15.1   05:54   1.3   0.8   0.8   1.9  16.0   14:22   WSW
17  14.8  17.1   11:25  10.7   23:26   3.5   0.0  31.8   0.1   6.0   17:01     N
18  11.8  16.6   13:32   9.1   05:35   6.5   0.0   8.0   0.1   6.0   00:40   WNW
19  11.0  17.1   15:07   7.4   23:44   7.3   0.0   2.4   0.3  10.0   15:28   WSW
20  11.1  15.9   16:34   4.8   04:59   7.2   0.0   0.6   1.7  17.0   14:37   WSW
21  14.5  21.2   15:39   6.6   05:36   4.2   0.5   0.0   0.8  10.0   11:48     W
22  17.6  25.3   16:43   9.0   05:26   2.8   2.1   0.0   1.1  12.0   15:27     W
23  16.4  21.9   17:29  10.1   05:09   2.5   0.6   0.0   0.7  10.0   17:42   WSW
24  19.0  27.1   16:09  10.9   05:17   2.1   2.8   0.0   0.3   9.0   11:13   ENE
25  20.3  27.8   15:15  12.0   05:15   1.4   3.4   0.0   1.1  10.0   12:00     E
26  21.4  28.9   15:35  13.4   05:41   1.1   4.2   0.0   2.0  14.0   12:22   ENE
27  18.0  21.8   09:47  13.2   23:58   1.0   0.7   0.4   1.5  16.0   14:14   WSW
28  17.0  23.4   13:59  11.2   02:07   2.2   1.0   0.8   0.4   8.0   18:08     E
29  16.5  20.4   15:34  12.7   04:45   1.9   0.2   7.8   0.5  12.0   02:37     S
30  16.8  21.3   18:00  13.6   05:09   1.8   0.3   0.6   1.3  13.0   18:25   WSW
31  17.5  23.4   14:10  11.7   04:45   2.1   1.3   0.0   0.2   6.0   15:11   WSW
----------------------------------------------------------------------------------
    14.2  28.9    26     1.2    10   146.3  18.6  68.0   1.2  22.0     5     ESE

Max >=  27.0:  3
Max <=   0.0:  0
Min <=   0.0:  0
Min <= -18.0:  0
Max Rain: 31.8 on day 17
Days of Rain: 16 (>= 0.2 mm)  6 (>= 2.0 mm)  1 (>= 20.0 mm)
Heat Base: 18.3  Cool Base: 18.3  Method: Integration