NOAA Style Reports for Camberley

camberley weather

Select a Year or Month report
V/Λ2018 > Jan Feb Mar Apr May Jun Jul Aug Sep Oct Nov Dec
V/Λ2017 > Jan Feb Mar Apr May Jun Jul Aug Sep Oct Nov Dec
V/Λ2016 > Jan Feb Mar Apr May Jun Jul Aug Sep Oct Nov Dec
V/Λ2015 > Jan Feb Mar Apr May Jun Jul Aug Sep Oct Nov Dec
V/Λ2014 > Jan Feb Mar Apr May Jun Jul Aug Sep Oct Nov Dec
V/Λ2013 > Jan Feb Mar Apr May Jun Jul Aug Sep Oct Nov Dec
V/Λ2012 > Jan Feb Mar Apr May Jun Jul Aug Sep Oct Nov Dec
V/Λ2011 > Jan Feb Mar Apr May Jun Jul Aug Sep Oct Nov Dec

Report for 2017 Apr
                   Monthly Climatological Summary for Apr 2017

Name: camberley weather   City: Camberley   County: Surrey   Country: UK, England
Elevation: 268 ft  Lat: N 51° 19' 55"   Lon: W 000° 45' 12"

                  Temperature (°C), Rain (mm), Wind Speed (kts)

                                      Heat  Cool        Avg
    Mean                              Deg   Deg         Wind                 Dom
Day Temp  High   Time   Low    Time   Days  Days  Rain  Speed High   Time    Dir
----------------------------------------------------------------------------------
 1  10.6  15.1   16:18   6.3   23:45   7.7   0.0   0.0   1.6  12.0   03:30   WSW
 2   9.5  16.3   17:40   4.1   02:47   8.8   0.0   0.0   0.5   9.0   14:52   WNW
 3   9.5  16.7   14:55   2.3   04:02   8.7   0.0   0.0   1.3  13.0   14:57   WSW
 4  11.2  14.8   14:48   8.6   00:00   7.1   0.0   1.0   0.5   9.0   21:09   NNE
 5   9.3  14.5   16:48   3.8   05:09   9.0   0.0   0.0   0.7  10.0   11:17   NNE
 6   9.9  17.8   16:39   1.9   06:32   8.4   0.0   0.0   0.3   7.0   15:34     W
 7  10.6  19.1   16:52   2.2   06:03   7.7   0.0   0.0   0.4   7.0   12:41     N
 8  11.8  21.6   16:00   2.8   04:45   6.9   0.5   0.0   0.3   9.0   13:51     W
 9  14.6  24.2   14:31   5.9   04:21   5.1   1.4   0.0   1.4  16.0   13:55   WSW
10  10.0  13.3   15:50   6.7   05:04   8.3   0.0   0.0   0.8  10.0   09:35   NNE
11   9.9  16.3   17:02   2.9   06:41   8.4   0.0   0.0   1.2  12.0   17:53     W
12  10.6  16.6   16:39   4.8   05:13   7.7   0.0   0.0   1.5  12.0   10:46     W
13   9.7  14.1   15:23   4.2   06:05   8.6   0.0   0.0   0.5   7.0   12:02   NNW
14  10.4  14.1   15:07   4.1   06:41   7.9   0.0   0.0   1.5  13.0   18:34   WSW
15  10.6  14.7   16:27   5.5   23:51   7.6   0.0   0.0   1.3  12.0   15:22   WNW
16   9.7  14.5   13:47   3.3   03:00   8.6   0.0   0.0   1.2  11.0   17:21     W
17   9.6  14.0   16:27   6.1   23:59   8.7   0.0   0.8   0.6   8.0   14:25   ENE
18   7.3  12.7   15:31   1.6   04:30  11.0   0.0   0.0   1.2  14.0   09:59   ENE
19   8.4  14.9   17:19   0.8   06:30   9.9   0.0   0.0   0.7  10.0   12:34     E
20  10.1  14.9   17:21   4.3   05:54   8.2   0.0   0.0   0.8  10.0   09:22     W
21  11.1  15.4   11:28   5.2   03:21   7.2   0.0   0.0   0.3   8.0   14:27   WNW
22  11.5  16.3   17:17   5.4   23:52   6.8   0.0   0.0   0.7  10.0   12:40    NE
23  10.5  16.9   16:52   4.7   00:47   7.8   0.0   0.0   0.4   9.0   15:41     W
24   9.3  13.7   11:48   4.4   03:58   9.0   0.0   0.0   0.9  10.0   17:41    NW
25   5.1  11.9   16:28  -1.0   05:17  13.0   0.0   0.0   1.0  12.0   17:52   NNE
26   4.4  11.0   15:45  -0.6   02:38  13.9   0.0   1.2   0.8  11.0   11:05    NE
27   5.7  11.4   14:15  -2.5   05:41  12.6   0.0   0.2   0.7  11.0   10:28   WNW
28   9.6  14.6   15:56   3.8   02:00   8.7   0.0   0.0   0.3   7.0   15:39     W
29   9.7  16.1   17:33   2.0   04:16   8.6   0.0   0.0   0.9  10.0   16:29    NE
30  12.3  17.3   12:43   8.8   05:11   6.0   0.0   1.0   2.0  17.0   12:49   ENE
----------------------------------------------------------------------------------
     9.8  24.2     9    -2.5    27   257.9   1.9   4.2   0.9  17.0    30      NW

Max >=  27.0:  0
Max <=   0.0:  0
Min <=   0.0:  3
Min <= -18.0:  0
Max Rain: 1.2 on day 26
Days of Rain: 5 (>= 0.2 mm)  0 (>= 2.0 mm)  0 (>= 20.0 mm)
Heat Base: 18.3  Cool Base: 18.3  Method: Integration