NOAA Style Reports for Camberley

camberley weather

Select a Year or Month report
V/Λ2018 > Jan Feb Mar Apr May Jun Jul Aug Sep Oct Nov Dec
V/Λ2017 > Jan Feb Mar Apr May Jun Jul Aug Sep Oct Nov Dec
V/Λ2016 > Jan Feb Mar Apr May Jun Jul Aug Sep Oct Nov Dec
V/Λ2015 > Jan Feb Mar Apr May Jun Jul Aug Sep Oct Nov Dec
V/Λ2014 > Jan Feb Mar Apr May Jun Jul Aug Sep Oct Nov Dec
V/Λ2013 > Jan Feb Mar Apr May Jun Jul Aug Sep Oct Nov Dec
V/Λ2012 > Jan Feb Mar Apr May Jun Jul Aug Sep Oct Nov Dec
V/Λ2011 > Jan Feb Mar Apr May Jun Jul Aug Sep Oct Nov Dec

Report for 2017 Mar
                   Monthly Climatological Summary for Mar 2017

Name: camberley weather   City: Camberley   County: Surrey   Country: UK, England
Elevation: 268 ft  Lat: N 51° 19' 55"   Lon: W 000° 45' 12"

                  Temperature (°C), Rain (mm), Wind Speed (kts)

                                      Heat  Cool        Avg
    Mean                              Deg   Deg         Wind                 Dom
Day Temp  High   Time   Low    Time   Days  Days  Rain  Speed High   Time    Dir
----------------------------------------------------------------------------------
 1   6.5   8.5   13:03   4.6   07:29  11.8   0.0   0.6   2.3  23.0   21:50   WSW
 2   7.0  10.8   14:48   4.2   01:33  11.3   0.0   0.0   3.5  27.0   01:06   WSW
 3   7.9  11.6   14:50   5.2   02:26  10.4   0.0   6.6   0.8  10.0   07:18   NNW
 4   7.8  11.7   14:26   5.7   06:42  10.5   0.0   0.2   1.7  16.0   12:49   WSW
 5   6.7   9.9   14:22   4.9   07:53  11.6   0.0   3.4   3.0  22.0   14:30     W
 6   6.4  10.1   15:34   1.6   06:29  11.9   0.0   0.0   0.9  13.0   14:06     W
 7   6.9  11.4   15:07   3.6   06:27  11.4   0.0   0.8   0.9  10.0   01:53     W
 8  10.6  14.4   13:06   7.4   00:00   7.7   0.0   1.2   1.8  17.0   07:49   WSW
 9  11.9  16.6   14:56   6.5   22:41   6.4   0.0   0.0   1.6  14.0   09:08     W
10   9.2  12.0   14:28   6.5   03:48   9.1   0.0   0.0   0.1   6.0   06:59   WNW
11  11.6  16.8   14:49   9.1   22:43   6.7   0.0   0.0   0.1   5.0   03:15     W
12   9.5  11.9   14:53   7.8   23:59   8.8   0.0   6.8   0.1   7.0   21:59     N
13   9.1  15.3   15:09   3.1   06:37   9.2   0.0   0.0   0.4   8.0   10:56   WNW
14  10.7  14.7   14:38   6.6   00:39   7.6   0.0   0.0   1.2  11.0   08:39   WSW
15  11.1  17.9   15:20   6.1   23:42   7.2   0.0   0.0   0.3   8.0   13:24   WSW
16   8.2  11.7   15:05   4.9   05:06  10.1   0.0   0.0   0.9   9.0   12:25   WSW
17   7.6  11.2   13:39   2.2   06:17  10.7   0.0   0.0   2.7  17.0   18:16   WSW
18  11.7  13.9   15:51   9.7   00:00   6.6   0.0   0.4   3.7  17.0   00:56   WSW
19  12.1  14.1   14:07  11.1   06:27   6.2   0.0   0.0   3.8  18.0   11:34   WSW
20   9.9  12.1   11:58   6.1   22:49   8.4   0.0   2.2   3.0  18.0   10:09   WSW
21   6.7  10.9   14:57   2.9   06:17  11.6   0.0   0.0   2.5  17.0   11:38   WSW
22   6.2  10.7   16:54   2.2   22:11  12.1   0.0   4.4   1.1  12.0   11:24   WNW
23   7.8  11.1   12:52   4.6   00:00  10.5   0.0   1.6   3.7  21.0   12:58     E
24   8.4  12.7   16:48   5.3   23:58   9.9   0.0   0.0   3.3  17.0   00:53     E
25   8.9  15.2   14:55   3.2   05:32   9.4   0.0   0.0   3.1  21.0   14:09     E
26   9.5  15.8   16:38   4.9   04:22   8.4   0.0   0.0   3.8  20.0   13:16     E
27  10.0  16.2   16:55   6.1   02:38   8.3   0.0   0.0   1.6  10.0   13:34     E
28  10.4  16.5   15:11   4.9   07:18   7.9   0.0   0.2   1.5  17.0   16:27   WSW
29  12.3  14.2   12:56  10.8   00:00   6.0   0.0   0.0   2.7  16.0   13:16   WSW
30  15.1  20.7   14:59  10.7   02:30   3.5   0.3   0.0   1.0  15.0   15:16   WSW
31  12.2  15.7   14:12   8.6   23:49   6.1   0.0   0.6   1.6  16.0   15:23   WSW
----------------------------------------------------------------------------------
     9.4  20.7    30     1.6     6   277.3   0.3  29.0   1.9  27.0     2     WSW

Max >=  27.0:  0
Max <=   0.0:  0
Min <=   0.0:  0
Min <= -18.0:  0
Max Rain: 6.8 on day 12
Days of Rain: 13 (>= 0.2 mm)  5 (>= 2.0 mm)  0 (>= 20.0 mm)
Heat Base: 18.3  Cool Base: 18.3  Method: Integration