NOAA style

NOAA Style Reports for Camberley

camberley weather

Select a Year or Month report
V/Λ2018 > Jan Feb Mar Apr May Jun Jul Aug Sep Oct Nov Dec
V/Λ2017 > Jan Feb Mar Apr May Jun Jul Aug Sep Oct Nov Dec
V/Λ2016 > Jan Feb Mar Apr May Jun Jul Aug Sep Oct Nov Dec
V/Λ2015 > Jan Feb Mar Apr May Jun Jul Aug Sep Oct Nov Dec
V/Λ2014 > Jan Feb Mar Apr May Jun Jul Aug Sep Oct Nov Dec
V/Λ2013 > Jan Feb Mar Apr May Jun Jul Aug Sep Oct Nov Dec
V/Λ2012 > Jan Feb Mar Apr May Jun Jul Aug Sep Oct Nov Dec
V/Λ2011 > Jan Feb Mar Apr May Jun Jul Aug Sep Oct Nov Dec

Report for 2017 Feb
                   Monthly Climatological Summary for Feb 2017

Name: camberley weather   City: Camberley   County: Surrey   Country: UK, England
Elevation: 268 ft  Lat: N 51° 19' 55"   Lon: W 000° 45' 12"

                  Temperature (°C), Rain (mm), Wind Speed (kts)

                                      Heat  Cool        Avg
    Mean                              Deg   Deg         Wind                 Dom
Day Temp  High   Time   Low    Time   Days  Days  Rain  Speed High   Time    Dir
----------------------------------------------------------------------------------
 1  10.1  10.9   00:46   9.3   17:32   8.2   0.0   2.4   1.2  12.0   23:21   WSW
 2   9.8  10.7   14:51   8.5   07:46   8.5   0.0   3.8   2.7  17.0   19:14     W
 3   7.2   9.6   00:00   3.7   23:27  11.1   0.0   5.0   2.3  22.0   19:48     W
 4   4.5   9.8   14:54   1.4   03:38  13.8   0.0   1.6   0.2  10.0   21:58     W
 5   4.0   6.2   14:32   1.6   03:15  14.3   0.0   0.2   0.4   9.0   15:01   ENE
 6   2.9   6.9   13:44  -2.1   06:13  15.4   0.0   5.4   0.4   8.0   14:49   NNW
 7   6.3  11.3   13:59   2.8   22:20  12.0   0.0   0.8   0.3   9.0   00:10   WNW
 8   3.6   5.1   09:25   1.7   19:43  14.7   0.0   0.0   0.2   8.0   10:26   ENE
 9   1.4   1.8   00:00   0.9   22:43  16.9   0.0   0.0   1.3  10.0   17:52     E
10   0.6   1.0   03:18  -0.5   18:33  17.7   0.0   1.2   1.0  10.0   05:02   ENE
11   0.8   1.9   22:49  -0.2   08:31  17.5   0.0   1.4   0.9  10.0   07:15    NE
12   2.6   5.3   22:16   1.0   08:05  15.7   0.0   0.2   2.7  19.0   23:42     E
13   5.3   9.1   14:28   3.2   23:48  13.0   0.0   0.0   4.9  22.0   15:16     E
14   6.2  10.3   15:06   1.8   05:05  12.1   0.0   0.0   1.2   9.0   00:32     E
15   8.5  10.4   11:35   7.2   23:46   9.8   0.0   1.8   0.9  10.0   12:34   WSW
16   8.0  11.4   14:15   4.9   04:53  10.3   0.0   0.0   1.0  10.0   11:53   WSW
17   8.0  12.6   15:30   3.8   22:05  10.3   0.0   0.2   0.3   6.0   00:36   WSW
18   7.1  12.9   14:49   2.2   23:59  11.1   0.0   0.0   0.4  10.0   16:23   WSW
19   8.1  12.2   13:30   2.1   02:38  10.2   0.0   0.0   1.2   9.0   09:36   WSW
20  11.9  16.9   12:53   9.3   03:09   6.4   0.0   0.0   2.0  14.0   13:49   WSW
21  11.2  12.9   12:46   9.8   05:16   7.1   0.0   0.4   2.9  18.0   21:24   WSW
22  11.2  13.1   13:16   9.9   23:36   7.1   0.0   0.6   3.9  23.0   01:56   WSW
23   8.8  10.4   07:49   4.8   23:48   9.5   0.0   0.8   5.3  31.0   13:10   WSW
24   4.6  10.2   15:01   0.6   06:51  13.7   0.0   0.0   0.6  12.0   14:24    NW
25   8.2  10.1   13:12   4.7   00:29  10.1   0.0   1.6   3.0  18.0   17:34   WSW
26   9.6  10.9   11:37   7.9   22:25   8.7   0.0   1.6   3.3  19.0   19:09   WSW
27   5.9   8.2   00:00   2.1   23:19  12.4   0.0  11.4   2.5  15.0   11:31   WSW
28   4.0   7.3   21:34  -0.4   07:31  14.3   0.0   1.2   2.4  16.0   14:49   WSW
----------------------------------------------------------------------------------
     6.4  16.9    20    -2.1     6   331.9   0.0  41.6   1.8  31.0    23     WSW

Max >=  27.0:  0
Max <=   0.0:  0
Min <=   0.0:  4
Min <= -18.0:  0
Max Rain: 11.4 on day 27
Days of Rain: 19 (>= 0.2 mm)  5 (>= 2.0 mm)  0 (>= 20.0 mm)
Heat Base: 18.3  Cool Base: 18.3  Method: Integration