NOAA style

NOAA Style Reports for Camberley

camberley weather

Select a Year or Month report
V/Λ2018 > Jan Feb Mar Apr May Jun Jul Aug Sep Oct Nov Dec
V/Λ2017 > Jan Feb Mar Apr May Jun Jul Aug Sep Oct Nov Dec
V/Λ2016 > Jan Feb Mar Apr May Jun Jul Aug Sep Oct Nov Dec
V/Λ2015 > Jan Feb Mar Apr May Jun Jul Aug Sep Oct Nov Dec
V/Λ2014 > Jan Feb Mar Apr May Jun Jul Aug Sep Oct Nov Dec
V/Λ2013 > Jan Feb Mar Apr May Jun Jul Aug Sep Oct Nov Dec
V/Λ2012 > Jan Feb Mar Apr May Jun Jul Aug Sep Oct Nov Dec
V/Λ2011 > Jan Feb Mar Apr May Jun Jul Aug Sep Oct Nov Dec

Report for 2017 Jan
                   Monthly Climatological Summary for Jan 2017

Name: camberley weather   City: Camberley   County: Surrey   Country: UK, England
Elevation: 268 ft  Lat: N 51° 19' 55"   Lon: W 000° 45' 12"

                  Temperature (°C), Rain (mm), Wind Speed (kts)

                                      Heat  Cool        Avg
    Mean                              Deg   Deg         Wind                 Dom
Day Temp  High   Time   Low    Time   Days  Days  Rain  Speed High   Time    Dir
----------------------------------------------------------------------------------
 1   5.6   9.4   12:02   2.9   23:34  12.7   0.0  11.2   1.4  13.0   14:31    NW
 2   1.0   4.7   13:50  -3.4   23:50  17.3   0.0   0.2   0.4   8.0   02:15    NE
 3   0.0   5.1   13:24  -4.6   04:29  18.3   0.0   0.2   0.5  10.0   13:38   WSW
 4   3.8   8.0   13:39  -2.4   23:57  14.5   0.0   0.0   0.5   9.0   16:05   NNW
 5  -1.3   6.3   15:20  -4.7   07:50  19.6   0.0   0.0   0.0   2.0   10:19   ---
 6   2.5   6.3   12:55  -3.2   02:02  15.8   0.0   3.6   0.6   8.0   19:47   WSW
 7   8.6  10.0   13:08   6.1   00:00   9.7   0.0   2.0   0.0   4.0   00:02    SW
 8   8.6   9.8   12:52   8.1   03:00   9.7   0.0   1.0   0.0   2.0   13:06   ---
 9   7.3   9.6   14:50   3.1   23:42  11.0   0.0   1.2   1.6  17.0   13:36   WSW
10   5.9   8.6   14:50   2.9   03:09  12.4   0.0   0.2   0.8  10.0   10:16     W
11   7.8  10.4   10:27   4.7   22:01  10.5   0.0   0.0   2.0  14.0   12:37     W
12   3.9   6.4   11:02   0.2   23:32  14.4   0.0  10.6   1.6  10.0   00:38     W
13   1.8   5.9   14:34  -0.8   02:11  16.5   0.0   0.2   1.6  15.0   09:13     N
14   1.7   5.2   12:53  -0.8   03:26  16.6   0.0   0.2   0.3   9.0   13:09     N
15   5.1   8.3   18:48  -1.0   00:38  13.2   0.0   7.4   0.4   9.0   11:55    NW
16   5.2   7.9   00:28   3.4   23:23  13.0   0.0   5.2   0.1   6.0   05:17     E
17   1.1   5.6   14:41  -2.2   23:53  17.2   0.0   0.2   0.0   6.0   13:03   ESE
18  -1.2   4.5   14:19  -4.6   07:27  19.5   0.0   0.0   0.1   3.0   12:58     E
19  -0.1   6.3   14:58  -4.9   06:30  18.4   0.0   0.0   0.3   8.0   12:43     E
20   1.2   6.3   14:47  -1.9   08:04  17.1   0.0   0.2   1.1  14.0   16:04     E
21  -1.1   3.4   13:39  -4.2   20:20  19.3   0.0   0.0   0.4  10.0   13:24     E
22  -1.2   7.1   15:01  -5.6   05:53  19.6   0.0   0.0   0.0   3.0   11:42   WSW
23   0.5   4.6   15:01  -3.6   04:56  17.8   0.0   0.0   0.0   1.0   03:00   ---
24   2.1   9.8   13:54  -2.8   06:23  16.2   0.0   0.2   0.2   8.0   15:01   WSW
25   1.0   4.1   12:35  -1.6   02:51  17.3   0.0   0.2   0.1   7.0   15:18     E
26  -0.8   0.6   14:45  -2.1   20:30  19.1   0.0   0.0   1.2  11.0   04:37    NE
27   2.8   6.1   22:20  -1.9   00:01  15.5   0.0   0.2   0.8  10.0   15:03    NE
28   6.5   9.6   14:23   2.8   21:43  11.8   0.0   0.0   1.4  13.0   14:20   WSW
29   5.9  10.1   23:32   1.3   06:26  12.4   0.0  12.4   1.0  10.0   19:21     W
30   7.5  10.1   00:00   5.6   21:49  10.8   0.0   2.2   1.0   9.0   20:43     E
31   7.3  10.6   23:13   5.5   00:08  11.0   0.0   1.4   0.4   7.0   04:58   ENE
----------------------------------------------------------------------------------
     3.2  10.6    31    -5.6    22   468.2   0.0  60.2   0.6  17.0     9     WNW

Max >=  27.0:  0
Max <=   0.0:  0
Min <=   0.0: 19
Min <= -18.0:  0
Max Rain: 12.4 on day 29
Days of Rain: 21 (>= 0.2 mm)  8 (>= 2.0 mm)  0 (>= 20.0 mm)
Heat Base: 18.3  Cool Base: 18.3  Method: Integration