NOAA Style Reports for Camberley

camberley weather

Select a Year or Month report

Report for 2016 Dec
                   Monthly Climatological Summary for Dec 2016

Name: camberley weather   City: Camberley   County: Surrey   Country: UK, England
Elevation: 268 ft  Lat: N 51° 19' 55"   Lon: W 000° 45' 12"

                  Temperature (°C), Rain (mm), Wind Speed (kts)

                                      Heat  Cool        Avg
    Mean                              Deg   Deg         Wind                 Dom
Day Temp  High   Time   Low    Time   Days  Days  Rain  Speed High   Time    Dir
----------------------------------------------------------------------------------
 1  -0.5   7.9   14:38  -5.3   06:29  18.8   0.0   0.0   0.0   3.0   10:40     W
 2   4.5   7.5   13:35   0.9   00:00  13.8   0.0   0.0   0.1   7.0   23:04     E
 3   5.0   7.8   14:18   2.9   22:29  13.3   0.0   0.0   1.6  11.0   14:26     E
 4   3.2   7.1   13:26   0.6   23:24  15.1   0.0   0.0   2.2  16.0   15:01     E
 5   2.9   8.1   13:36  -1.1   07:11  15.4   0.0   0.0   0.2   7.0   17:03     E
 6   6.8  10.0   19:06   2.2   00:00  11.5   0.0   0.0   0.1   6.0   19:32    SW
 7  10.7  12.8   12:42   9.3   00:00   7.6   0.0   0.0   1.3  10.0   10:18   WSW
 8  11.4  12.6   11:32   9.7   03:21   6.9   0.0   0.2   1.6  10.0   04:06   WSW
 9  11.7  14.7   14:11  10.1   17:43   6.6   0.0   0.0   1.7  10.0   03:40   WSW
10  11.1  12.5   12:47   5.8   23:53   7.2   0.0   4.6   1.7  13.0   17:33   WSW
11   5.1   9.1   13:17   1.9   22:52  13.2   0.0   0.4   0.3   6.0   11:36   WSW
12   6.7  10.7   18:20   0.6   03:59  11.6   0.0   0.6   0.3   9.0   20:35     W
13  10.4  12.8   12:48   7.7   06:47   7.9   0.0   0.4   0.6  11.0   13:53   WSW
14   9.0  12.4   13:01   5.9   21:35   9.3   0.0   0.2   0.2   6.0   09:34   NNW
15   8.8  10.9   14:19   6.7   00:00   9.5   0.0   0.0   0.2   8.0   13:54    NW
16   8.7  10.0   14:39   6.4   04:25   9.6   0.0   0.0   0.0   3.0   00:00     E
17   6.5   8.0   13:55   3.1   03:53  11.8   0.0   0.2   0.0   2.0   08:53   ---
18   5.8   6.4   12:11   4.9   23:40  12.5   0.0   0.0   0.0   4.0   11:15   WSW
19   4.9   5.9   13:27   3.7   06:25  13.4   0.0   0.8   0.2   5.0   20:44     E
20   4.5   6.3   13:16   2.7   20:59  13.8   0.0   0.0   0.5   7.0   08:52   ESE
21   8.8  11.4   13:16   4.7   00:00   9.5   0.0   0.6   1.7  14.0   13:49   WSW
22   5.2   9.7   13:36   0.1   07:39  13.1   0.0   0.0   0.6  10.0   12:27   WSW
23   7.9  11.1   18:48   3.2   03:40  10.4   0.0   1.6   2.4  21.0   12:22   WSW
24   7.7   9.8   23:05   4.9   05:55  10.6   0.0   0.2   3.0  16.0   21:55   WSW
25  11.2  12.7   14:08   9.6   02:21   7.1   0.0   0.2   3.3  17.0   00:03   WSW
26   5.5  11.7   00:22  -1.3   23:39  12.8   0.0   1.4   0.9  12.0   00:01     W
27  -0.1   6.0   14:07  -3.3   08:23  18.4   0.0   0.2   0.0   2.0   01:24   ---
28   1.1   6.7   14:36  -2.4   02:42  17.2   0.0   0.2   0.1   8.0   12:18     E
29   2.0   9.1   14:36  -1.4   07:02  16.3   0.0   0.4   0.0   5.0   13:25   WSW
30   1.0   3.8   14:55  -1.7   07:16  17.3   0.0   0.2   0.0   3.0   10:46   WSW
31   5.7   8.4   14:36   2.3   00:00  12.6   0.0   0.2   0.3   8.0   21:25   WSW
----------------------------------------------------------------------------------
     6.2  14.7     9    -5.3     1   374.1   0.0  12.6   0.8  21.0    23     WSW

Max >=  27.0:  0
Max <=   0.0:  0
Min <=   0.0:  7
Min <= -18.0:  0
Max Rain: 4.6 on day 10
Days of Rain: 18 (>= 0.2 mm)  1 (>= 2.0 mm)  0 (>= 20.0 mm)
Heat Base: 18.3  Cool Base: 18.3  Method: Integration