NOAA Style Reports for Camberley

camberley weather

Select a Year or Month report

Report for 2016 Nov
                   Monthly Climatological Summary for Nov 2016

Name: camberley weather   City: Camberley   County: Surrey   Country: UK, England
Elevation: 268 ft  Lat: N 51° 19' 55"   Lon: W 000° 45' 12"

                  Temperature (°C), Rain (mm), Wind Speed (kts)

                                      Heat  Cool        Avg
    Mean                              Deg   Deg         Wind                 Dom
Day Temp  High   Time   Low    Time   Days  Days  Rain  Speed High   Time    Dir
----------------------------------------------------------------------------------
 1   8.1  11.3   14:22   5.5   05:07  10.2   0.0   0.2   0.3  10.0   18:10    NE
 2   4.8  10.5   14:21  -0.1   23:48  13.5   0.0   0.0   0.2   8.0   13:11   NNE
 3   5.2  11.9   13:43  -1.2   02:08  13.1   0.0   0.6   0.4   8.0   11:55   WSW
 4   7.1  10.9   11:20   2.2   23:58  11.2   0.0   6.0   0.0   3.0   08:57   WSW
 5   3.4   7.2   12:53  -0.3   07:23  14.9   0.0   0.2   0.4   9.0   10:18   NNE
 6   2.8   6.7   11:44  -2.3   06:37  15.5   0.0   1.6   0.9  10.0   09:58   NNE
 7   4.3   7.7   13:54  -0.9   22:59  14.0   0.0   0.0   1.6  16.0   04:04   NNE
 8   1.4   5.6   15:22  -3.7   06:53  16.9   0.0   2.4   0.1   5.0   23:32   SSW
 9   5.8   9.3   14:29   2.8   23:53  12.5   0.0  18.8   1.2  15.0   05:42    NE
10   5.6  10.8   11:46   1.9   01:04  12.7   0.0   0.2   0.6  12.0   13:54     W
11   4.0  10.2   13:50   0.0   07:42  14.3   0.0   0.2   0.0   3.0   12:06   WSW
12   8.7  10.8   13:37   2.7   00:00   9.6   0.0   8.6   0.4   7.0   07:33    NW
13   6.3  10.3   14:08   2.9   21:49  12.0   0.0   0.4   0.2   7.0   12:08   NNE
14   9.4  12.3   22:49   3.8   00:00   8.9   0.0   0.0   0.7   9.0   14:38   WSW
15  13.6  16.5   11:55  12.3   00:00   4.7   0.0   0.2   1.1  10.0   21:44   WSW
16  11.5  13.1   00:00   8.0   23:44   6.8   0.0   4.4   2.2  15.0   11:27   WSW
17   8.2  12.8   13:34   5.8   21:09  10.1   0.0   0.8   2.5  23.0   13:57   WSW
18   4.1   6.8   14:33   1.6   07:09  14.2   0.0   0.4   1.3  12.0   00:06   WSW
19   3.9   7.7   13:19  -0.4   04:44  14.4   0.0   7.0   0.7  10.0   23:53   WSW
20   6.0   9.2   04:09   4.4   20:06  12.3   0.0  18.0   1.9  17.0   01:33    NE
21   8.1  11.4   12:50   4.7   00:00  10.2   0.0  11.6   2.4  17.0   00:44   ENE
22   8.5  11.2   13:50   3.2   23:26   9.8   0.0   1.8   2.3  20.0   03:59   WSW
23   6.2   8.9   23:52   2.6   01:48  12.1   0.0   0.2   1.2  13.0   19:39   ENE
24   8.9  10.0   10:33   6.7   23:57   9.4   0.0   0.0   3.5  18.0   14:18   ENE
25   6.6  10.4   13:51   3.1   23:45  11.7   0.0   0.0   2.1  19.0   12:48   ENE
26   4.7   7.7   13:44   2.2   06:05  13.6   0.0   0.0   0.4  10.0   21:48   ENE
27   6.3   7.9   11:27   4.8   02:46  12.0   0.0   0.2   0.7  14.0   12:55   ENE
28   5.5   8.4   13:23   1.2   23:47  12.8   0.0   0.0   1.4  13.0   14:44     E
29   0.1   6.4   14:22  -4.4   23:03  18.2   0.0   0.0   0.5  10.0   11:10     E
30  -2.1   7.0   14:52  -6.9   07:35  20.4   0.0   0.2   0.0   3.0   12:34   WSW
----------------------------------------------------------------------------------
     5.9  16.5    15    -6.9    30   372.0   0.0  84.0   1.0  23.0    17      NE

Max >=  27.0:  0
Max <=   0.0:  0
Min <=   0.0: 10
Min <= -18.0:  0
Max Rain: 18.8 on day 9
Days of Rain: 22 (>= 0.2 mm)  8 (>= 2.0 mm)  0 (>= 20.0 mm)
Heat Base: 18.3  Cool Base: 18.3  Method: Integration