NOAA Style Reports for Camberley

camberley weather

Select a Year or Month report
V/Λ2018 > Jan Feb Mar Apr May Jun Jul Aug Sep Oct Nov Dec
V/Λ2017 > Jan Feb Mar Apr May Jun Jul Aug Sep Oct Nov Dec
V/Λ2016 > Jan Feb Mar Apr May Jun Jul Aug Sep Oct Nov Dec
V/Λ2015 > Jan Feb Mar Apr May Jun Jul Aug Sep Oct Nov Dec
V/Λ2014 > Jan Feb Mar Apr May Jun Jul Aug Sep Oct Nov Dec
V/Λ2013 > Jan Feb Mar Apr May Jun Jul Aug Sep Oct Nov Dec
V/Λ2012 > Jan Feb Mar Apr May Jun Jul Aug Sep Oct Nov Dec
V/Λ2011 > Jan Feb Mar Apr May Jun Jul Aug Sep Oct Nov Dec

Report for 2016 Oct
                   Monthly Climatological Summary for Oct 2016

Name: camberley weather   City: Camberley   County: Surrey   Country: UK, England
Elevation: 268 ft  Lat: N 51° 19' 55"   Lon: W 000° 45' 12"

                  Temperature (°C), Rain (mm), Wind Speed (kts)

                                      Heat  Cool        Avg
    Mean                              Deg   Deg         Wind                 Dom
Day Temp  High   Time   Low    Time   Days  Days  Rain  Speed High   Time    Dir
----------------------------------------------------------------------------------
 1  10.1  15.3   14:38   7.1   06:01   8.2   0.0  16.4   0.3  12.0   15:00   WSW
 2  10.4  17.2   16:45   5.7   23:53   7.9   0.0   0.0   0.3   6.0   16:39     N
 3   9.9  18.4   16:31   2.8   06:49   8.4   0.0   0.2   0.4   8.0   10:20     E
 4  13.0  18.7   16:00   7.5   00:30   5.3   0.0   0.0   1.9  15.0   14:09     E
 5  12.5  16.6   13:29   9.6   21:59   5.8   0.0   0.0   2.8  21.0   18:13     E
 6  10.7  15.0   16:27   6.1   04:02   7.6   0.0   0.0   1.3  15.0   11:24     E
 7  11.7  14.8   14:01   9.8   01:38   6.6   0.0   0.0   0.5   8.0   12:35     E
 8  12.2  15.2   15:36  10.7   00:00   6.1   0.0   1.0   0.3  11.0   15:06    NE
 9  10.1  15.3   14:27   6.8   07:29   8.2   0.0   1.2   0.3   8.0   09:39    NE
10   8.0  13.5   16:20   2.9   07:16  10.3   0.0   0.2   0.3   9.0   14:34    NE
11   8.4  15.6   15:11   2.0   07:44   9.9   0.0   0.2   0.4  10.0   15:49     E
12  10.6  14.6   13:00   6.4   00:06   7.7   0.0   2.0   0.8  12.0   14:49     E
13   9.8  12.9   14:52   7.5   06:42   8.5   0.0   2.8   1.3  15.0   16:07     E
14  10.7  13.4   15:14   8.6   06:54   7.6   0.0   0.0   0.8   9.0   11:48     E
15  11.0  17.1   15:18   7.7   03:20   7.3   0.0   2.0   0.4   8.0   15:26     W
16  12.0  17.0   14:57   7.4   01:22   6.3   0.0  17.0   1.1  14.0   14:08   WSW
17  11.8  16.8   15:46   9.2   05:25   6.5   0.0   1.0   1.0  11.0   12:20   WSW
18  10.6  13.9   14:21   7.3   23:56   7.7   0.0   0.2   1.8  13.0   08:40   WSW
19  10.2  13.5   15:29   7.2   00:09   8.1   0.0   0.0   0.4   9.0   12:36     N
20   9.5  14.0   13:08   6.1   02:41   8.8   0.0   0.0   0.4  14.0   12:56    NE
21   8.9  12.6   14:34   5.2   01:53   9.4   0.0   0.0   0.3   7.0   04:47   NNE
22   7.4  12.8   14:29   3.1   04:18  10.9   0.0   0.2   0.2   8.0   13:33   ENE
23   8.4  12.6   14:18   4.6   01:05   9.9   0.0   0.0   1.8  16.0   13:23     E
24  10.4  12.9   14:13   8.8   03:20   7.9   0.0   0.0   1.1  10.0   03:34     E
25  10.8  15.2   16:11   9.1   07:55   7.5   0.0   0.4   0.2   6.0   04:57     E
26  12.0  15.9   15:57   8.6   23:50   6.3   0.0   0.0   0.5  10.0   11:45   WSW
27  10.9  14.1   15:28   7.7   01:16   7.4   0.0   0.2   0.9  10.0   13:41   WSW
28  12.9  16.0   12:53   9.9   23:18   5.4   0.0   0.0   0.9  12.0   01:53   WSW
29  12.3  14.3   13:58   8.2   23:52   6.0   0.0   0.0   0.0   3.0   16:37   ---
30  10.1  11.3   11:31   7.3   01:10   8.6   0.0   0.0   0.2   5.0   08:23     E
31  11.5  18.9   15:07   6.7   23:46   6.8   0.0   0.2   0.0   4.0   00:41     E
----------------------------------------------------------------------------------
    10.6  18.9    31     2.0    11   238.9   0.0  45.2   0.7  21.0     5       E

Max >=  27.0:  0
Max <=   0.0:  0
Min <=   0.0:  0
Min <= -18.0:  0
Max Rain: 17.0 on day 16
Days of Rain: 16 (>= 0.2 mm)  5 (>= 2.0 mm)  0 (>= 20.0 mm)
Heat Base: 18.3  Cool Base: 18.3  Method: Integration