NOAA Style Reports for Camberley

camberley weather

Select a Year or Month report
V/Λ2018 > Jan Feb Mar Apr May Jun Jul Aug Sep Oct Nov Dec
V/Λ2017 > Jan Feb Mar Apr May Jun Jul Aug Sep Oct Nov Dec
V/Λ2016 > Jan Feb Mar Apr May Jun Jul Aug Sep Oct Nov Dec
V/Λ2015 > Jan Feb Mar Apr May Jun Jul Aug Sep Oct Nov Dec
V/Λ2014 > Jan Feb Mar Apr May Jun Jul Aug Sep Oct Nov Dec
V/Λ2013 > Jan Feb Mar Apr May Jun Jul Aug Sep Oct Nov Dec
V/Λ2012 > Jan Feb Mar Apr May Jun Jul Aug Sep Oct Nov Dec
V/Λ2011 > Jan Feb Mar Apr May Jun Jul Aug Sep Oct Nov Dec

Report for 2016 Sep
                   Monthly Climatological Summary for Sep 2016

Name: camberley weather   City: Camberley   County: Surrey   Country: UK, England
Elevation: 268 ft  Lat: N 51° 19' 55"   Lon: W 000° 45' 12"

                  Temperature (°C), Rain (mm), Wind Speed (kts)

                                      Heat  Cool        Avg
    Mean                              Deg   Deg         Wind                 Dom
Day Temp  High   Time   Low    Time   Days  Days  Rain  Speed High   Time    Dir
----------------------------------------------------------------------------------
 1  16.4  23.9   15:59   9.8   05:32   3.2   1.2   0.0   0.7  10.0   12:39   WSW
 2  16.1  19.1   12:24  13.3   05:51   2.3   0.1   0.2   1.2  12.0   10:37   WSW
 3  15.6  19.9   15:18  10.2   05:56   2.8   0.1   3.6   1.8  17.0   15:11   WSW
 4  17.2  19.8   14:42  14.7   06:15   1.3   0.2   0.0   2.2  14.0   04:08   WSW
 5  17.9  23.1   16:29  13.4   06:06   1.8   1.4   2.8   0.3   6.0   15:36   WSW
 6  20.7  23.2   15:28  18.1   23:30   0.0   2.4   0.0   0.4   6.0   13:44   WSW
 7  21.1  28.1   15:34  17.8   04:49   0.1   2.9   0.0   0.3   6.0   13:48     N
 8  18.2  23.2   16:36  14.2   04:24   1.3   1.2   0.0   1.6  16.0   15:47   WSW
 9  18.4  22.4   13:27  14.7   00:00   0.9   1.0   0.0   2.4  16.0   13:28   WSW
10  17.2  18.3   03:49  11.2   23:49   1.1   0.0   4.0   1.7  11.0   03:23   WSW
11  13.6  21.3   15:41   6.4   06:19   5.1   0.5   0.2   0.4  10.0   14:42     W
12  17.6  24.4   14:38  11.2   00:00   2.2   1.5   0.0   0.5  10.0   15:56     W
13  22.2  31.2   17:39  14.1   06:59   1.1   5.0   0.0   0.9  10.0   11:03     E
14  21.8  27.7   17:03  14.8   23:57   0.3   3.7   0.0   1.3  10.0   00:41     E
15  19.7  28.3   14:19  13.2   03:49   1.6   3.0   6.0   0.6  10.0   13:15    SW
16  15.6  18.3   00:00  12.2   23:59   2.7   0.0  17.2   0.8   8.0   17:16   NNE
17  13.1  15.1   15:19  10.8   04:17   5.2   0.0   0.0   1.0  10.0   11:10   NNE
18  15.9  19.2   14:50  13.3   06:11   2.5   0.0   0.0   0.1   6.0   00:08     N
19  14.4  19.1   11:42  11.8   04:38   3.9   0.0   7.0   0.0   3.0   01:04     N
20  14.6  17.1   17:20  12.9   02:15   3.7   0.0   0.0   0.1   4.0   09:48   ENE
21  16.3  21.0   16:02  13.3   07:01   2.4   0.4   0.0   0.3   9.0   14:47    NW
22  15.5  21.1   17:22  11.8   22:23   3.1   0.3   0.2   0.6  10.0   11:08   WSW
23  12.8  19.5   15:03   5.9   06:37   5.6   0.1   0.0   0.5   9.0   15:03   WSW
24  16.6  21.4   12:11   9.0   00:00   2.4   0.7   0.0   1.1  16.0   12:23     W
25  15.6  18.6   13:22   9.7   23:38   2.7   0.0   1.8   1.6  16.0   15:15   WSW
26  12.7  17.4   15:03   8.6   04:08   5.6   0.0   0.2   0.5  11.0   14:48   WSW
27  15.3  19.0   15:10   9.8   00:18   3.1   0.0   0.0   1.1  11.0   11:02   WSW
28  15.9  21.2   16:08  11.4   07:14   2.9   0.4   0.0   1.9  13.0   20:01   WSW
29  15.8  18.6   14:06  11.4   23:57   2.5   0.0   1.0   2.6  14.0   03:31   WSW
30  12.8  18.4   16:07   8.5   23:42   5.5   0.0   3.2   1.2  12.0   11:40   WSW
----------------------------------------------------------------------------------
    16.6  31.2    13     5.9    23    78.9  26.1  47.4   1.0  17.0     3     WSW

Max >=  27.0:  4
Max <=   0.0:  0
Min <=   0.0:  0
Min <= -18.0:  0
Max Rain: 17.2 on day 16
Days of Rain: 13 (>= 0.2 mm)  7 (>= 2.0 mm)  0 (>= 20.0 mm)
Heat Base: 18.3  Cool Base: 18.3  Method: Integration