NOAA style

NOAA Style Reports for Camberley

camberley weather

Select a Year or Month report
V/Λ2018 > Jan Feb Mar Apr May Jun Jul Aug Sep Oct Nov Dec
V/Λ2017 > Jan Feb Mar Apr May Jun Jul Aug Sep Oct Nov Dec
V/Λ2016 > Jan Feb Mar Apr May Jun Jul Aug Sep Oct Nov Dec
V/Λ2015 > Jan Feb Mar Apr May Jun Jul Aug Sep Oct Nov Dec
V/Λ2014 > Jan Feb Mar Apr May Jun Jul Aug Sep Oct Nov Dec
V/Λ2013 > Jan Feb Mar Apr May Jun Jul Aug Sep Oct Nov Dec
V/Λ2012 > Jan Feb Mar Apr May Jun Jul Aug Sep Oct Nov Dec
V/Λ2011 > Jan Feb Mar Apr May Jun Jul Aug Sep Oct Nov Dec

Report for 2016 Aug
                   Monthly Climatological Summary for Aug 2016

Name: camberley weather   City: Camberley   County: Surrey   Country: UK, England
Elevation: 268 ft  Lat: N 51° 19' 55"   Lon: W 000° 45' 12"

                  Temperature (°C), Rain (mm), Wind Speed (kts)

                                      Heat  Cool        Avg
    Mean                              Deg   Deg         Wind                 Dom
Day Temp  High   Time   Low    Time   Days  Days  Rain  Speed High   Time    Dir
----------------------------------------------------------------------------------
 1  14.2  18.2   14:26   9.5   05:22   4.1   0.0  10.4   0.8  10.0   16:53   WSW
 2  17.9  21.3   14:43  13.9   00:00   1.1   0.7   7.4   1.8  13.0   15:58   WSW
 3  19.3  23.3   14:34  15.8   23:41   0.3   1.3   0.0   3.0  16.0   16:27   WSW
 4  17.5  21.9   17:01  14.1   23:55   1.5   0.7   0.0   2.4  15.0   16:47   WSW
 5  17.5  23.6   14:38  10.6   05:31   2.4   1.6   0.0   0.9  10.0   15:01   WSW
 6  18.3  26.0   16:06  10.3   05:58   2.2   2.2   0.0   1.1  11.0   19:01   WSW
 7  20.1  25.2   15:53  15.4   23:59   0.5   2.2   0.0   2.5  17.0   13:56   WSW
 8  16.9  21.1   16:19  12.6   23:58   1.8   0.5   0.0   1.6  11.0   16:02     W
 9  14.6  20.3   17:29   7.6   05:50   4.0   0.3   0.0   0.8   9.0   12:34     N
10  14.7  20.2   16:15   8.5   04:49   3.7   0.1   0.0   0.5   7.0   09:26   NNW
11  17.7  22.8   14:23  13.7   05:27   1.7   1.1   0.0   1.5  14.0   17:25     W
12  18.6  26.7   16:15  12.6   05:18   1.9   2.3   0.0   1.5  14.0   15:22   WSW
13  18.5  24.7   16:19  13.3   05:32   1.4   1.7   0.0   1.5  11.0   12:06   WSW
14  18.0  24.0   18:57  14.5   06:14   1.5   1.2   0.0   0.5   9.0   11:31   ENE
15  17.1  24.4   15:54   9.1   06:09   2.7   1.5   0.0   1.3  11.0   13:57     E
16  17.5  25.2   16:10   9.8   05:54   2.5   1.7   0.0   1.3   9.0   11:58     E
17  19.1  27.8   17:10  11.2   04:49   2.0   2.8   0.0   1.0  10.0   12:29     E
18  19.7  25.3   15:47  15.1   06:44   0.8   2.2   0.0   0.4   7.0   13:48     E
19  17.1  19.7   18:44  15.7   22:07   1.3   0.0   2.2   1.0  13.0   23:12   WSW
20  16.3  19.8   12:45  14.0   05:21   2.1   0.1   2.8   3.3  19.0   13:18   WSW
21  16.6  21.5   15:58  14.4   06:47   1.9   0.3   1.8   2.7  17.0   15:59   WSW
22  18.8  24.1   14:33  15.2   23:59   1.0   1.5   0.2   1.8  12.0   11:25   WSW
23  21.1  29.8   15:47  12.2   05:30   1.6   4.4   0.0   0.8  12.0   15:53    NW
24  23.0  32.0   16:26  15.8   05:41   0.5   5.2   0.6   0.5  10.0   23:18    NE
25  22.5  27.2   17:31  18.7   06:44   0.0   4.2   0.2   0.4   8.0   00:06   ENE
26  20.4  27.1   17:23  14.5   23:56   0.4   2.6   0.4   0.4   7.0   12:34   WNW
27  19.5  25.3   16:55  12.9   04:57   1.4   2.7   0.0   1.0  14.0   14:08     E
28  18.0  20.6   14:57  15.3   23:57   0.7   0.4   1.4   1.5  15.0   15:04   WSW
29  18.2  25.2   18:16  12.8   23:42   1.7   1.6   0.0   0.3   8.0   16:18     N
30  18.3  27.0   16:12   9.9   05:33   2.6   2.7   0.0   0.5  10.0   12:40   WSW
31  16.8  22.9   15:00  10.6   05:52   2.7   1.1   0.0   1.1  11.0   15:30   WSW
----------------------------------------------------------------------------------
    18.2  32.0    24     7.6     9    54.0  50.9  27.4   1.3  19.0    20     WSW

Max >=  27.0:  6
Max <=   0.0:  0
Min <=   0.0:  0
Min <= -18.0:  0
Max Rain: 10.4 on day 1
Days of Rain: 10 (>= 0.2 mm)  4 (>= 2.0 mm)  0 (>= 20.0 mm)
Heat Base: 18.3  Cool Base: 18.3  Method: Integration