NOAA Style Reports for Camberley

camberley weather

Select a Year or Month report

Report for 2016 Jul
                   Monthly Climatological Summary for Jul 2016

Name: camberley weather   City: Camberley   County: Surrey   Country: UK, England
Elevation: 268 ft  Lat: N 51° 19' 55"   Lon: W 000° 45' 12"

                  Temperature (°C), Rain (mm), Wind Speed (kts)

                                      Heat  Cool        Avg
    Mean                              Deg   Deg         Wind                 Dom
Day Temp  High   Time   Low    Time   Days  Days  Rain  Speed High   Time    Dir
----------------------------------------------------------------------------------
 1  14.9  19.1   15:02  10.4   23:46   3.4   0.0   3.8   2.3  15.0   01:26   WSW
 2  14.1  20.3   18:07   9.7   03:42   4.3   0.1   3.0   2.3  14.0   19:13   WSW
 3  15.5  22.8   17:33   9.0   05:21   3.4   0.6   0.0   0.8  10.0   11:55   WSW
 4  15.4  20.6   13:51   8.4   05:19   3.1   0.2   0.0   1.5  14.0   16:42   WSW
 5  17.2  22.5   16:41  13.8   23:57   1.8   0.7   0.0   1.4  14.0   07:02   WNW
 6  15.9  22.8   16:41   8.7   04:25   3.2   0.8   0.0   0.5   7.0   20:47     W
 7  17.6  22.4   15:38  12.9   04:14   1.8   1.1   0.2   1.1  11.0   11:40   WSW
 8  18.2  23.3   14:33  14.3   02:12   1.4   1.2   0.0   1.8  13.0   12:54   WSW
 9  18.2  21.7   11:50  13.3   03:30   1.3   1.1   0.0   2.1  16.0   18:50   WSW
10  18.0  22.1   16:00  15.5   23:06   1.0   0.7   1.0   2.7  19.0   13:00   WSW
11  16.7  21.1   13:04  14.0   23:57   1.7   0.1   4.4   2.4  15.0   08:45   WSW
12  14.5  18.1   15:06  10.9   05:31   3.8   0.0   4.0   0.9  12.0   11:13     W
13  14.1  18.7   15:52  10.8   23:54   4.2   0.0   0.2   0.6  11.0   16:04     N
14  15.4  22.8   16:49   9.2   05:32   3.5   0.6   0.0   0.6   9.0   15:52     N
15  15.2  18.3   11:17   9.1   05:34   3.1   0.0   0.0   1.3  10.0   22:31   WSW
16  20.4  26.4   14:50  16.4   04:54   0.6   2.7   0.0   1.6  10.0   10:59   WSW
17  21.3  26.5   17:41  17.3   23:52   0.2   3.1   0.0   1.2  12.0   15:29   WSW
18  21.9  31.5   17:06  13.9   04:39   1.1   4.7   0.0   0.3   5.0   10:43     W
19  25.3  33.6   15:36  15.3   03:15   0.5   7.5   0.0   1.2  12.0   12:00    NE
20  23.9  30.0   16:54  16.1   23:59   0.1   5.6   0.0   1.8  14.0   08:51   WSW
21  18.8  24.6   14:32  12.8   04:26   1.6   2.0   0.0   0.4   6.0   21:03     W
22  20.2  25.2   16:50  16.3   04:27   0.6   2.5   0.0   0.1   5.0   11:13     E
23  21.0  28.3   16:06  13.6   05:09   1.0   3.7   0.0   0.8  10.0   18:10   WSW
24  18.5  23.2   13:15  13.1   05:07   1.2   1.4   0.0   1.4  11.0   15:12   WSW
25  18.4  23.4   15:10  12.6   05:29   1.4   1.5   0.0   1.5  12.0   13:08   WSW
26  17.7  23.3   14:39  11.8   05:31   1.9   1.3   0.0   1.1  10.0   17:53   WSW
27  19.2  25.0   17:00  16.4   01:55   0.7   1.6   1.4   1.6  12.0   07:40   WSW
28  17.6  21.3   13:01  12.6   05:48   1.3   0.6   0.0   1.0  10.0   11:55   WSW
29  18.3  22.0   14:18  15.7   03:10   1.0   1.0   0.0   1.2  11.0   11:39   WSW
30  17.4  22.8   17:02  13.9   23:24   1.7   0.8   0.0   0.2   7.0   17:15    NW
31  17.3  22.8   17:16  10.7   05:40   2.2   1.2   0.0   0.5   9.0   16:14   WNW
----------------------------------------------------------------------------------
    18.0  33.6    19     8.4     4    58.1  48.4  18.0   1.2  19.0    10     WSW

Max >=  27.0:  4
Max <=   0.0:  0
Min <=   0.0:  0
Min <= -18.0:  0
Max Rain: 4.4 on day 11
Days of Rain: 8 (>= 0.2 mm)  4 (>= 2.0 mm)  0 (>= 20.0 mm)
Heat Base: 18.3  Cool Base: 18.3  Method: Integration