NOAA Style Reports for Camberley

camberley weather

Select a Year or Month report

Report for 2016 Jun
                   Monthly Climatological Summary for Jun 2016

Name: camberley weather   City: Camberley   County: Surrey   Country: UK, England
Elevation: 268 ft  Lat: N 51° 19' 55"   Lon: W 000° 45' 12"

                  Temperature (°C), Rain (mm), Wind Speed (kts)

                                      Heat  Cool        Avg
    Mean                              Deg   Deg         Wind                 Dom
Day Temp  High   Time   Low    Time   Days  Days  Rain  Speed High   Time    Dir
----------------------------------------------------------------------------------
 1  11.9  13.1   16:58  11.0   23:51   6.4   0.0   0.4   1.7  14.0   18:58    NE
 2  11.0  13.9   15:29   9.5   05:39   7.3   0.0   0.0   2.1  13.0   10:46    NE
 3  10.9  14.6   17:20   8.4   04:47   7.4   0.0   0.0   0.8  10.0   03:29    NE
 4  15.1  19.3   15:26  11.4   02:14   3.3   0.1   0.0   0.1   6.0   13:06    NE
 5  17.9  24.6   17:04  11.4   06:01   2.1   1.7   0.0   0.9  10.0   09:34     E
 6  18.7  25.8   16:21  11.6   05:25   2.0   2.3   0.0   1.3  11.0   16:04     E
 7  19.1  26.2   17:13  10.9   04:25   1.8   2.5   0.0   0.2   7.0   16:13   NNW
 8  19.0  25.8   15:49  15.2   23:58   0.8   1.5   3.0   0.2  11.0   16:42   ENE
 9  17.9  25.3   16:43  12.1   05:25   2.1   1.7   0.0   0.7   7.0   09:05     E
10  18.3  24.2   13:28  13.1   05:22   1.6   1.5   0.0   0.3   7.0   12:57   ESE
11  18.3  22.1   15:43  14.6   05:24   1.1   1.1   0.0   0.3   8.0   18:15     W
12  16.5  20.9   16:57  13.1   05:06   2.2   0.4   2.6   1.0  10.0   02:59   WSW
13  15.5  18.2   16:19  13.2   03:11   2.8   0.0   3.4   0.8   9.0   10:38   WSW
14  15.1  18.7   18:17  13.1   03:54   3.2   0.0   2.2   1.8  15.0   13:29   WSW
15  14.8  19.0   15:31  10.7   05:11   3.5   0.0   1.0   1.5  12.0   15:05   WSW
16  14.5  18.0   16:11  12.1   02:32   3.8   0.0   6.6   0.1   5.0   06:55   ESE
17  15.1  20.9   15:42  12.2   02:45   3.4   0.2   0.4   0.6  10.0   19:00    NE
18  14.0  17.7   15:08  10.9   04:22   4.3   0.0   0.2   0.3   6.0   14:46   NNE
19  15.0  19.2   14:01   9.8   04:33   3.3   0.0   2.2   1.5  11.0   16:09   WSW
20  16.9  21.6   15:12  14.4   05:40   2.1   0.6   8.2   2.1  12.0   02:18   WSW
21  16.9  20.6   16:49  13.8   01:58   1.8   0.4   0.0   1.2  10.0   12:10   WSW
22  17.8  22.2   18:13  14.2   03:42   1.5   1.0   0.6   0.8  10.0   13:41   WSW
23  18.3  20.9   13:14  13.4   23:54   0.6   0.6  32.8   0.1   5.0   22:00   WSW
24  15.8  21.1   14:57  10.4   03:40   2.9   0.4   0.2   1.4  16.0   16:08   WSW
25  14.7  19.4   18:22   9.4   05:03   3.6   0.0   0.8   0.7  10.0   14:34     W
26  15.0  19.9   13:46  11.1   01:03   3.4   0.1   0.4   1.2  12.0   14:16   WSW
27  17.4  21.7   16:47  14.0   23:52   1.5   0.7   0.4   1.1  10.0   15:30   WNW
28  14.5  21.2   14:23   8.6   05:29   4.0   0.2   2.2   1.3  16.0   22:35   WSW
29  13.5  15.4   09:14  10.4   03:33   4.8   0.0   2.2   2.5  15.0   00:43   WSW
30  16.0  20.0   16:49  12.8   05:08   2.4   0.1   3.6   1.8  14.0   18:10   WSW
----------------------------------------------------------------------------------
    15.8  26.2     7     8.4     3    91.0  17.1  73.4   1.0  16.0    24       W

Max >=  27.0:  0
Max <=   0.0:  0
Min <=   0.0:  0
Min <= -18.0:  0
Max Rain: 32.8 on day 23
Days of Rain: 20 (>= 0.2 mm)  11 (>= 2.0 mm)  1 (>= 20.0 mm)
Heat Base: 18.3  Cool Base: 18.3  Method: Integration