NOAA Style Reports for Camberley

camberley weather

Select a Year or Month report

Report for 2016 May
                   Monthly Climatological Summary for May 2016

Name: camberley weather   City: Camberley   County: Surrey   Country: UK, England
Elevation: 268 ft  Lat: N 51° 19' 55"   Lon: W 000° 45' 12"

                  Temperature (°C), Rain (mm), Wind Speed (kts)

                                      Heat  Cool        Avg
    Mean                              Deg   Deg         Wind                 Dom
Day Temp  High   Time   Low    Time   Days  Days  Rain  Speed High   Time    Dir
----------------------------------------------------------------------------------
 1   8.6  15.8   15:23  -0.7   05:22   9.7   0.0   0.0   1.7  14.0   12:49   WSW
 2  11.5  16.3   14:27   7.0   23:58   6.8   0.0   0.4   2.6  17.0   13:51   WSW
 3   9.5  15.4   15:57   3.3   05:56   8.8   0.0   0.0   0.8  10.0   11:43   WNW
 4  10.8  18.6   15:53   1.6   05:04   7.5   0.0   0.0   0.8  10.0   10:55     W
 5  13.3  21.6   16:22   2.4   05:05   5.6   0.6   0.0   1.1  12.0   11:10    NE
 6  16.2  24.0   15:05   8.1   05:37   3.5   1.4   0.0   0.7  11.0   13:16   ENE
 7  18.1  25.4   13:25  11.6   05:13   2.0   1.8   0.0   0.6  12.0   17:46     N
 8  20.1  27.1   16:19  12.2   03:28   1.5   3.3   0.0   1.3  14.0   12:59   ENE
 9  18.3  25.2   13:36  14.3   05:04   1.3   1.3   1.0   1.7  14.0   12:10     E
10  15.7  18.5   18:31  14.3   04:15   2.6   0.0   4.4   0.8   9.0   19:42     E
11  16.0  19.5   16:03  14.3   05:00   2.4   0.0  31.0   0.3  10.0   21:15     E
12  17.2  23.9   16:32  11.6   07:21   2.4   1.4   0.6   1.5  13.0   16:54   ENE
13  12.8  17.9   15:23   8.6   23:57   5.5   0.0   0.0   2.0  17.0   21:08    NE
14   9.7  14.8   15:44   5.7   23:40   8.6   0.0   0.0   1.1  11.0   02:00    NE
15  10.9  17.6   16:38   2.8   05:49   7.5   0.0   0.0   0.7  10.0   12:28   WNW
16  13.0  18.9   18:56   5.7   05:26   5.3   0.0   0.0   0.7  10.0   12:19    NW
17  12.4  18.6   14:25   6.6   05:11   5.9   0.0   0.0   1.3  12.0   16:27   WSW
18  11.4  13.8   14:08   9.2   23:49   6.9   0.0   7.2   1.2  10.0   04:43   WSW
19  12.9  18.4   15:39   8.8   01:30   5.4   0.0   0.0   1.4  13.0   16:31   WSW
20  14.6  18.7   15:00  12.5   04:58   3.7   0.0   0.0   2.2  13.0   18:12   WSW
21  13.9  17.4   13:23  11.9   01:27   4.4   0.0   1.6   2.4  19.0   12:39   WSW
22  13.3  18.2   12:38  10.1   05:35   5.0   0.0   0.0   0.3   6.0   14:20     W
23  13.3  20.4   15:44   6.4   04:36   5.2   0.2   0.0   0.9   9.0   11:19   NNE
24  12.3  17.3   13:14   6.6   05:44   6.0   0.0   0.0   1.6  15.0   13:26   ENE
25   9.8  12.3   12:24   6.1   01:36   8.5   0.0   0.0   0.4  10.0   04:32    NE
26  13.5  22.8   15:53   2.9   05:02   5.3   0.5   0.0   0.3   7.0   12:28     E
27  15.9  22.2   16:31  10.6   05:01   3.2   0.8   0.0   1.4  11.0   12:27     E
28  15.4  21.2   16:09  10.1   04:54   3.3   0.5   0.0   1.3  11.0   13:39     E
29  13.7  19.4   16:37   8.4   06:04   4.7   0.1   0.0   1.2  10.0   12:19    NE
30  13.7  17.1   17:03  11.1   05:47   4.6   0.0   0.0   1.7  12.0   21:48   NNE
31  11.4  13.3   00:00  10.8   11:01   6.9   0.0  15.0   2.0  15.0   06:54   NNE
----------------------------------------------------------------------------------
    13.5  27.1     8    -0.7     1   160.0  11.9  61.2   1.2  19.0    21     NNE

Max >=  27.0:  1
Max <=   0.0:  0
Min <=   0.0:  1
Min <= -18.0:  0
Max Rain: 31.0 on day 11
Days of Rain: 8 (>= 0.2 mm)  4 (>= 2.0 mm)  1 (>= 20.0 mm)
Heat Base: 18.3  Cool Base: 18.3  Method: Integration