NOAA Style Reports for Camberley

camberley weather

Select a Year or Month report
V/Λ2018 > Jan Feb Mar Apr May Jun Jul Aug Sep Oct Nov Dec
V/Λ2017 > Jan Feb Mar Apr May Jun Jul Aug Sep Oct Nov Dec
V/Λ2016 > Jan Feb Mar Apr May Jun Jul Aug Sep Oct Nov Dec
V/Λ2015 > Jan Feb Mar Apr May Jun Jul Aug Sep Oct Nov Dec
V/Λ2014 > Jan Feb Mar Apr May Jun Jul Aug Sep Oct Nov Dec
V/Λ2013 > Jan Feb Mar Apr May Jun Jul Aug Sep Oct Nov Dec
V/Λ2012 > Jan Feb Mar Apr May Jun Jul Aug Sep Oct Nov Dec
V/Λ2011 > Jan Feb Mar Apr May Jun Jul Aug Sep Oct Nov Dec

Report for 2016 Apr
                   Monthly Climatological Summary for Apr 2016

Name: camberley weather   City: Camberley   County: Surrey   Country: UK, England
Elevation: 268 ft  Lat: N 51° 19' 55"   Lon: W 000° 45' 12"

                  Temperature (°C), Rain (mm), Wind Speed (kts)

                                      Heat  Cool        Avg
    Mean                              Deg   Deg         Wind                 Dom
Day Temp  High   Time   Low    Time   Days  Days  Rain  Speed High   Time    Dir
----------------------------------------------------------------------------------
 1   6.7  12.7   13:16  -0.6   04:44  11.6   0.0   0.0   1.3  15.0   15:32   WSW
 2   9.7  14.5   14:37   6.7   21:11   8.6   0.0   2.0   1.0  11.0   10:22     W
 3  10.3  14.7   17:39   6.7   04:53   8.0   0.0   1.6   0.5   9.0   12:03   NNW
 4   9.7  12.5   15:24   7.8   07:11   8.6   0.0   1.6   0.9  11.0   18:25     W
 5   9.7  15.2   17:54   4.6   06:50   8.6   0.0   0.0   0.8  12.0   14:34     W
 6   8.0  12.2   14:56   4.4   02:18  10.3   0.0   1.0   3.0  23.0   16:16   WSW
 7   6.4  10.3   16:03   3.9   04:20  11.9   0.0   6.8   1.8  14.0   11:40   WSW
 8   7.6  12.4   15:48   2.4   06:08  10.7   0.0   0.4   0.5   8.0   16:26   WSW
 9   7.1  11.0   12:55   1.9   23:10  11.2   0.0   1.4   1.4  15.0   17:53   WSW
10   7.3  13.4   14:15  -0.4   04:03  11.0   0.0   2.2   2.3  17.0   12:48     E
11  10.1  13.5   12:45   7.6   00:00   8.2   0.0   5.6   0.9  10.0   00:10     E
12  10.9  17.3   14:41   5.7   06:24   7.4   0.0   0.0   0.9  14.0   14:47   WSW
13  10.1  18.4   15:22   1.6   05:39   8.2   0.0   0.0   0.3   9.0   18:24     W
14  11.2  17.5   14:40   5.2   05:34   7.1   0.0   0.2   0.6  10.0   12:39   WNW
15   9.5  12.6   10:31   7.4   23:58   8.8   0.0   9.6   0.4   8.0   14:44   WSW
16   5.4   9.6   17:57   2.2   22:54  12.9   0.0   1.6   0.6  10.0   14:07   NNE
17   5.2  12.6   16:59  -2.2   05:24  13.1   0.0   0.0   0.4   8.0   12:07     N
18   7.1  11.8   15:32   0.2   04:36  11.2   0.0   0.0   1.4  12.0   12:07   WSW
19  11.0  16.2   16:37   7.3   23:54   7.3   0.0   0.0   0.8  11.0   23:23   ENE
20   9.3  15.2   16:16   4.0   06:09   9.0   0.0   0.0   2.7  16.0   13:19     E
21  10.5  16.8   15:25   5.4   03:32   7.7   0.0   0.0   2.7  17.0   11:22     E
22   8.6  11.6   14:08   5.1   23:36   9.7   0.0   3.6   2.2  12.0   00:23     E
23   6.4  11.2   16:25   2.2   06:05  11.9   0.0   0.2   0.9  11.0   12:13    NE
24   6.1   9.7   14:05   2.9   07:47  11.4   0.0   0.6   0.7  13.0   09:43   NNE
25   7.4  13.1   16:28   3.4   23:54  10.9   0.0   0.4   1.3  12.0   15:14    NW
26   5.1  10.4   16:01   0.3   05:52  13.2   0.0   0.2   1.4  14.0   17:25   NNE
27   5.5  12.0   16:24  -0.5   05:15  12.8   0.0   0.0   0.8  10.0   14:50    NW
28   6.0  11.7   13:19  -2.3   06:03  12.3   0.0   1.0   1.9  18.0   18:52   WSW
29   7.3  12.1   17:15   2.2   23:56  11.0   0.0   0.0   2.6  26.0   12:32   WSW
30   6.5  14.3   15:29  -1.2   05:25  11.8   0.0   0.2   0.8  21.0   13:40    NW
----------------------------------------------------------------------------------
     8.1  18.4    13    -2.3    28   306.4   0.0  40.2   1.3  26.0    29     WNW

Max >=  27.0:  0
Max <=   0.0:  0
Min <=   0.0:  6
Min <= -18.0:  0
Max Rain: 9.6 on day 15
Days of Rain: 19 (>= 0.2 mm)  6 (>= 2.0 mm)  0 (>= 20.0 mm)
Heat Base: 18.3  Cool Base: 18.3  Method: Integration