NOAA Style Reports for Camberley

camberley weather

Select a Year or Month report
V/Λ2018 > Jan Feb Mar Apr May Jun Jul Aug Sep Oct Nov Dec
V/Λ2017 > Jan Feb Mar Apr May Jun Jul Aug Sep Oct Nov Dec
V/Λ2016 > Jan Feb Mar Apr May Jun Jul Aug Sep Oct Nov Dec
V/Λ2015 > Jan Feb Mar Apr May Jun Jul Aug Sep Oct Nov Dec
V/Λ2014 > Jan Feb Mar Apr May Jun Jul Aug Sep Oct Nov Dec
V/Λ2013 > Jan Feb Mar Apr May Jun Jul Aug Sep Oct Nov Dec
V/Λ2012 > Jan Feb Mar Apr May Jun Jul Aug Sep Oct Nov Dec
V/Λ2011 > Jan Feb Mar Apr May Jun Jul Aug Sep Oct Nov Dec

Report for 2016 Mar
                   Monthly Climatological Summary for Mar 2016

Name: camberley weather   City: Camberley   County: Surrey   Country: UK, England
Elevation: 268 ft  Lat: N 51° 19' 55"   Lon: W 000° 45' 12"

                  Temperature (°C), Rain (mm), Wind Speed (kts)

                                      Heat  Cool        Avg
    Mean                              Deg   Deg         Wind                 Dom
Day Temp  High   Time   Low    Time   Days  Days  Rain  Speed High   Time    Dir
----------------------------------------------------------------------------------
 1   8.5  12.5   15:42   3.9   01:05   9.8   0.0   2.6   3.2  17.0   15:19   WSW
 2   4.8   7.6   00:00   2.5   06:55  13.5   0.0   6.6   3.1  21.0   11:42     W
 3   6.1   8.7   14:16   2.3   07:10  12.2   0.0   0.6   1.9  16.0   04:14    NW
 4   3.7   7.4   14:22  -1.3   23:51  14.6   0.0   1.2   1.3  11.0   02:09   WSW
 5   1.2   6.1   12:44  -3.2   02:51  17.1   0.0   1.8   0.6  11.0   16:46   NNE
 6   2.4   6.8   12:26  -1.6   05:19  15.9   0.0   0.2   0.3   7.0   11:03   WNW
 7   2.3   7.6   14:51  -3.2   23:49  16.0   0.0   0.0   0.8  11.0   15:15   NNE
 8   2.9   8.2   13:24  -4.3   04:03  15.3   0.0   0.6   1.3  11.0   14:04   WSW
 9   6.7   9.9   13:25   4.8   23:47  11.6   0.0  15.6   2.0  15.0   14:39     N
10   5.3   7.7   15:19   2.2   23:57  13.0   0.0   0.6   0.4   5.0   01:35   NNE
11   3.7  11.1   16:16  -0.7   04:53  14.6   0.0   0.2   0.2   6.0   12:01     E
12   4.6  10.9   16:13   0.2   04:40  13.7   0.0   0.0   0.0   3.0   05:33    SW
13   5.0  11.2   14:56   0.1   02:16  13.3   0.0   0.0   1.6  15.0   16:40     E
14   6.0  11.1   15:45   2.6   00:00  12.3   0.0   0.0   2.9  18.0   14:30     E
15   5.2   8.7   13:03   0.3   06:24  13.1   0.0   0.0   1.2  12.0   12:56   ENE
16   6.9   9.3   15:27   4.6   23:56  11.4   0.0   0.0   2.6  17.0   08:40     E
17   5.8  11.8   15:01   0.9   05:42  12.5   0.0   0.0   1.2  14.0   11:02     E
18   3.9   7.1   15:59  -1.4   02:41  14.4   0.0   0.0   0.9  12.0   23:47   ENE
19   6.2   8.5   14:22   4.9   06:32  12.1   0.0   0.0   1.6  13.0   09:11   ENE
20   6.2  10.1   17:34   4.2   06:17  12.1   0.0   0.2   0.8  10.0   11:32   ENE
21   7.5  12.1   14:19   1.9   23:55  10.8   0.0   0.0   0.5   8.0   15:32    NW
22   5.6  13.4   14:19  -1.9   05:40  12.7   0.0   0.0   0.2   5.0   13:22   NNW
23   7.0  10.8   16:23   2.7   04:05  11.3   0.0   0.0   0.2   6.0   22:30    NW
24   7.4  11.3   12:17   3.7   04:20  10.9   0.0   6.4   1.7  13.0   16:17   WSW
25   9.6  15.4   15:32   5.6   23:46   8.7   0.0   3.2   0.9   8.0   18:58   WNW
26   8.9  13.0   16:10   5.7   00:00   9.4   0.0   3.4   2.9  22.0   16:15   WSW
27   7.3  10.6   16:32   4.9   05:23  10.5   0.0   9.4   3.2  21.0   13:14   WSW
28   7.5  11.9   15:20   3.6   07:33  10.8   0.0  13.6   5.3  35.0   06:39     W
29   7.0  11.9   13:52   4.5   00:00  11.3   0.0   4.2   2.8  16.0   10:34   WSW
30   7.7  12.6   18:11   4.1   06:48  10.6   0.0   0.2   1.6  14.0   15:19   WSW
31   6.7  12.4   16:22   2.1   07:11  11.6   0.0   0.0   0.5  10.0   12:29   NNE
----------------------------------------------------------------------------------
     5.8  15.4    25    -4.3     8   387.1   0.0  70.6   1.5  35.0    28       W

Max >=  27.0:  0
Max <=   0.0:  0
Min <=   0.0:  8
Min <= -18.0:  0
Max Rain: 15.6 on day 9
Days of Rain: 18 (>= 0.2 mm)  9 (>= 2.0 mm)  0 (>= 20.0 mm)
Heat Base: 18.3  Cool Base: 18.3  Method: Integration