NOAA Style Reports for Camberley

camberley weather

Select a Year or Month report
V/Λ2018 > Jan Feb Mar Apr May Jun Jul Aug Sep Oct Nov Dec
V/Λ2017 > Jan Feb Mar Apr May Jun Jul Aug Sep Oct Nov Dec
V/Λ2016 > Jan Feb Mar Apr May Jun Jul Aug Sep Oct Nov Dec
V/Λ2015 > Jan Feb Mar Apr May Jun Jul Aug Sep Oct Nov Dec
V/Λ2014 > Jan Feb Mar Apr May Jun Jul Aug Sep Oct Nov Dec
V/Λ2013 > Jan Feb Mar Apr May Jun Jul Aug Sep Oct Nov Dec
V/Λ2012 > Jan Feb Mar Apr May Jun Jul Aug Sep Oct Nov Dec
V/Λ2011 > Jan Feb Mar Apr May Jun Jul Aug Sep Oct Nov Dec

Report for 2016 Feb
                   Monthly Climatological Summary for Feb 2016

Name: camberley weather   City: Camberley   County: Surrey   Country: UK, England
Elevation: 268 ft  Lat: N 51° 19' 55"   Lon: W 000° 45' 12"

                  Temperature (°C), Rain (mm), Wind Speed (kts)

                                      Heat  Cool        Avg
    Mean                              Deg   Deg         Wind                 Dom
Day Temp  High   Time   Low    Time   Days  Days  Rain  Speed High   Time    Dir
----------------------------------------------------------------------------------
 1  11.4  13.5   15:21   8.9   23:28   6.9   0.0   0.0   4.8  21.0   20:55   WSW
 2   7.3   9.4   14:01   3.4   23:56  11.0   0.0   0.6   3.4  20.0   12:19   WSW
 3   4.8   9.6   15:42   1.6   04:53  13.5   0.0   0.0   1.5  16.0   13:53     W
 4   9.4  13.0   13:15   3.2   00:06   8.9   0.0   0.0   2.2  17.0   05:28   WSW
 5   9.7  10.4   00:00   9.0   06:55   8.6   0.0   0.6   3.0  18.0   19:34   WSW
 6   9.5  11.6   14:41   5.1   23:44   8.8   0.0   9.8   4.8  26.0   16:11   WSW
 7   6.8   9.4   21:48   4.2   06:25  11.5   0.0  14.0   3.8  23.0   23:07   WSW
 8   7.2   8.9   11:42   5.1   23:48  11.1   0.0   1.2   6.6  30.0   09:30   WSW
 9   4.9   7.6   14:17   3.6   05:46  13.4   0.0   0.0   2.1  17.0   02:49   WSW
10   4.4   7.6   14:42  -1.2   23:13  13.9   0.0   0.2   1.3  12.0   02:16     W
11   1.5   8.7   14:31  -3.3   07:06  16.8   0.0   0.2   0.3   7.0   12:58   WSW
12   3.7   6.6   12:20   1.2   00:06  14.6   0.0   1.6   1.5  12.0   11:41     E
13   2.9   3.9   15:13   1.9   05:01  15.4   0.0   7.6   1.9  17.0   10:09     E
14   2.6   6.4   13:34   0.1   23:40  15.7   0.0   1.0   1.1  15.0   13:18    NE
15   1.7   5.7   15:51  -1.4   23:49  16.6   0.0   0.0   1.0  13.0   11:44   NNE
16   1.4   7.5   14:43  -4.3   07:05  16.9   0.0   0.0   0.6  10.0   13:54   WSW
17   3.9   5.8   10:30   2.0   02:53  14.4   0.0   8.8   0.8  10.0   10:34   WSW
18   3.2   7.9   15:54  -1.6   23:56  15.1   0.0   0.2   0.3   7.0   11:57     N
19   4.2   9.7   13:55  -2.2   05:24  14.0   0.0   1.0   1.8  17.0   13:24   WSW
20  10.2  11.7   22:44   8.6   06:53   8.1   0.0   1.4   4.4  22.0   15:50   WSW
21  12.0  14.2   14:07  10.8   04:09   6.3   0.0   0.0   4.5  20.0   12:01   WSW
22   7.5  11.3   00:00   1.4   23:50  10.8   0.0   3.2   1.1  17.0   01:46     W
23   3.7   8.7   13:56  -1.6   23:43  14.6   0.0   0.0   0.2   9.0   13:56   NNE
24   0.7   7.7   13:47  -4.2   06:09  17.5   0.0   0.2   0.2   6.0   11:37   ENE
25   0.4   6.2   14:26  -4.7   04:11  17.9   0.0   0.0   0.2   5.0   12:38     N
26   3.9   8.7   13:11   0.5   00:00  14.4   0.0   0.0   0.9  10.0   15:35   ENE
27   3.8   5.7   14:34   1.4   07:05  14.5   0.0   0.0   2.1  19.0   14:55     E
28   4.1   7.5   14:39   1.8   04:29  14.2   0.0   0.0   2.1  17.0   13:50   ENE
29   4.0   9.6   14:35  -2.5   06:40  14.3   0.0   0.0   0.4   7.0   21:53    SW
----------------------------------------------------------------------------------
     5.2  14.2    21    -4.7    25   379.7   0.0  51.6   2.0  30.0     8     WSW

Max >=  27.0:  0
Max <=   0.0:  0
Min <=   0.0: 10
Min <= -18.0:  0
Max Rain: 14.0 on day 7
Days of Rain: 16 (>= 0.2 mm)  5 (>= 2.0 mm)  0 (>= 20.0 mm)
Heat Base: 18.3  Cool Base: 18.3  Method: Integration